(67,1005,35,'course','Songwriting Basics: Crafting Melodies','songwriting-basics-crafting-melodies','Songwriting Basics: Crafting Melodies',NULL,3000,NULL,'/uploads/store/files/1001/my course images/gradient-business-youtube-thumbnail-design-template_23-2149384500_25_11zon.jpg','youtube','https://www.youtube.com/watch?v=MHhIzIgFgJo','<p>Laravel 10: Build Realtime Messaging App From Scratch (2024)</p>\r\n<p>Are you ready to take your Laravel skills to the next level? In this course, you will build a complete <strong>Realtime Messaging System</strong> project from scratch using Laravel 10 and Pusher. This project-based course is designed to help you become a professional Laravel developer and give you a competitive edge in the job market.</p>\r\n<p><strong>Why Learn Laravel 10?</strong></p>\r\n<p>Laravel 10 is the latest version of the popular PHP framework and comes packed with new features and improvements, making it faster and more efficient than ever before. It\'s easy to learn and has a huge community, making it the perfect choice for building robust and scalable web applications.</p>\r\n<p><strong>What Will You Learn?</strong></p>\r\n<p>In this course, you will learn how to build a feature-rich <strong>Realtime Messaging</strong> platform with advanced functionalities such as:</p>\r\n<ul>\r\n<li>User to User Live Chat</li>\r\n<li>Pusher Implementation</li>\r\n<li>Server Side Event Broadcasting</li>\r\n<li>Laravel Echo Implementation</li>\r\n<li>Working with Private Cannels</li>\r\n<li>Working with Presence Channels</li>\r\n<li>Listening Events From Client Side</li>\r\n<li>Request Debouncing</li>\r\n<li>Live Search</li>\r\n<li>Live Image Sending</li>\r\n<li>Ajax Scroll to Paginate</li>\r\n<li>Message Delete Feature</li>\r\n<li>Add Contact to Favorites</li>\r\n<li>Dynamic Image Gallery</li>\r\n<li>Profile Update Feature</li>\r\n<li>Personal Inbox</li>\r\n<li>Laravel Brezze For Auth</li>\r\n<li>And More</li>\r\n</ul>\r\n<p><strong>Why Choose This Course?</strong></p>\r\n<p>Unlike other courses that only cover the basics, this course is designed to help you build a complete, real-world project from scratch. You will not only learn how to write code, but also gain valuable insights into project management and best practices. Plus, you will have access to the complete source code of the project and lifetime access to the course materials.</p>\r\n<p>What\'s more, once you have completed this course, you will have a highly marketable skill set and the potential to earn a high income as a professional Laravel developer.</p>\r\n<p>Enroll now and take the first step towards building your dream <strong>Job Portal</strong> platform with Laravel 10!</p>\r\n<h2>Who this course is for:</h2>\r\n<ul>\r\n<li>Aspiring developers who want to become proficient in Laravel.</li>\r\n<li>Web developers who want to take their Laravel/PHP skills to the next level.</li>\r\n<li>Students who want to gain practical experience in building modern app with Laravel.</li>\r\n<li>University students who need to complete a project assignment using Laravel.</li>\r\n<li>Developers who want to learn about realtime features implementations</li>\r\n</ul>\r\n<p>&nbsp;</p>',NULL,76,NULL,1,0,0,1,NULL,'active','approved','2024-07-04 04:41:03','2024-07-04 04:41:03',NULL),
(68,1003,27,'course','Introduction to Financial Markets','introduction-to-financial-markets','Introduction to Financial Markets',NULL,3000,NULL,'/uploads/store/files/1001/my course images/offline-english-lessons-twitch-background_23-2149293397_35_11zon.jpg','youtube','https://www.youtube.com/watch?v=MHhIzIgFgJo','<p>Laravel 10: Build Realtime Messaging App From Scratch (2024)</p>\r\n<p>Are you ready to take your Laravel skills to the next level? In this course, you will build a complete <strong>Realtime Messaging System</strong> project from scratch using Laravel 10 and Pusher. This project-based course is designed to help you become a professional Laravel developer and give you a competitive edge in the job market.</p>\r\n<p><strong>Why Learn Laravel 10?</strong></p>\r\n<p>Laravel 10 is the latest version of the popular PHP framework and comes packed with new features and improvements, making it faster and more efficient than ever before. It\'s easy to learn and has a huge community, making it the perfect choice for building robust and scalable web applications.</p>\r\n<p><strong>What Will You Learn?</strong></p>\r\n<p>In this course, you will learn how to build a feature-rich <strong>Realtime Messaging</strong> platform with advanced functionalities such as:</p>\r\n<ul>\r\n<li>User to User Live Chat</li>\r\n<li>Pusher Implementation</li>\r\n<li>Server Side Event Broadcasting</li>\r\n<li>Laravel Echo Implementation</li>\r\n<li>Working with Private Cannels</li>\r\n<li>Working with Presence Channels</li>\r\n<li>Listening Events From Client Side</li>\r\n<li>Request Debouncing</li>\r\n<li>Live Search</li>\r\n<li>Live Image Sending</li>\r\n<li>Ajax Scroll to Paginate</li>\r\n<li>Message Delete Feature</li>\r\n<li>Add Contact to Favorites</li>\r\n<li>Dynamic Image Gallery</li>\r\n<li>Profile Update Feature</li>\r\n<li>Personal Inbox</li>\r\n<li>Laravel Brezze For Auth</li>\r\n<li>And More</li>\r\n</ul>\r\n<p><strong>Why Choose This Course?</strong></p>\r\n<p>Unlike other courses that only cover the basics, this course is designed to help you build a complete, real-world project from scratch. You will not only learn how to write code, but also gain valuable insights into project management and best practices. Plus, you will have access to the complete source code of the project and lifetime access to the course materials.</p>\r\n<p>What\'s more, once you have completed this course, you will have a highly marketable skill set and the potential to earn a high income as a professional Laravel developer.</p>\r\n<p>Enroll now and take the first step towards building your dream <strong>Job Portal</strong> platform with Laravel 10!</p>\r\n<h2>Who this course is for:</h2>\r\n<ul>\r\n<li>Aspiring developers who want to become proficient in Laravel.</li>\r\n<li>Web developers who want to take their Laravel/PHP skills to the next level.</li>\r\n<li>Students who want to gain practical experience in building modern app with Laravel.</li>\r\n<li>University students who need to complete a project assignment using Laravel.</li>\r\n<li>Developers who want to learn about realtime features implementations</li>\r\n</ul>\r\n<p>&nbsp;</p>',NULL,150,NULL,1,0,0,1,NULL,'active','approved','2024-07-04 04:41:03','2024-07-04 04:41:03',NULL),
(69,1001,14,'course','Remote Work Productivity: Tips and Tools','remote-work-productivity-tips-and-tools','Remote Work Productivity: Tips and Tools',NULL,3000,NULL,'/uploads/store/files/1001/my course images/flat-design-charity-event-youtube-thumbnail_23-2149437717_10_11zon.jpg','youtube','https://www.youtube.com/watch?v=MHhIzIgFgJo','<p>Laravel 10: Build Realtime Messaging App From Scratch (2024)</p>\r\n<p>Are you ready to take your Laravel skills to the next level? In this course, you will build a complete <strong>Realtime Messaging System</strong> project from scratch using Laravel 10 and Pusher. This project-based course is designed to help you become a professional Laravel developer and give you a competitive edge in the job market.</p>\r\n<p><strong>Why Learn Laravel 10?</strong></p>\r\n<p>Laravel 10 is the latest version of the popular PHP framework and comes packed with new features and improvements, making it faster and more efficient than ever before. It\'s easy to learn and has a huge community, making it the perfect choice for building robust and scalable web applications.</p>\r\n<p><strong>What Will You Learn?</strong></p>\r\n<p>In this course, you will learn how to build a feature-rich <strong>Realtime Messaging</strong> platform with advanced functionalities such as:</p>\r\n<ul>\r\n<li>User to User Live Chat</li>\r\n<li>Pusher Implementation</li>\r\n<li>Server Side Event Broadcasting</li>\r\n<li>Laravel Echo Implementation</li>\r\n<li>Working with Private Cannels</li>\r\n<li>Working with Presence Channels</li>\r\n<li>Listening Events From Client Side</li>\r\n<li>Request Debouncing</li>\r\n<li>Live Search</li>\r\n<li>Live Image Sending</li>\r\n<li>Ajax Scroll to Paginate</li>\r\n<li>Message Delete Feature</li>\r\n<li>Add Contact to Favorites</li>\r\n<li>Dynamic Image Gallery</li>\r\n<li>Profile Update Feature</li>\r\n<li>Personal Inbox</li>\r\n<li>Laravel Brezze For Auth</li>\r\n<li>And More</li>\r\n</ul>\r\n<p><strong>Why Choose This Course?</strong></p>\r\n<p>Unlike other courses that only cover the basics, this course is designed to help you build a complete, real-world project from scratch. You will not only learn how to write code, but also gain valuable insights into project management and best practices. Plus, you will have access to the complete source code of the project and lifetime access to the course materials.</p>\r\n<p>What\'s more, once you have completed this course, you will have a highly marketable skill set and the potential to earn a high income as a professional Laravel developer.</p>\r\n<p>Enroll now and take the first step towards building your dream <strong>Job Portal</strong> platform with Laravel 10!</p>\r\n<h2>Who this course is for:</h2>\r\n<ul>\r\n<li>Aspiring developers who want to become proficient in Laravel.</li>\r\n<li>Web developers who want to take their Laravel/PHP skills to the next level.</li>\r\n<li>Students who want to gain practical experience in building modern app with Laravel.</li>\r\n<li>University students who need to complete a project assignment using Laravel.</li>\r\n<li>Developers who want to learn about realtime features implementations</li>\r\n</ul>\r\n<p>&nbsp;</p>',NULL,182,NULL,1,0,0,1,NULL,'active','approved','2024-07-04 04:41:03','2024-07-04 04:41:03',NULL),
(70,1002,17,'course','Artificial Intelligence in Businessi','artificial-intelligence-in-business','Artificial Intelligence in Business',NULL,3000,NULL,'/uploads/store/photos/1/dirjenbangda.jpg','youtube','https://www.youtube.com/watch?v=MHhIzIgFgJo','<p>Laravel 10: Build Realtime Messaging App From Scratch (2024)</p>\r\n<p>Are you ready to take your Laravel skills to the next level? In this course, you will build a complete <strong>Realtime Messaging System</strong> project from scratch using Laravel 10 and Pusher. This project-based course is designed to help you become a professional Laravel developer and give you a competitive edge in the job market.</p>\r\n<p><strong>Why Learn Laravel 10?</strong></p>\r\n<p>Laravel 10 is the latest version of the popular PHP framework and comes packed with new features and improvements, making it faster and more efficient than ever before. It\'s easy to learn and has a huge community, making it the perfect choice for building robust and scalable web applications.</p>\r\n<p><strong>What Will You Learn?</strong></p>\r\n<p>In this course, you will learn how to build a feature-rich <strong>Realtime Messaging</strong> platform with advanced functionalities such as:</p>\r\n<ul>\r\n<li>User to User Live Chat</li>\r\n<li>Pusher Implementation</li>\r\n<li>Server Side Event Broadcasting</li>\r\n<li>Laravel Echo Implementation</li>\r\n<li>Working with Private Cannels</li>\r\n<li>Working with Presence Channels</li>\r\n<li>Listening Events From Client Side</li>\r\n<li>Request Debouncing</li>\r\n<li>Live Search</li>\r\n<li>Live Image Sending</li>\r\n<li>Ajax Scroll to Paginate</li>\r\n<li>Message Delete Feature</li>\r\n<li>Add Contact to Favorites</li>\r\n<li>Dynamic Image Gallery</li>\r\n<li>Profile Update Feature</li>\r\n<li>Personal Inbox</li>\r\n<li>Laravel Brezze For Auth</li>\r\n<li>And More</li>\r\n</ul>\r\n<p><strong>Why Choose This Course?</strong></p>\r\n<p>Unlike other courses that only cover the basics, this course is designed to help you build a complete, real-world project from scratch. You will not only learn how to write code, but also gain valuable insights into project management and best practices. Plus, you will have access to the complete source code of the project and lifetime access to the course materials.</p>\r\n<p>What\'s more, once you have completed this course, you will have a highly marketable skill set and the potential to earn a high income as a professional Laravel developer.</p>\r\n<p>Enroll now and take the first step towards building your dream <strong>Job Portal</strong> platform with Laravel 10!</p>\r\n<p>Who this course is for:</p>\r\n<ul>\r\n<li>Aspiring developers who want to become proficient in Laravel.</li>\r\n<li>Web developers who want to take their Laravel/PHP skills to the next level.</li>\r\n<li>Students who want to gain practical experience in building modern app with Laravel.</li>\r\n<li>University students who need to complete a project assignment using Laravel.</li>\r\n<li>Developers who want to learn about realtime features implementations</li>\r\n</ul>\r\n<p>&nbsp;</p>',NULL,0,NULL,1,0,0,1,NULL,'active','approved','2024-07-04 04:41:04','2025-03-05 12:05:43',NULL),
(71,1001,49,'course','Cara Input Web Aksi Konvergensi Emonev Kecamatan','cara-input-web-aksi-konvergensi-emonev-kecamatan','web emonev kecamatan',NULL,100,NULL,'/uploads/store/photos/1/dirjenbangda.jpg','upload',NULL,'<p>Tutorial Cara Input Web Aksi level Kecamatan</p>\r\n<p> Data SSGI & LPPGBM masih perang di kemenkes ,Permintaan pak Dir:<br>  Ada backuplan dari tim INEY untuk bisa integrasi dengan SIPD terkait stunting <br>  (terkait tagging anggaran)</p>\r\n<p>- Integrasi data :<br>   - Ditjen BinaPemdes (Terkait Tagging APBDes) <br>   - Ditjen Dukcapil (Untuk intervensi langsung)<br>   - Sistem SIPD (Tangging Anggaran)<br>   - Keuda Kemendagri (Anggaran)<br>   - Kementerian Teknis/Pemerintah Daerah  Lain.</p>\r\n<p>- Masalah menjadi ISU prioritas.</p>\r\n<p>- Dilibatkan Kecamatan untuk input data stunting <br>  - diusulkan sistem input data di kecamatan<br>  - diusulkan anggaran operasional kecamatan</p>\r\n<p>- Dibuatkan FAQ tentang stunting dalam <br>  bentuk chatbox aplikasi di emonev</p>',10,0,NULL,1,0,0,1,NULL,'active','approved','2025-03-06 08:14:53','2025-03-07 11:46:49',NULL),
(72,1025,49,'course','Cara input Emonev Kabupaten','cara-input-emonev-kabupaten',NULL,NULL,300,NULL,'/uploads/store/photos/1025/Materi1.jpg','upload',NULL,'<p> </p>\r\n<p>Stunting adalah kondisi tak terbalikkan yang dapat berdampak seumur hidup pada individu. Kondisi stunting dapat dilihat dari hasil pengukuran panjang badan menurut umur (PB/U) dan tinggi badan menurut umur (TB/U) di bawah 2 Standar Deviasi menurut standar WHO.<a href=\"https://id.wikipedia.org/wiki/Hambatan_pertumbuhan#cite_note-3\"><span class=\"cite-bracket\">[</span>3<span class=\"cite-bracket\">]</span></a><a href=\"https://id.wikipedia.org/wiki/Hambatan_pertumbuhan#cite_note-4\"><span class=\"cite-bracket\">[</span>4<span class=\"cite-bracket\">]</span></a> Stunting pada anak merupakan suatu kondisi yang dapat menimbulkan akibat yang tidak dapat diubah, seperti cacat mental dan fisik.</p>\r\n<p> </p>\r\n<p>Tengkes terjadi akibat kurangnya asupan <a title=\"Nutrisi\" href=\"https://id.wikipedia.org/wiki/Nutrisi\">gizi</a> pada anak. Kekurangan gizi ini diawali sejak anak masih di dalam kandungan hingga berusia 2 tahun. Kekurangan protein menjadi penyebab paling umum terjadinya tengkes.</p>\r\n<p>Berdasarkan penelitian Beal dkk, di Indonesia faktor-faktor yang memengaruhi tengkes secara langsung adalah: tinggi badan dan pendidikan ibu, kelahiran prematur, panjang badan bayi baru lahir, pemberian ASI eksklusif, dan status sosioekonomi rumah tangga.<a href=\"https://id.wikipedia.org/wiki/Hambatan_pertumbuhan#cite_note-:1-5\"><span class=\"cite-bracket\">[</span>5<span class=\"cite-bracket\">]</span></a></p>\r\n<p>Kondisi lingkungan yang memiliki sanitasi yang buruk dan kekurangan air bersih juga turut meningkatkan risiko tengkes.<a href=\"https://id.wikipedia.org/wiki/Hambatan_pertumbuhan#cite_note-:1-5\"><span class=\"cite-bracket\">[</span>5<span class=\"cite-bracket\">]</span></a> Infeksi akibat buruknya kebersihan lingkungan juga dapat menjadi penyebab tengkes.<a href=\"https://id.wikipedia.org/wiki/Hambatan_pertumbuhan#cite_note-6\"><span class=\"cite-bracket\">[</span>6<span class=\"cite-bracket\">]</span></a> Faktor-faktor yang tidak berkaitan dengan kesehatan juga dapat menjadi penyebab tengkes. Masalah ekonomi, politik, sosial, dan budaya merupakan faktor penyebab tengkes yang tidak berkaitan langsung dengan kesehatan tubuh. Kurangnya pemberdayaan perempuan dan penurunan kualitas lingkungan juga menjadi penyebab tengkes.<a href=\"https://id.wikipedia.org/wiki/Hambatan_pertumbuhan#cite_note-:0-7\"><span class=\"cite-bracket\">[</span>7<span class=\"cite-bracket\">]</span></a></p>',NULL,0,NULL,1,0,0,1,'Sangat Baik','active','approved','2025-03-12 09:40:53','2025-03-12 09:47:15',NULL);

/*Table structure for table `custom_codes` */


CREATE TABLE `custom_codes` (
  `id` bigint(20) unsigned NOT NULL AUTO_INCREMENT,
  `css` text,
  `javascript` text,
  `header_javascript` text,
  `created_at` timestamp NULL DEFAULT NULL,
  `updated_at` timestamp NULL DEFAULT NULL,
  PRIMARY KEY (`id`)
) ENGINE=InnoDB AUTO_INCREMENT=2 DEFAULT CHARSET=utf8mb4;

/*Data for the table `custom_codes` */

insert  into `custom_codes`(`id`,`css`,`javascript`,`header_javascript`,`created_at`,`updated_at`) values 
(1,'/* write your css code here without the style tag *\\','//write your javascript here without the script tag','//write your javascript here without the script tag','2025-02-25 12:16:35','2025-02-25 12:16:35');

/*Table structure for table `custom_page_translations` */


CREATE TABLE `custom_page_translations` (
  `id` bigint(20) unsigned NOT NULL AUTO_INCREMENT,
  `custom_page_id` bigint(20) unsigned NOT NULL,
  `lang_code` varchar(255) NOT NULL,
  `name` varchar(255) DEFAULT NULL,
  `content` text,
  `created_at` timestamp NULL DEFAULT NULL,
  `updated_at` timestamp NULL DEFAULT NULL,
  PRIMARY KEY (`id`)
) ENGINE=InnoDB AUTO_INCREMENT=13 DEFAULT CHARSET=utf8mb4;

/*Data for the table `custom_page_translations` */

insert  into `custom_page_translations`(`id`,`custom_page_id`,`lang_code`,`name`,`content`,`created_at`,`updated_at`) values 
(1,1,'en','privacy policy','<p>Welcome to SkillGro! We value your privacy and are committed to protecting your personal information. This Privacy Policy outlines how we collect, use, and safeguard your data when you visit our website.</p>\r\n<p><strong>Information We Collect</strong></p>\r\n<ol>\r\n<li>\r\n<p><strong>Personal Information</strong>: When you register on our site, subscribe to our newsletter, or fill out a form, we may collect personal information such as your name, email address, phone number, and any other details you provide.</p>\r\n</li>\r\n<li>\r\n<p><strong>Non-Personal Information</strong>: We may collect non-personal information about visitors whenever they interact with our site. This may include the browser name, the type of computer, and technical information about users\' means of connection to our site, such as the operating system and the Internet service providers utilized and other similar information.</p>\r\n</li>\r\n<li>\r\n<p><strong>Cookies and Tracking Technologies</strong>: Our site may use \"cookies\" to enhance user experience. Users\' web browsers place cookies on their hard drive for record-keeping purposes and sometimes to track information about them. Users may choose to set their web browser to refuse cookies or to alert them when cookies are being sent. If they do so, note that some parts of the site may not function properly.</p>\r\n</li>\r\n</ol>\r\n<p><strong>How We Use Collected Information</strong></p>\r\n<p>SkillGro may collect and use users\' personal information for the following purposes:</p>\r\n<ol>\r\n<li>\r\n<p><strong>To Improve Customer Service</strong>: Information you provide helps us respond to your customer service requests and support needs more efficiently.</p>\r\n</li>\r\n<li>\r\n<p><strong>To Personalize User Experience</strong>: We may use information in the aggregate to understand how our users as a group use the services and resources provided on our site.</p>\r\n</li>\r\n<li>\r\n<p><strong>To Improve Our Site</strong>: We may use feedback you provide to improve our products and services.</p>\r\n</li>\r\n<li>\r\n<p><strong>To Process Payments</strong>: We may use the information users provide about themselves when placing an order only to provide service to that order. We do not share this information with outside parties except to the extent necessary to provide the service.</p>\r\n</li>\r\n<li>\r\n<p><strong>To Send Periodic Emails</strong>: We may use the email address to send user information and updates pertaining to their order. It may also be used to respond to their inquiries, questions, and/or other requests.</p>\r\n</li>\r\n</ol>\r\n<p><strong>How We Protect Your Information</strong></p>\r\n<p>We adopt appropriate data collection, storage, and processing practices and security measures to protect against unauthorized access, alteration, disclosure, or destruction of your personal information, username, password, transaction information, and data stored on our site.</p>','2024-06-05 08:15:39','2024-06-07 20:30:28'),
(4,2,'en','terms and conditions','<p>Please read these Terms and Conditions</p>\r\n<p>Your access to and use of the Service is conditioned on your acceptance of and compliance with these Terms. These Terms apply to all visitors, users, and others who access or use the Service.</p>\r\n<p>By accessing or using the Service you agree to be bound by these Terms. If you disagree with any part of the terms then you may not access the Service.</p>\r\n<p><strong>Accounts</strong></p>\r\n<p>When you create an account with us, you must provide us information that is accurate, complete, and current at all times. Failure to do so constitutes a breach of the Terms, which may result in immediate termination of your account on our Service.</p>\r\n<p>You are responsible for safeguarding the password that you use to access the Service and for any activities or actions under your password, whether your password is with our Service or a third-party service.</p>\r\n<p>You agree not to disclose your password to any third party. You must notify us immediately upon becoming aware of any breach of security or unauthorized use of your account.</p>\r\n<p><strong>Links To Other Web Sites</strong></p>\r\n<p>Our Service may contain links to third-party web sites or services that are not owned or controlled by SkillGro.</p>\r\n<p>SkillGro has no control over, and assumes no responsibility for, the content, privacy policies, or practices of any third-party web sites or services. You further acknowledge and agree that SkillGro shall not be responsible or liable, directly or indirectly, for any damage or loss caused or alleged to be caused by or in connection with use of or reliance on any such content, goods, or services available on or through any such web sites or services.</p>\r\n<p>We strongly advise you to read the terms and conditions and privacy policies of any third-party web sites or services that you visit.</p>\r\n<p><strong>Termination</strong></p>\r\n<p>We may terminate or suspend access to our Service immediately, without prior notice or liability, for any reason whatsoever, including without limitation if you breach the Terms.</p>\r\n<p>All provisions of the Terms which by their nature should survive termination shall survive termination, including, without limitation, ownership provisions, warranty disclaimers, indemnity and limitations of liability.</p>\r\n<p>We may terminate or suspend your account immediately, without prior notice or liability, for any reason whatsoever, including without limitation if you breach the Terms.</p>\r\n<p>Upon termination, your right to use the Service will immediately cease. If you wish to terminate your account, you may simply discontinue using the Service.</p>','2024-06-05 08:33:02','2024-06-05 08:33:02'),
(11,1,'id','privacy policy','<p>Welcome to SkillGro! We value your privacy and are committed to protecting your personal information. This Privacy Policy outlines how we collect, use, and safeguard your data when you visit our website.</p>\r\n<p><strong>Information We Collect</strong></p>\r\n<ol>\r\n<li>\r\n<p><strong>Personal Information</strong>: When you register on our site, subscribe to our newsletter, or fill out a form, we may collect personal information such as your name, email address, phone number, and any other details you provide.</p>\r\n</li>\r\n<li>\r\n<p><strong>Non-Personal Information</strong>: We may collect non-personal information about visitors whenever they interact with our site. This may include the browser name, the type of computer, and technical information about users\' means of connection to our site, such as the operating system and the Internet service providers utilized and other similar information.</p>\r\n</li>\r\n<li>\r\n<p><strong>Cookies and Tracking Technologies</strong>: Our site may use \"cookies\" to enhance user experience. Users\' web browsers place cookies on their hard drive for record-keeping purposes and sometimes to track information about them. Users may choose to set their web browser to refuse cookies or to alert them when cookies are being sent. If they do so, note that some parts of the site may not function properly.</p>\r\n</li>\r\n</ol>\r\n<p><strong>How We Use Collected Information</strong></p>\r\n<p>SkillGro may collect and use users\' personal information for the following purposes:</p>\r\n<ol>\r\n<li>\r\n<p><strong>To Improve Customer Service</strong>: Information you provide helps us respond to your customer service requests and support needs more efficiently.</p>\r\n</li>\r\n<li>\r\n<p><strong>To Personalize User Experience</strong>: We may use information in the aggregate to understand how our users as a group use the services and resources provided on our site.</p>\r\n</li>\r\n<li>\r\n<p><strong>To Improve Our Site</strong>: We may use feedback you provide to improve our products and services.</p>\r\n</li>\r\n<li>\r\n<p><strong>To Process Payments</strong>: We may use the information users provide about themselves when placing an order only to provide service to that order. We do not share this information with outside parties except to the extent necessary to provide the service.</p>\r\n</li>\r\n<li>\r\n<p><strong>To Send Periodic Emails</strong>: We may use the email address to send user information and updates pertaining to their order. It may also be used to respond to their inquiries, questions, and/or other requests.</p>\r\n</li>\r\n</ol>\r\n<p><strong>How We Protect Your Information</strong></p>\r\n<p>We adopt appropriate data collection, storage, and processing practices and security measures to protect against unauthorized access, alteration, disclosure, or destruction of your personal information, username, password, transaction information, and data stored on our site.</p>','2025-03-11 09:25:33','2025-03-11 09:25:33'),
(12,2,'id','terms and conditions','<p>Please read these Terms and Conditions</p>\r\n<p>Your access to and use of the Service is conditioned on your acceptance of and compliance with these Terms. These Terms apply to all visitors, users, and others who access or use the Service.</p>\r\n<p>By accessing or using the Service you agree to be bound by these Terms. If you disagree with any part of the terms then you may not access the Service.</p>\r\n<p><strong>Accounts</strong></p>\r\n<p>When you create an account with us, you must provide us information that is accurate, complete, and current at all times. Failure to do so constitutes a breach of the Terms, which may result in immediate termination of your account on our Service.</p>\r\n<p>You are responsible for safeguarding the password that you use to access the Service and for any activities or actions under your password, whether your password is with our Service or a third-party service.</p>\r\n<p>You agree not to disclose your password to any third party. You must notify us immediately upon becoming aware of any breach of security or unauthorized use of your account.</p>\r\n<p><strong>Links To Other Web Sites</strong></p>\r\n<p>Our Service may contain links to third-party web sites or services that are not owned or controlled by SkillGro.</p>\r\n<p>SkillGro has no control over, and assumes no responsibility for, the content, privacy policies, or practices of any third-party web sites or services. You further acknowledge and agree that SkillGro shall not be responsible or liable, directly or indirectly, for any damage or loss caused or alleged to be caused by or in connection with use of or reliance on any such content, goods, or services available on or through any such web sites or services.</p>\r\n<p>We strongly advise you to read the terms and conditions and privacy policies of any third-party web sites or services that you visit.</p>\r\n<p><strong>Termination</strong></p>\r\n<p>We may terminate or suspend access to our Service immediately, without prior notice or liability, for any reason whatsoever, including without limitation if you breach the Terms.</p>\r\n<p>All provisions of the Terms which by their nature should survive termination shall survive termination, including, without limitation, ownership provisions, warranty disclaimers, indemnity and limitations of liability.</p>\r\n<p>We may terminate or suspend your account immediately, without prior notice or liability, for any reason whatsoever, including without limitation if you breach the Terms.</p>\r\n<p>Upon termination, your right to use the Service will immediately cease. If you wish to terminate your account, you may simply discontinue using the Service.</p>','2025-03-11 09:25:33','2025-03-11 09:25:33');

/*Table structure for table `custom_pages` */


CREATE TABLE `custom_pages` (
  `id` bigint(20) unsigned NOT NULL AUTO_INCREMENT,
  `slug` varchar(255) NOT NULL,
  `status` tinyint(1) NOT NULL,
  `created_at` timestamp NULL DEFAULT NULL,
  `updated_at` timestamp NULL DEFAULT NULL,
  PRIMARY KEY (`id`)
) ENGINE=InnoDB AUTO_INCREMENT=3 DEFAULT CHARSET=utf8mb4;

/*Data for the table `custom_pages` */

insert  into `custom_pages`(`id`,`slug`,`status`,`created_at`,`updated_at`) values 
(1,'privacy-policy',1,'2024-06-05 08:15:39','2024-06-05 08:15:39'),
(2,'terms-and-conditions',1,'2024-06-05 08:33:02','2024-06-05 08:33:02');

/*Table structure for table `custom_paginations` */


CREATE TABLE `custom_paginations` (
  `id` bigint(20) unsigned NOT NULL AUTO_INCREMENT,
  `section_name` varchar(255) NOT NULL,
  `item_qty` int(11) NOT NULL DEFAULT '1',
  `created_at` timestamp NULL DEFAULT NULL,
  `updated_at` timestamp NULL DEFAULT NULL,
  PRIMARY KEY (`id`)
) ENGINE=InnoDB AUTO_INCREMENT=5 DEFAULT CHARSET=utf8mb4;

/*Data for the table `custom_paginations` */

insert  into `custom_paginations`(`id`,`section_name`,`item_qty`,`created_at`,`updated_at`) values 
(1,'Blog List',10,'2024-06-03 09:02:30','2024-06-03 09:02:30'),
(2,'Blog Comment',10,'2024-06-03 09:02:30','2024-06-03 09:02:30'),
(3,'Media List',10,'2024-06-03 09:02:30','2024-06-03 09:02:30'),
(4,'Language List',50,'2024-06-03 09:02:30','2024-06-03 09:02:30');

/*Table structure for table `email_templates` */


CREATE TABLE `email_templates` (
  `id` bigint(20) unsigned NOT NULL AUTO_INCREMENT,
  `name` varchar(255) NOT NULL,
  `subject` varchar(255) NOT NULL,
  `message` longtext NOT NULL,
  `created_at` timestamp NULL DEFAULT NULL,
  `updated_at` timestamp NULL DEFAULT NULL,
  PRIMARY KEY (`id`)
) ENGINE=InnoDB AUTO_INCREMENT=18 DEFAULT CHARSET=utf8mb4;

/*Data for the table `email_templates` */

insert  into `email_templates`(`id`,`name`,`subject`,`message`,`created_at`,`updated_at`) values 
(1,'password_reset','Password Reset','<p>Dear {{user_name}},</p>\n                <p>Do you want to reset your password? Please Click the following link and Reset Your Password.</p>','2024-06-03 09:02:30','2024-06-03 09:02:30'),
(2,'contact_mail','Contact Email','<p>Hello there,</p>\n                <p>&nbsp;Mr. {{name}} has sent a new message. you can see the message details below.&nbsp;</p>\n                <p>Email: {{email}}</p>\n                <p>Phone: {{phone}}</p>\n                <p>Subject: {{subject}}</p>\n                <p>Message: {{message}}</p>','2024-06-03 09:02:30','2024-06-03 09:02:30'),
(3,'subscribe_notification','Subscribe Notification','<p>Hi there, Congratulations! Your Subscription has been created successfully. Please Click the following link and Verified Your Subscription. If you will not approve this link, you can not get any newsletter from us.</p>','2024-06-03 09:02:30','2024-06-03 09:02:30'),
(4,'user_verification','User Verification','<p>Dear {{user_name}},</p>\n                <p>Congratulations! Your Account has been created successfully. Please Click the following link and Active your Account.</p>','2024-06-03 09:02:30','2024-06-03 09:02:30'),
(5,'approved_refund','Refund Request Approval','<p>Dear {{user_name}},</p>\n                <p>We are happy to say that, we have send {{refund_amount}} USD to your provided bank information. </p>','2024-06-03 09:02:30','2024-06-03 09:02:30'),
(6,'new_refund','New Refund Request','<p>Hello websolutionus, </p>\n\n                <p>Mr. {{user_name}} has send a new refund request to you.</p>','2024-06-03 09:02:30','2024-06-03 09:02:30'),
(7,'pending_wallet_payment','Wallet Payment Approval','<p>Hello {{user_name}},</p>\n                <p>We have received your wallet payment request. we find your payment to our bank account.</p>\n                <p>Thanks &amp; Regards</p>','2024-06-03 09:02:30','2024-06-03 09:02:30'),
(8,'approved_withdraw','Withdraw Request Approval','<p>Dear {{user_name}},</p>\n                <p>We are happy to say that, we have send a withdraw amount to your provided bank information.</p>\n                <p>Thanks &amp; Regards</p>\n                <p>WebSolutionUs</p>','2024-06-03 09:02:30','2024-06-03 09:02:30'),
(9,'rejected_withdraw','Withdraw Request Rejected','<p>Dear {{user_name}},</p>\n                <p> your withdraw request has been rejected.</p>\n                <p>Thanks &amp; Regards</p>\n                <p>WebSolutionUs</p>','2024-06-03 09:02:30','2024-06-03 09:02:30'),
(10,'pending_withdraw','Withdraw Request Pending','<p>Dear {{user_name}},</p>\n                <p> your withdraw request is waiting for approval.</p>\n                <p>Thanks &amp; Regards</p>\n                <p>WebSolutionUs</p>','2024-06-03 09:02:30','2024-06-03 09:02:30'),
(11,'instructor_request_approved','Instructor Request Approval','<p>Dear {{user_name}},</p>\n                <p>you are now approved as an instructor.</p>','2024-06-03 09:02:30','2024-06-03 09:02:30'),
(12,'instructor_request_rejected','Instructor Request Rejected','<p>Dear {{user_name}},</p>\n                <p>your request has been rejected. please resubmit your request with proper document. or contact us.</p>','2024-06-03 09:02:30','2024-06-03 09:02:30'),
(13,'instructor_request_pending','Instructor Request is waiting for approval','<p>Dear {{user_name}},</p>\n                <p>your request for become an instructor is waiting for approval. please wait. we will send you an email when your request is approved.</p>','2024-06-03 09:02:30','2024-06-03 09:02:30'),
(14,'instructor_quick_contact','Mail for instructor contact form','<p>Name: {{name}}</p>\n                <p>Email: {{email}}</p>\n                <p>Subject: {{subject}}</p>\n                <p>{{message}}</p>','2024-06-03 09:02:30','2024-06-03 09:02:30'),
(15,'order_completed','Your order has been placed','<p>HI, {{name}}</p>\n                <p>product id: {{order_id}}</p>\n                <p>paid amount: {{paid_amount}}</p>\n                <p>payment method: {{payment_method}}</p>','2024-06-03 09:02:30','2024-06-03 09:02:30'),
(16,'qna_reply_mail','QNA Replay mail','<p>Hi {{user_name}}, your instructor has replied to your question. Please see the answer below:</p>\r\n<p>Course: {{course}}</p>\r\n<p>Lesson: {{lesson}}</p>\r\n<p>Question: {{question}}</p>','2024-08-25 10:36:19','2024-08-25 10:36:19'),
(17,'live_class_mail','Live class notification mail','<p>Hi {{user_name}},</p>\r\n                <p>Your live class is starting at {{start_time}}. Please see the details below:</p>\r\n                <p><strong>Course:</strong> {{course}}</p>\r\n                <p><strong>Lesson:</strong> {{lesson}}</p>\r\n                <p><strong>Meeting Link:</strong> <a href=\"{{join_url}}\">{{join_url}}</a></p>','2024-09-03 19:51:51','2024-09-03 19:51:51');

/*Table structure for table `enrollments` */


CREATE TABLE `enrollments` (
  `id` bigint(20) unsigned NOT NULL AUTO_INCREMENT,
  `order_id` bigint(20) unsigned NOT NULL,
  `user_id` bigint(20) unsigned NOT NULL,
  `course_id` bigint(20) unsigned NOT NULL,
  `has_access` tinyint(1) NOT NULL DEFAULT '0',
  `created_at` timestamp NULL DEFAULT NULL,
  `updated_at` timestamp NULL DEFAULT NULL,
  PRIMARY KEY (`id`),
  KEY `enrollments_order_id_foreign` (`order_id`),
  CONSTRAINT `enrollments_order_id_foreign` FOREIGN KEY (`order_id`) REFERENCES `orders` (`id`) ON DELETE CASCADE
) ENGINE=InnoDB AUTO_INCREMENT=30 DEFAULT CHARSET=utf8mb4;

/*Data for the table `enrollments` */

insert  into `enrollments`(`id`,`order_id`,`user_id`,`course_id`,`has_access`,`created_at`,`updated_at`) values 
(1,1,1000,58,1,'2024-06-06 12:07:32','2024-06-06 12:07:32'),
(2,1,1000,47,1,'2024-06-06 12:07:32','2024-06-06 12:07:32'),
(3,2,1001,69,1,'2024-06-09 12:37:11','2024-06-09 12:37:11'),
(4,3,1001,6,1,'2024-06-09 12:44:32','2024-06-09 12:44:32'),
(5,4,1000,64,1,'2024-06-09 12:49:26','2024-06-09 12:49:26'),
(6,5,1000,61,1,'2024-06-09 13:05:24','2024-06-09 13:05:24'),
(7,6,1000,30,1,'2024-06-09 13:17:03','2024-06-09 13:17:03'),
(8,7,1000,29,1,'2024-06-09 13:22:55','2024-06-09 13:22:55'),
(9,8,1000,26,1,'2024-06-09 13:26:13','2024-06-09 13:26:13'),
(10,9,1000,16,1,'2024-06-15 07:23:37','2024-06-15 07:23:37'),
(11,10,1000,6,1,'2024-06-15 07:35:03','2024-06-15 07:35:03'),
(12,11,1001,65,1,'2024-06-26 07:52:41','2024-06-26 07:52:41'),
(13,12,1019,70,1,'2025-03-04 17:07:23','2025-03-04 17:07:23'),
(14,13,1019,70,1,'2025-03-04 17:07:39','2025-03-04 17:07:39'),
(15,14,1019,67,1,'2025-03-04 17:15:51','2025-03-04 17:15:51'),
(16,15,1020,59,1,'2025-03-06 07:38:47','2025-03-06 07:38:47'),
(17,16,1021,71,1,'2025-03-07 11:04:15','2025-03-07 11:04:15'),
(18,17,1021,71,1,'2025-03-07 11:04:24','2025-03-07 11:04:24'),
(19,18,1021,59,1,'2025-03-07 11:06:19','2025-03-07 11:06:19'),
(20,19,1022,71,1,'2025-03-07 11:51:53','2025-03-07 11:51:53'),
(21,21,1023,71,1,'2025-03-10 12:25:35','2025-03-10 12:25:35'),
(22,22,1023,71,1,'2025-03-10 14:14:13','2025-03-10 14:14:13'),
(23,23,1024,71,1,'2025-03-10 14:17:36','2025-03-10 14:17:36'),
(24,20,1023,34,1,'2025-03-12 09:27:34','2025-03-12 09:27:34'),
(25,24,1026,72,1,'2025-03-12 10:25:34','2025-03-12 10:25:34'),
(26,25,1027,72,1,'2025-03-13 12:32:45','2025-03-13 12:32:45'),
(27,25,1027,71,1,'2025-03-13 12:32:45','2025-03-13 12:32:45'),
(28,26,1028,72,1,'2025-03-14 09:04:22','2025-03-14 09:04:22'),
(29,27,1028,71,1,'2025-03-14 09:35:59','2025-03-14 09:35:59');

/*Table structure for table `failed_jobs` */


CREATE TABLE `failed_jobs` (
  `id` bigint(20) unsigned NOT NULL AUTO_INCREMENT,
  `uuid` varchar(255) NOT NULL,
  `connection` text NOT NULL,
  `queue` text NOT NULL,
  `payload` longtext NOT NULL,
  `exception` longtext NOT NULL,
  `failed_at` timestamp NOT NULL DEFAULT CURRENT_TIMESTAMP,
  PRIMARY KEY (`id`),
  UNIQUE KEY `failed_jobs_uuid_unique` (`uuid`)
) ENGINE=InnoDB DEFAULT CHARSET=utf8mb4;

/*Data for the table `failed_jobs` */

/*Table structure for table `faq_translations` */


CREATE TABLE `faq_translations` (
  `id` bigint(20) unsigned NOT NULL AUTO_INCREMENT,
  `faq_id` bigint(20) unsigned NOT NULL,
  `lang_code` varchar(255) NOT NULL,
  `question` varchar(255) DEFAULT NULL,
  `answer` text,
  `created_at` timestamp NULL DEFAULT NULL,
  `updated_at` timestamp NULL DEFAULT NULL,
  PRIMARY KEY (`id`)
) ENGINE=InnoDB AUTO_INCREMENT=25 DEFAULT CHARSET=utf8mb4;

/*Data for the table `faq_translations` */

insert  into `faq_translations`(`id`,`faq_id`,`lang_code`,`question`,`answer`,`created_at`,`updated_at`) values 
(1,1,'en','What kind of courses do you offer?','We offer a wide range of courses in various subjects,\r\n from business and technology to art and personal development. You can browse our extensive catalog to find a course that interests you.','2024-06-04 12:49:36','2024-06-04 12:49:36'),
(4,2,'en','Who are your instructors?','Our instructors are industry experts and passionate educators with a wealth of knowledge and experience.\r\n You can learn more about their qualifications on their course profiles.','2024-06-04 12:50:58','2024-06-04 12:50:58'),
(7,3,'en','How much do your courses cost?','Course prices vary depending on the length, content, and instructor. We offer free trials and introductory courses in some cases. Check the individual course page for specific pricing information.','2024-06-04 12:53:19','2024-06-04 12:53:19'),
(10,4,'en','How does the online learning platform work?','Our platform is user-friendly and accessible on any device. You can enroll in courses, access learning materials, interact with instructors and classmates, and track your progress, all in one place.','2024-06-04 12:54:52','2024-06-04 12:54:52'),
(21,1,'id','What kind of courses do you offer?','We offer a wide range of courses in various subjects,\r\n from business and technology to art and personal development. You can browse our extensive catalog to find a course that interests you.','2025-03-11 09:25:32','2025-03-11 09:25:32'),
(22,2,'id','Who are your instructors?','Our instructors are industry experts and passionate educators with a wealth of knowledge and experience.\r\n You can learn more about their qualifications on their course profiles.','2025-03-11 09:25:32','2025-03-11 09:25:32'),
(23,3,'id','How much do your courses cost?','Course prices vary depending on the length, content, and instructor. We offer free trials and introductory courses in some cases. Check the individual course page for specific pricing information.','2025-03-11 09:25:32','2025-03-11 09:25:32'),
(24,4,'id','How does the online learning platform work?','Our platform is user-friendly and accessible on any device. You can enroll in courses, access learning materials, interact with instructors and classmates, and track your progress, all in one place.','2025-03-11 09:25:32','2025-03-11 09:25:32');

/*Table structure for table `faqs` */


CREATE TABLE `faqs` (
  `id` bigint(20) unsigned NOT NULL AUTO_INCREMENT,
  `status` tinyint(1) NOT NULL DEFAULT '1',
  `created_at` timestamp NULL DEFAULT NULL,
  `updated_at` timestamp NULL DEFAULT NULL,
  PRIMARY KEY (`id`)
) ENGINE=InnoDB AUTO_INCREMENT=5 DEFAULT CHARSET=utf8mb4;

/*Data for the table `faqs` */

insert  into `faqs`(`id`,`status`,`created_at`,`updated_at`) values 
(1,1,'2024-06-04 12:49:36','2024-06-04 12:49:36'),
(2,1,'2024-06-04 12:50:58','2024-06-04 12:50:58'),
(3,1,'2024-06-04 12:53:19','2024-06-04 12:53:19'),
(4,1,'2024-06-04 12:54:52','2024-06-04 12:54:52');

/*Table structure for table `featured_course_sections` */


CREATE TABLE `featured_course_sections` (
  `id` bigint(20) unsigned NOT NULL AUTO_INCREMENT,
  `all_category` int(11) DEFAULT NULL,
  `all_category_ids` text,
  `all_category_status` tinyint(1) NOT NULL DEFAULT '1',
  `category_one` int(11) DEFAULT NULL,
  `category_one_ids` text,
  `category_one_status` tinyint(1) NOT NULL DEFAULT '1',
  `category_two` int(11) DEFAULT NULL,
  `category_two_ids` text,
  `category_two_status` tinyint(1) NOT NULL DEFAULT '1',
  `category_three` int(11) DEFAULT NULL,
  `category_three_ids` text,
  `category_three_status` tinyint(1) NOT NULL DEFAULT '1',
  `category_four` int(11) DEFAULT NULL,
  `category_four_ids` text,
  `category_four_status` tinyint(1) NOT NULL DEFAULT '1',
  `category_five` int(11) DEFAULT NULL,
  `category_five_ids` text,
  `category_five_status` tinyint(1) NOT NULL DEFAULT '1',
  `created_at` timestamp NULL DEFAULT NULL,
  `updated_at` timestamp NULL DEFAULT NULL,
  PRIMARY KEY (`id`)
) ENGINE=InnoDB AUTO_INCREMENT=2 DEFAULT CHARSET=utf8mb4;

/*Data for the table `featured_course_sections` */

insert  into `featured_course_sections`(`id`,`all_category`,`all_category_ids`,`all_category_status`,`category_one`,`category_one_ids`,`category_one_status`,`category_two`,`category_two_ids`,`category_two_status`,`category_three`,`category_three_ids`,`category_three_status`,`category_four`,`category_four_ids`,`category_four_status`,`category_five`,`category_five_ids`,`category_five_status`,`created_at`,`updated_at`) values 
(1,0,'[\"71\",\"72\"]',1,47,'[]',1,48,'[\"71\",\"72\"]',1,NULL,'[]',1,NULL,'[]',1,NULL,'[]',1,'2024-06-04 12:11:10','2025-03-12 10:03:07');

/*Table structure for table `featured_instructor_translations` */


CREATE TABLE `featured_instructor_translations` (
  `id` bigint(20) unsigned NOT NULL AUTO_INCREMENT,
  `featured_instructor_section_id` bigint(20) unsigned NOT NULL DEFAULT '1',
  `lang_code` varchar(255) NOT NULL,
  `title` varchar(255) DEFAULT NULL,
  `sub_title` varchar(255) DEFAULT NULL,
  `button_text` varchar(255) DEFAULT NULL,
  `created_at` timestamp NULL DEFAULT NULL,
  `updated_at` timestamp NULL DEFAULT NULL,
  PRIMARY KEY (`id`)
) ENGINE=InnoDB AUTO_INCREMENT=7 DEFAULT CHARSET=utf8mb4;

/*Data for the table `featured_instructor_translations` */

insert  into `featured_instructor_translations`(`id`,`featured_instructor_section_id`,`lang_code`,`title`,`sub_title`,`button_text`,`created_at`,`updated_at`) values 
(1,1,'en','Our Top Class & Expert Instructors in One Place','Combines the ideas of empowered learning and top-tier instruction for students. Emphasizes both instructor expertise','See All Instructors','2024-06-04 12:22:14','2024-06-04 12:24:22'),
(6,1,'id','Our Top Class & Expert Instructors in One Place','Combines the ideas of empowered learning and top-tier instruction for students. Emphasizes both instructor expertise','See All Instructors','2025-03-11 09:25:33','2025-03-11 09:25:33');

/*Table structure for table `featured_instructors` */


CREATE TABLE `featured_instructors` (
  `id` bigint(20) unsigned NOT NULL AUTO_INCREMENT,
  `button_url` varchar(255) DEFAULT NULL,
  `instructor_ids` json DEFAULT NULL,
  `created_at` timestamp NULL DEFAULT NULL,
  `updated_at` timestamp NULL DEFAULT NULL,
  PRIMARY KEY (`id`)
) ENGINE=InnoDB AUTO_INCREMENT=2 DEFAULT CHARSET=utf8mb4;

/*Data for the table `featured_instructors` */

insert  into `featured_instructors`(`id`,`button_url`,`instructor_ids`,`created_at`,`updated_at`) values 
(1,'/all-instructors','[\"1001\", \"1002\", \"1003\", \"1004\", \"1005\", \"1006\", \"1009\"]','2024-06-03 09:02:33','2024-06-06 09:08:44');

/*Table structure for table `footer_settings` */


CREATE TABLE `footer_settings` (
  `id` bigint(20) unsigned NOT NULL AUTO_INCREMENT,
  `logo` varchar(255) DEFAULT NULL,
  `footer_text` varchar(255) DEFAULT NULL,
  `address` varchar(255) DEFAULT NULL,
  `phone` varchar(255) DEFAULT NULL,
  `get_in_touch_text` varchar(255) DEFAULT NULL,
  `google_play_link` varchar(255) DEFAULT NULL,
  `apple_store_link` varchar(255) DEFAULT NULL,
  `created_at` timestamp NULL DEFAULT NULL,
  `updated_at` timestamp NULL DEFAULT NULL,
  PRIMARY KEY (`id`)
) ENGINE=InnoDB AUTO_INCREMENT=2 DEFAULT CHARSET=utf8mb4;

/*Data for the table `footer_settings` */

insert  into `footer_settings`(`id`,`logo`,`footer_text`,`address`,`phone`,`get_in_touch_text`,`google_play_link`,`apple_store_link`,`created_at`,`updated_at`) values 
(1,'uploads/custom-images/wsus-img-2025-03-05-12-14-42-2277.gif','Dirjen Bina Bangda - Kemendagri','Jl. Taman Makam Pahlawan No.20, Jakarta','(021)-77777777','Hubungi Kami di : aksi.konvergensibangda@gmail.com','https://websolutionus.com/','https://websolutionus.com/','2024-06-04 13:31:51','2025-03-05 12:17:09');

/*Table structure for table `homes` */


CREATE TABLE `homes` (
  `id` bigint(20) unsigned NOT NULL AUTO_INCREMENT,
  `slug` varchar(255) NOT NULL,
  `created_at` timestamp NULL DEFAULT NULL,
  `updated_at` timestamp NULL DEFAULT NULL,
  PRIMARY KEY (`id`),
  UNIQUE KEY `homes_slug_unique` (`slug`)
) ENGINE=InnoDB AUTO_INCREMENT=9 DEFAULT CHARSET=utf8mb4;

/*Data for the table `homes` */

insert  into `homes`(`id`,`slug`,`created_at`,`updated_at`) values 
(1,'main','2024-10-16 04:42:24','2024-10-16 04:42:24'),
(2,'online','2024-10-16 04:42:24','2024-10-16 04:42:24'),
(3,'university','2024-10-16 04:42:24','2024-10-16 04:42:24'),
(4,'business','2024-10-16 04:42:24','2024-10-16 04:42:24'),
(5,'yoga','2024-10-16 04:42:24','2024-10-16 04:42:24'),
(6,'kitchen','2024-10-16 04:42:24','2024-10-16 04:42:24'),
(7,'kindergarten','2024-11-13 06:20:02','2024-11-13 06:20:02'),
(8,'language','2024-11-13 06:20:02','2024-11-13 06:20:02');

/*Table structure for table `instructor_request_setting_translations` */


CREATE TABLE `instructor_request_setting_translations` (
  `id` bigint(20) unsigned NOT NULL AUTO_INCREMENT,
  `instructor_request_setting_id` bigint(20) unsigned NOT NULL,
  `lang_code` varchar(255) NOT NULL,
  `instructions` varchar(255) DEFAULT NULL,
  `created_at` timestamp NULL DEFAULT NULL,
  `updated_at` timestamp NULL DEFAULT NULL,
  PRIMARY KEY (`id`)
) ENGINE=InnoDB AUTO_INCREMENT=7 DEFAULT CHARSET=utf8mb4;

/*Data for the table `instructor_request_setting_translations` */

insert  into `instructor_request_setting_translations`(`id`,`instructor_request_setting_id`,`lang_code`,`instructions`,`created_at`,`updated_at`) values 
(1,1,'en','<p>Please provide your valid informations</p>','2024-09-29 10:46:04','2024-09-29 10:46:04'),
(6,1,'id','<p>Please provide your valid informations</p>','2025-03-11 09:25:33','2025-03-11 09:25:33');

/*Table structure for table `instructor_request_settings` */


CREATE TABLE `instructor_request_settings` (
  `id` bigint(20) unsigned NOT NULL AUTO_INCREMENT,
  `need_certificate` tinyint(1) NOT NULL DEFAULT '1',
  `need_identity_scan` tinyint(1) NOT NULL DEFAULT '1',
  `bank_information` text,
  `created_at` timestamp NULL DEFAULT NULL,
  `updated_at` timestamp NULL DEFAULT NULL,
  PRIMARY KEY (`id`)
) ENGINE=InnoDB AUTO_INCREMENT=2 DEFAULT CHARSET=utf8mb4;

/*Data for the table `instructor_request_settings` */

insert  into `instructor_request_settings`(`id`,`need_certificate`,`need_identity_scan`,`bank_information`,`created_at`,`updated_at`) values 
(1,0,0,NULL,'2024-06-06 07:23:15','2024-06-06 08:48:20');

/*Table structure for table `instructor_requests` */


CREATE TABLE `instructor_requests` (
  `id` bigint(20) unsigned NOT NULL AUTO_INCREMENT,
  `user_id` bigint(20) unsigned NOT NULL,
  `status` enum('pending','approved','rejected') NOT NULL DEFAULT 'pending',
  `certificate` text,
  `identity_scan` text,
  `payout_account` varchar(255) DEFAULT NULL,
  `payout_information` text,
  `extra_information` text,
  `created_at` timestamp NULL DEFAULT NULL,
  `updated_at` timestamp NULL DEFAULT NULL,
  PRIMARY KEY (`id`)
) ENGINE=InnoDB AUTO_INCREMENT=14 DEFAULT CHARSET=utf8mb4;

/*Data for the table `instructor_requests` */

insert  into `instructor_requests`(`id`,`user_id`,`status`,`certificate`,`identity_scan`,`payout_account`,`payout_information`,`extra_information`,`created_at`,`updated_at`) values 
(1,1001,'approved',NULL,NULL,'PayPal','My email and holder name is\r\n\r\n1. instructor@gmail.com\r\n2. instructor',NULL,'2024-06-04 04:58:08','2024-06-04 05:01:23'),
(2,1005,'approved','uploads/custom-images/wsus-img-2024-06-06-07-05-28-9012.png','uploads/custom-images/wsus-img-2024-06-06-07-05-28-7801.png','PayPal','Please provide the necessary information for payment\r\n\r\nYour payment email\r\nYour Holder name',NULL,'2024-06-06 08:05:28','2024-06-06 08:46:06'),
(4,1002,'approved','uploads/custom-images/wsus-img-2024-06-06-07-45-44-3657.png','uploads/custom-images/wsus-img-2024-06-06-07-45-44-7928.png','PayPal','Please provide the necessary information for payment\r\n\r\nYour payment email\r\nYour Holder name',NULL,'2024-06-06 08:45:44','2024-06-06 08:46:30'),
(5,1003,'approved',NULL,NULL,'PayPal','Please provide the necessary information for payment\r\n\r\nYour payment email\r\nYour Holder name',NULL,'2024-06-06 08:49:36','2024-06-06 08:50:35'),
(6,1004,'approved',NULL,NULL,'PayPal','Please provide the necessary information for payment\r\n\r\nYour payment email\r\nYour Holder name',NULL,'2024-06-06 08:51:54','2024-06-06 09:00:09'),
(7,1008,'approved',NULL,NULL,'PayPal','Please provide the necessary information for payment\r\n\r\nYour payment email\r\nYour Holder name',NULL,'2024-06-06 08:59:41','2024-06-06 09:00:28'),
(8,1006,'approved',NULL,NULL,'PayPal','Please provide the necessary information for payment\r\n\r\nYour payment email\r\nYour Holder name',NULL,'2024-06-06 09:02:57','2024-06-06 09:03:52'),
(9,1009,'approved',NULL,NULL,'PayPal','Please provide the necessary information for payment\r\n\r\nYour payment email\r\nYour Holder name',NULL,'2024-06-06 09:07:28','2024-06-06 09:07:52'),
(10,1011,'approved',NULL,NULL,'PayPal','Your payment email\r\n    Your Holder name',NULL,'2024-06-14 14:17:37','2024-06-14 14:18:07'),
(11,1012,'approved',NULL,NULL,'Stripe','Your payment email\r\n    Your Holder name',NULL,'2024-06-14 14:43:35','2024-06-14 14:44:20'),
(13,1025,'approved',NULL,NULL,'Bank','BANK','BCA','2025-03-12 09:30:01','2025-03-12 09:30:25');

/*Data for the table `jitsi_settings` */

/*Table structure for table `jobs` */


CREATE TABLE `jobs` (
  `id` bigint(20) unsigned NOT NULL AUTO_INCREMENT,
  `queue` varchar(255) NOT NULL,
  `payload` longtext NOT NULL,
  `attempts` tinyint(3) unsigned NOT NULL,
  `reserved_at` int(10) unsigned DEFAULT NULL,
  `available_at` int(10) unsigned NOT NULL,
  `created_at` int(10) unsigned NOT NULL,
  PRIMARY KEY (`id`),
  KEY `jobs_queue_index` (`queue`)
) ENGINE=InnoDB DEFAULT CHARSET=utf8mb4;

/*Data for the table `jobs` */

/*Table structure for table `languages` */


CREATE TABLE `languages` (
  `id` bigint(20) unsigned NOT NULL AUTO_INCREMENT,
  `name` varchar(255) NOT NULL,
  `code` varchar(255) NOT NULL,
  `icon` varchar(255) DEFAULT NULL,
  `direction` varchar(255) NOT NULL DEFAULT 'ltr',
  `status` varchar(255) NOT NULL DEFAULT '1',
  `is_default` varchar(255) NOT NULL DEFAULT '0',
  `created_at` timestamp NULL DEFAULT NULL,
  `updated_at` timestamp NULL DEFAULT NULL,
  PRIMARY KEY (`id`),
  UNIQUE KEY `languages_name_unique` (`name`),
  UNIQUE KEY `languages_code_unique` (`code`)
) ENGINE=InnoDB AUTO_INCREMENT=10 DEFAULT CHARSET=utf8mb4;

/*Data for the table `languages` */

insert  into `languages`(`id`,`name`,`code`,`icon`,`direction`,`status`,`is_default`,`created_at`,`updated_at`) values 
(1,'English','en',NULL,'ltr','0','0','2024-06-03 09:02:30','2025-03-11 09:58:15'),
(9,'Indonesia','id',NULL,'ltr','1','1','2025-03-11 09:25:32','2025-03-11 09:58:06');

/*Table structure for table `lesson_questions` */


CREATE TABLE `lesson_questions` (
  `id` bigint(20) unsigned NOT NULL AUTO_INCREMENT,
  `user_id` bigint(20) unsigned NOT NULL,
  `course_id` bigint(20) unsigned NOT NULL,
  `lesson_id` bigint(20) unsigned NOT NULL,
  `question_title` varchar(255) NOT NULL,
  `question_description` text NOT NULL,
  `created_at` timestamp NULL DEFAULT NULL,
  `updated_at` timestamp NULL DEFAULT NULL,
  `seen` tinyint(1) NOT NULL DEFAULT '0',
  PRIMARY KEY (`id`)
) ENGINE=InnoDB AUTO_INCREMENT=6 DEFAULT CHARSET=utf8mb4;

/*Data for the table `lesson_questions` */

insert  into `lesson_questions`(`id`,`user_id`,`course_id`,`lesson_id`,`question_title`,`question_description`,`created_at`,`updated_at`,`seen`) values 
(1,1000,47,1289,'i am getting error on my code please help!','<p>at 10:34&nbsp;i am getting error i did save as you showed but its not working</p>','2024-06-06 12:13:50','2024-06-06 12:13:50',0),
(2,1000,47,1290,'i am getting error on my code please help!','<p>i am getting error on my code please help!</p>','2024-06-06 13:03:03','2024-06-06 13:03:03',0),
(4,1000,47,323,'this is a test question','<p>hi this is a test question</p>','2024-06-08 14:55:17','2024-06-08 14:55:17',0),
(5,1028,72,1961,'Ini kenapa Materi Aneh ya','<p>hello apa kabar</p>','2025-03-14 09:15:17','2025-03-14 09:15:17',0);

/*Table structure for table `lesson_replies` */


CREATE TABLE `lesson_replies` (
  `id` bigint(20) unsigned NOT NULL AUTO_INCREMENT,
  `question_id` bigint(20) unsigned NOT NULL,
  `user_id` bigint(20) unsigned NOT NULL,
  `reply` text NOT NULL,
  `created_at` timestamp NULL DEFAULT NULL,
  `updated_at` timestamp NULL DEFAULT NULL,
  PRIMARY KEY (`id`),
  KEY `lesson_replies_question_id_foreign` (`question_id`),
  CONSTRAINT `lesson_replies_question_id_foreign` FOREIGN KEY (`question_id`) REFERENCES `lesson_questions` (`id`) ON DELETE CASCADE
) ENGINE=InnoDB AUTO_INCREMENT=6 DEFAULT CHARSET=utf8mb4;

/*Data for the table `lesson_replies` */

insert  into `lesson_replies`(`id`,`question_id`,`user_id`,`reply`,`created_at`,`updated_at`) values 
(1,1,1000,'<p>HI got the solution thanks</p>','2024-06-06 12:15:26','2024-06-06 12:15:26'),
(2,2,1000,'<p>hey this is a test&nbsp;</p>','2024-06-06 13:05:01','2024-06-06 13:05:01'),
(3,2,1000,'<p>hey hey hey!!</p>','2024-06-06 13:08:27','2024-06-06 13:08:27'),
(4,2,1000,'<p>issue fixed</p>','2024-06-06 13:09:50','2024-06-06 13:09:50'),
(5,4,1000,'<p>hi got the issue fixed</p>','2024-06-08 15:17:58','2024-06-08 15:17:58');

/*Table structure for table `menu_item_translations` */


CREATE TABLE `menu_item_translations` (
  `id` bigint(20) unsigned NOT NULL AUTO_INCREMENT,
  `menu_item_id` bigint(20) unsigned NOT NULL,
  `lang_code` varchar(255) NOT NULL,
  `label` varchar(255) NOT NULL,
  `created_at` timestamp NULL DEFAULT NULL,
  `updated_at` timestamp NULL DEFAULT NULL,
  PRIMARY KEY (`id`),
  KEY `menu_item_translations_menu_item_id_foreign` (`menu_item_id`),
  CONSTRAINT `menu_item_translations_menu_item_id_foreign` FOREIGN KEY (`menu_item_id`) REFERENCES `menu_items` (`id`) ON DELETE CASCADE
) ENGINE=InnoDB AUTO_INCREMENT=144 DEFAULT CHARSET=utf8mb4;

/*Data for the table `menu_item_translations` */

insert  into `menu_item_translations`(`id`,`menu_item_id`,`lang_code`,`label`,`created_at`,`updated_at`) values 
(1,1,'en','Home','2024-06-04 12:14:07','2024-06-04 12:14:07'),
(4,2,'en','ModulBelajar','2024-06-04 12:14:18','2025-03-05 13:06:35'),
(7,3,'en','Berita','2024-06-04 12:14:28','2025-03-05 12:50:59'),
(10,4,'en','About Us','2024-06-04 12:14:38','2024-06-04 12:14:38'),
(13,5,'en','Contact','2024-06-04 12:14:47','2024-06-04 12:14:47'),
(16,6,'en','Instructors','2024-06-04 12:14:56','2024-06-22 04:26:11'),
(19,7,'en','Home','2024-06-05 08:07:29','2024-06-05 08:07:29'),
(22,8,'en','Materi Belajar','2024-06-05 08:07:39','2025-03-05 13:43:30'),
(25,9,'en','Berita','2024-06-05 08:07:47','2025-03-05 13:43:38'),
(28,10,'en','Tentang Kami','2024-06-05 08:07:56','2025-03-05 13:43:51'),
(31,11,'en','Kontak Kami','2024-06-05 08:08:03','2025-03-05 13:44:01'),
(37,13,'en','Contact Us','2024-06-05 08:09:52','2024-06-05 08:10:06'),
(40,14,'en','Privacy Policy','2024-06-05 08:34:50','2024-06-05 08:34:50'),
(43,15,'en','Terms and Conditions','2024-06-05 08:35:19','2024-06-05 08:35:19'),
(46,16,'en','Become Teacher','2024-06-05 08:35:41','2024-06-05 08:35:41'),
(52,18,'en','All Instructors','2024-06-05 08:37:10','2024-06-05 08:37:10'),
(55,19,'en','Privacy Policy','2024-06-05 08:39:40','2024-06-05 08:39:40'),
(58,20,'en','Terms and Conditions','2024-06-05 08:40:08','2024-06-05 08:40:08'),
(61,21,'en','Privacy Policy','2024-06-07 19:26:31','2024-06-07 19:26:31'),
(64,22,'en','Terms and Conditions','2024-06-07 19:26:54','2024-06-07 19:26:54'),
(76,26,'en','MediaInteraktif','2025-03-05 12:55:41','2025-03-05 13:06:29'),
(77,27,'en','BestPractice','2025-03-05 12:56:38','2025-03-05 13:02:28'),
(122,1,'id','Home','2025-03-11 09:25:33','2025-03-11 09:25:33'),
(123,2,'id','Modul','2025-03-11 09:25:33','2025-03-11 13:24:05'),
(124,3,'id','Berita','2025-03-11 09:25:33','2025-03-11 09:25:33'),
(125,4,'id','About Us','2025-03-11 09:25:33','2025-03-11 09:25:33'),
(126,5,'id','Contact','2025-03-11 09:25:33','2025-03-11 09:25:33'),
(127,6,'id','Instructors','2025-03-11 09:25:33','2025-03-11 09:25:33'),
(128,7,'id','Home','2025-03-11 09:25:33','2025-03-11 09:25:33'),
(129,8,'id','Materi Belajar','2025-03-11 09:25:33','2025-03-11 09:25:33'),
(130,9,'id','Berita','2025-03-11 09:25:33','2025-03-11 09:25:33'),
(131,10,'id','Tentang Kami','2025-03-11 09:25:33','2025-03-11 09:25:33'),
(132,11,'id','Kontak Kami','2025-03-11 09:25:33','2025-03-11 09:25:33'),
(133,13,'id','Contact Us','2025-03-11 09:25:33','2025-03-11 09:25:33'),
(134,14,'id','Privacy Policy','2025-03-11 09:25:33','2025-03-11 09:25:33'),
(135,15,'id','Terms and Conditions','2025-03-11 09:25:33','2025-03-11 09:25:33'),
(136,16,'id','Become Teacher','2025-03-11 09:25:33','2025-03-11 09:25:33'),
(137,18,'id','All Instructors','2025-03-11 09:25:33','2025-03-11 09:25:33'),
(138,19,'id','Privacy Policy','2025-03-11 09:25:33','2025-03-11 09:25:33'),
(139,20,'id','Terms and Conditions','2025-03-11 09:25:33','2025-03-11 09:25:33'),
(140,21,'id','Privacy Policy','2025-03-11 09:25:33','2025-03-11 09:25:33'),
(141,22,'id','Terms and Conditions','2025-03-11 09:25:33','2025-03-11 09:25:33'),
(142,26,'id','Media Interaktif','2025-03-11 09:25:33','2025-03-11 13:24:42'),
(143,27,'id','Best Practice','2025-03-11 09:25:33','2025-03-11 13:24:55');

/*Table structure for table `menu_items` */


CREATE TABLE `menu_items` (
  `id` bigint(20) unsigned NOT NULL AUTO_INCREMENT,
  `label` varchar(255) NOT NULL,
  `link` varchar(255) NOT NULL,
  `parent_id` bigint(20) unsigned NOT NULL DEFAULT '0',
  `sort` int(11) NOT NULL DEFAULT '0',
  `class` varchar(255) DEFAULT NULL,
  `menu_id` bigint(20) unsigned NOT NULL,
  `depth` int(11) NOT NULL DEFAULT '0',
  `created_at` timestamp NULL DEFAULT NULL,
  `updated_at` timestamp NULL DEFAULT NULL,
  `role_id` int(11) NOT NULL DEFAULT '0',
  PRIMARY KEY (`id`),
  KEY `menu_items_menu_id_foreign` (`menu_id`),
  CONSTRAINT `menu_items_menu_id_foreign` FOREIGN KEY (`menu_id`) REFERENCES `menus` (`id`) ON DELETE CASCADE ON UPDATE CASCADE
) ENGINE=InnoDB AUTO_INCREMENT=28 DEFAULT CHARSET=utf8mb4;

/*Data for the table `menu_items` */

insert  into `menu_items`(`id`,`label`,`link`,`parent_id`,`sort`,`class`,`menu_id`,`depth`,`created_at`,`updated_at`,`role_id`) values 
(1,'Home','/',0,0,NULL,9,0,'2024-06-04 12:14:07','2024-06-22 17:23:30',0),
(2,'Modul','/courses',0,2,NULL,9,0,'2024-06-04 12:14:18','2025-03-11 13:24:05',0),
(3,'Berita','/blog',0,1,NULL,9,0,'2024-06-04 12:14:28','2025-03-05 12:52:34',0),
(4,'About Us','/about-us',5,9,NULL,9,1,'2024-06-04 12:14:38','2025-03-05 13:01:49',0),
(5,'Contact','/contact',0,8,NULL,9,0,'2024-06-04 12:14:47','2025-03-05 13:01:49',0),
(6,'Instructors','/all-instructors',27,5,NULL,9,1,'2024-06-04 12:14:56','2025-03-05 13:02:28',0),
(7,'Home','/',0,0,NULL,10,0,'2024-06-05 08:07:29','2024-06-05 08:07:39',0),
(8,'Materi Belajar','/courses',0,1,NULL,10,0,'2024-06-05 08:07:39','2025-03-05 13:43:30',0),
(9,'Berita','/blog',0,2,NULL,10,0,'2024-06-05 08:07:47','2025-03-05 13:43:38',0),
(10,'Tentang Kami','/about-us',0,3,NULL,10,0,'2024-06-05 08:07:56','2025-03-05 13:43:51',0),
(11,'Kontak Kami','/contact',0,4,NULL,10,0,'2024-06-05 08:08:03','2025-03-05 13:44:01',0),
(13,'Contact Us','/contact',0,0,NULL,13,0,'2024-06-05 08:09:52','2024-06-05 08:10:06',0),
(14,'Privacy Policy','/page/privacy-policy',0,1,NULL,13,0,'2024-06-05 08:34:50','2024-06-05 08:34:50',0),
(15,'Terms and Conditions','/page/terms-and-conditions',0,2,NULL,13,0,'2024-06-05 08:35:19','2024-06-05 08:35:19',0),
(16,'Become Teacher','/register',0,3,NULL,13,0,'2024-06-05 08:35:41','2024-06-05 08:35:41',0),
(18,'All Instructors','/all-instructors',0,4,NULL,13,0,'2024-06-05 08:37:10','2024-06-11 06:31:36',0),
(19,'Privacy Policy','/page/privacy-policy',0,0,NULL,14,0,'2024-06-05 08:39:40','2024-06-05 08:40:08',0),
(20,'Terms and Conditions','/page/terms-and-conditions',0,2,NULL,14,0,'2024-06-05 08:40:08','2024-06-05 08:40:08',0),
(21,'Privacy Policy','/page/privacy-policy',27,7,NULL,9,1,'2024-06-07 19:26:31','2025-03-05 13:01:29',0),
(22,'Terms and Conditions','/page/terms-and-conditions',27,6,NULL,9,1,'2024-06-07 19:26:54','2025-03-05 13:01:23',0),
(26,'Media Interaktif','detik.com',0,3,NULL,9,0,'2025-03-05 12:55:41','2025-03-11 13:24:42',0),
(27,'Best Practice','/best',0,4,NULL,9,0,'2025-03-05 12:56:38','2025-03-11 13:24:55',0);

/*Table structure for table `menu_translations` */


CREATE TABLE `menu_translations` (
  `id` bigint(20) unsigned NOT NULL AUTO_INCREMENT,
  `menu_id` bigint(20) unsigned NOT NULL,
  `lang_code` varchar(255) NOT NULL,
  `name` varchar(255) NOT NULL,
  `created_at` timestamp NULL DEFAULT NULL,
  `updated_at` timestamp NULL DEFAULT NULL,
  PRIMARY KEY (`id`),
  KEY `menu_translations_menu_id_foreign` (`menu_id`),
  CONSTRAINT `menu_translations_menu_id_foreign` FOREIGN KEY (`menu_id`) REFERENCES `menus` (`id`) ON DELETE CASCADE
) ENGINE=InnoDB AUTO_INCREMENT=51 DEFAULT CHARSET=utf8mb4;

/*Data for the table `menu_translations` */

insert  into `menu_translations`(`id`,`menu_id`,`lang_code`,`name`,`created_at`,`updated_at`) values 
(7,9,'en','Nav Menu','2024-05-23 13:10:20','2024-06-30 13:03:48'),
(9,10,'en','Footer Col One','2024-05-26 07:25:04','2024-07-03 05:13:21'),
(15,13,'en','footer_col_two','2024-05-26 07:25:37','2024-05-26 07:25:37'),
(17,14,'en','footer_col_three','2024-05-26 07:32:09','2024-05-26 07:32:09'),
(23,9,'bn','nav_menu','2024-05-31 18:14:54','2024-05-31 18:14:54'),
(24,10,'bn','footer_col_one','2024-05-31 18:14:54','2024-05-31 18:14:54'),
(25,13,'bn','footer_col_two','2024-05-31 18:14:54','2024-05-31 18:14:54'),
(26,14,'bn','footer_col_three','2024-05-31 18:14:54','2024-05-31 18:14:54'),
(47,9,'id','Nav Menu','2025-03-11 09:25:33','2025-03-11 09:25:33'),
(48,10,'id','Footer Col One','2025-03-11 09:25:33','2025-03-11 09:25:33'),
(49,13,'id','footer_col_two','2025-03-11 09:25:33','2025-03-11 09:25:33'),
(50,14,'id','footer_col_three','2025-03-11 09:25:33','2025-03-11 09:25:33');

/*Table structure for table `menus` */


CREATE TABLE `menus` (
  `id` bigint(20) unsigned NOT NULL AUTO_INCREMENT,
  `name` varchar(255) NOT NULL,
  `slug` varchar(255) NOT NULL,
  `created_at` timestamp NULL DEFAULT NULL,
  `updated_at` timestamp NULL DEFAULT NULL,
  PRIMARY KEY (`id`)
) ENGINE=InnoDB AUTO_INCREMENT=15 DEFAULT CHARSET=utf8mb4;

/*Data for the table `menus` */

insert  into `menus`(`id`,`name`,`slug`,`created_at`,`updated_at`) values 
(9,'Nav Menu','nav-menu','2024-05-23 13:10:20','2024-07-03 05:12:49'),
(10,'Footer Col One','footer-col-one','2024-05-26 07:25:04','2024-07-03 05:13:21'),
(13,'footer_col_two','footer-col-two-1PiTN','2024-05-26 07:25:37','2024-05-26 07:25:37'),
(14,'footer_col_three','footer-col-three','2024-05-26 07:32:09','2024-05-26 07:32:09');

/*Table structure for table `migrations` */


CREATE TABLE `migrations` (
  `id` int(10) unsigned NOT NULL AUTO_INCREMENT,
  `migration` varchar(255) NOT NULL,
  `batch` int(11) NOT NULL,
  PRIMARY KEY (`id`)
) ENGINE=InnoDB AUTO_INCREMENT=113 DEFAULT CHARSET=utf8mb4;

/*Data for the table `migrations` */

insert  into `migrations`(`id`,`migration`,`batch`) values 
(1,'2014_10_12_000000_create_users_table',1),
(2,'2014_10_12_100000_create_password_reset_tokens_table',1),
(3,'2019_08_19_000000_create_failed_jobs_table',1),
(4,'2019_12_14_000001_create_personal_access_tokens_table',1),
(5,'2023_11_05_045432_create_admins_table',1),
(6,'2023_11_05_114814_create_languages_table',1),
(7,'2023_11_06_043247_create_settings_table',1),
(8,'2023_11_06_054251_create_seo_settings_table',1),
(9,'2023_11_06_094842_create_custom_paginations_table',1),
(10,'2023_11_06_115856_create_email_templates_table',1),
(11,'2023_11_07_051924_create_multi_currencies_table',1),
(12,'2023_11_07_103108_create_basic_payments_table',1),
(13,'2023_11_07_104315_create_blog_categories_table',1),
(14,'2023_11_07_104328_create_blog_category_translations_table',1),
(15,'2023_11_07_104336_create_blogs_table',1),
(16,'2023_11_07_104343_create_blog_translations_table',1),
(17,'2023_11_07_104546_create_blog_comments_table',1),
(18,'2023_11_09_035236_create_payment_gateways_table',1),
(19,'2023_11_09_100621_create_jobs_table',1),
(20,'2023_11_16_035458_add_user_info_to_users',1),
(21,'2023_11_16_061508_add_forget_info_to_users',1),
(22,'2023_11_16_063639_add_phone_to_users',1),
(23,'2023_11_19_055229_add_image_to_users',1),
(24,'2023_11_19_064341_create_banned_histories_table',1),
(25,'2023_11_21_043030_create_news_letters_table',1),
(26,'2023_11_21_094702_create_contact_messages_table',1),
(27,'2023_11_22_105539_create_permission_tables',1),
(28,'2023_11_29_055540_create_orders_table',1),
(29,'2023_11_29_095126_create_coupons_table',1),
(30,'2023_11_29_104658_create_testimonials_table',1),
(31,'2023_11_29_104704_create_testimonial_translations_table',1),
(32,'2023_11_29_105234_create_coupon_histories_table',1),
(33,'2023_11_29_113632_add_min_price_to_coupon',1),
(34,'2023_11_30_044838_create_faqs_table',1),
(35,'2023_11_30_044844_create_faq_translations_table',1),
(36,'2023_11_30_095404_add_wallet_balance_to_users',1),
(37,'2023_12_04_071839_create_withraw_methods_table',1),
(38,'2023_12_04_095319_create_withdraw_requests_table',1),
(39,'2024_01_01_054644_create_socialite_credentials_table',1),
(40,'2024_01_03_092007_create_custom_codes_table',1),
(41,'2024_02_28_064128_add_forgot_info_to_admins',1),
(42,'2024_03_28_095207_create_menus_wp_table',1),
(43,'2024_03_28_095208_create_menu_translations_table',1),
(44,'2024_03_28_095209_create_menu_items_wp_table',1),
(45,'2024_03_28_095210_create_menu_item_translations_table',1),
(46,'2024_03_28_095211_add-role-id-to-menu-items-table',1),
(47,'2024_04_03_042331_add_new_columns_to_users',1),
(48,'2024_04_03_044043_create_user_education_table',1),
(49,'2024_04_03_044103_create_user_experiences_table',1),
(50,'2024_04_03_044134_create_user_skill_topics_table',1),
(51,'2024_04_05_060046_create_countries_table',1),
(52,'2024_04_05_060133_create_states_table',1),
(53,'2024_04_05_060149_create_cities_table',1),
(54,'2024_04_08_041719_create_instructor_requests_table',1),
(55,'2024_04_08_042513_create_instructor_request_settings_table',1),
(56,'2024_04_15_103628_create_course_categories_table',1),
(57,'2024_04_15_112656_create_course_category_translations_table',1),
(58,'2024_04_18_031942_create_course_languages_table',1),
(59,'2024_04_18_044110_create_course_levels_table',1),
(60,'2024_04_18_044125_create_course_level_translations_table',1),
(61,'2024_04_18_070749_create_courses_table',1),
(62,'2024_04_21_093245_create_course_partner_instructors_table',1),
(63,'2024_04_21_094654_create_course_selected_levels_table',1),
(64,'2024_04_21_094841_create_course_selected_languages_table',1),
(65,'2024_04_21_095342_create_course_selected_filter_options_table',1),
(66,'2024_04_22_114039_create_course_chapters_table',1),
(67,'2024_04_23_090340_create_course_chapter_items_table',1),
(68,'2024_04_23_090700_create_course_chapter_lessons_table',1),
(69,'2024_04_24_093046_create_quizzes_table',1),
(70,'2024_04_24_114441_create_quiz_questions_table',1),
(71,'2024_04_28_034905_create_quiz_question_answers_table',1),
(72,'2024_05_06_094927_create_order_items_table',1),
(73,'2024_05_06_094946_create_enrollments_table',1),
(74,'2024_05_12_035535_create_course_progress_table',1),
(75,'2024_05_13_041532_create_quiz_results_table',1),
(76,'2024_05_13_101033_create_lesson_questions_table',1),
(77,'2024_05_13_101258_create_lesson_replies_table',1),
(78,'2024_05_14_095807_create_announcements_table',1),
(79,'2024_05_14_114640_create_course_reviews_table',1),
(80,'2024_05_16_034644_create_certificate_builders_table',1),
(81,'2024_05_16_041919_create_certificate_builder_items_table',1),
(82,'2024_05_16_110701_create_badges_table',1),
(83,'2024_05_20_052819_create_brands_table',1),
(84,'2024_05_20_094331_create_featured_course_sections_table',1),
(85,'2024_05_21_060612_create_featured_instructors_table',1),
(86,'2024_05_21_060634_create_featured_instructor_translations_table',1),
(87,'2024_05_26_032547_create_section_settings_table',1),
(88,'2024_05_26_052359_create_footer_settings_table',1),
(89,'2024_05_26_065953_create_social_links_table',1),
(90,'2024_05_26_164008_create_contact_sections_table',1),
(91,'2024_05_27_045919_create_custom_pages_table',1),
(92,'2024_05_27_050016_create_custom_page_translations_table',1),
(93,'2024_06_02_045115_add_softdelete_to_courses_table',1),
(94,'2024_06_02_080423_create_course_delete_requests_table',1),
(95,'2024_02_10_060044_create_configurations_table',1),
(96,'2024_09_01_042120_create_course_live_classes_table',1),
(97,'2024_09_01_042119_create_zoom_credentials_table',1),
(98,'2024_09_04_122554_create_jitsi_settings_table',1),
(99,'2024_09_10_103347_create_marketing_settings_table',1),
(100,'2024_09_29_090219_create_instructor_request_setting_translations_table',2),
(101,'2024_10_08_060425_create_homes_table',3),
(102,'2024_10_08_060618_create_sections_table',3),
(103,'2024_10_08_060636_create_section_translations_table',3);

/*Table structure for table `model_has_permissions` */


CREATE TABLE `model_has_permissions` (
  `permission_id` bigint(20) unsigned NOT NULL,
  `model_type` varchar(255) NOT NULL,
  `model_id` bigint(20) unsigned NOT NULL,
  PRIMARY KEY (`permission_id`,`model_id`,`model_type`),
  KEY `model_has_permissions_model_id_model_type_index` (`model_id`,`model_type`),
  CONSTRAINT `model_has_permissions_permission_id_foreign` FOREIGN KEY (`permission_id`) REFERENCES `permissions` (`id`) ON DELETE CASCADE
) ENGINE=InnoDB DEFAULT CHARSET=utf8mb4;

/*Data for the table `model_has_permissions` */

/*Table structure for table `model_has_roles` */


CREATE TABLE `model_has_roles` (
  `role_id` bigint(20) unsigned NOT NULL,
  `model_type` varchar(255) NOT NULL,
  `model_id` bigint(20) unsigned NOT NULL,
  PRIMARY KEY (`role_id`,`model_id`,`model_type`),
  KEY `model_has_roles_model_id_model_type_index` (`model_id`,`model_type`),
  CONSTRAINT `model_has_roles_role_id_foreign` FOREIGN KEY (`role_id`) REFERENCES `roles` (`id`) ON DELETE CASCADE
) ENGINE=InnoDB DEFAULT CHARSET=utf8mb4;

/*Data for the table `model_has_roles` */

insert  into `model_has_roles`(`role_id`,`model_type`,`model_id`) values 
(1,'App\\Models\\Admin',1);

/*Table structure for table `multi_currencies` */


CREATE TABLE `multi_currencies` (
  `id` bigint(20) unsigned NOT NULL AUTO_INCREMENT,
  `currency_name` varchar(255) NOT NULL,
  `country_code` varchar(255) NOT NULL,
  `currency_code` varchar(255) NOT NULL,
  `currency_icon` varchar(255) NOT NULL,
  `is_default` varchar(255) NOT NULL,
  `currency_rate` float NOT NULL,
  `currency_position` varchar(255) NOT NULL DEFAULT 'before_price',
  `status` varchar(255) NOT NULL,
  `created_at` timestamp NULL DEFAULT NULL,
  `updated_at` timestamp NULL DEFAULT NULL,
  PRIMARY KEY (`id`)
) ENGINE=InnoDB AUTO_INCREMENT=8 DEFAULT CHARSET=utf8mb4;

/*Data for the table `multi_currencies` */

insert  into `multi_currencies`(`id`,`currency_name`,`country_code`,`currency_code`,`currency_icon`,`is_default`,`currency_rate`,`currency_position`,`status`,`created_at`,`updated_at`) values 
(1,'$-USD','US','USD','$','no',1,'before_price','active','2024-06-03 09:02:30','2025-02-25 12:20:17'),
(2,'RUPIAH','INA','IDR','Rp','yes',16500,'before_price','active','2024-06-03 09:02:30','2025-02-25 12:20:17');

/*Data for the table `news_letters` */

/*Table structure for table `order_items` */


CREATE TABLE `order_items` (
  `id` bigint(20) unsigned NOT NULL AUTO_INCREMENT,
  `order_id` bigint(20) unsigned NOT NULL,
  `qty` int(11) NOT NULL DEFAULT '1',
  `price` double NOT NULL,
  `item_type` enum('course','product') NOT NULL DEFAULT 'course',
  `product_id` bigint(20) unsigned DEFAULT NULL,
  `course_id` bigint(20) unsigned NOT NULL,
  `commission_rate` int(11) DEFAULT NULL,
  `created_at` timestamp NULL DEFAULT NULL,
  `updated_at` timestamp NULL DEFAULT NULL,
  PRIMARY KEY (`id`),
  KEY `order_items_order_id_foreign` (`order_id`),
  CONSTRAINT `order_items_order_id_foreign` FOREIGN KEY (`order_id`) REFERENCES `orders` (`id`) ON DELETE CASCADE
) ENGINE=InnoDB AUTO_INCREMENT=30 DEFAULT CHARSET=utf8mb4;

/*Data for the table `order_items` */

insert  into `order_items`(`id`,`order_id`,`qty`,`price`,`item_type`,`product_id`,`course_id`,`commission_rate`,`created_at`,`updated_at`) values 
(1,1,1,62,'course',NULL,58,0,'2024-06-06 12:07:32','2024-06-06 12:07:32'),
(2,1,1,94,'course',NULL,47,0,'2024-06-06 12:07:32','2024-06-06 12:07:32'),
(3,2,1,138,'course',NULL,69,30,'2024-06-09 12:37:11','2024-06-09 12:37:11'),
(4,3,1,181,'course',NULL,6,30,'2024-06-09 12:44:32','2024-06-09 12:44:32'),
(5,4,1,123,'course',NULL,64,30,'2024-06-09 12:48:08','2024-06-09 12:48:08'),
(6,5,1,63,'course',NULL,61,30,'2024-06-09 13:05:24','2024-06-09 13:05:24'),
(7,6,1,72,'course',NULL,30,30,'2024-06-09 13:17:03','2024-06-09 13:17:03'),
(8,7,1,84,'course',NULL,29,30,'2024-06-09 13:22:55','2024-06-09 13:22:55'),
(9,8,1,173,'course',NULL,26,30,'2024-06-09 13:26:13','2024-06-09 13:26:13'),
(10,9,1,72,'course',NULL,16,30,'2024-06-15 07:23:37','2024-06-15 07:23:37'),
(11,10,1,181,'course',NULL,6,30,'2024-06-15 07:35:03','2024-06-15 07:35:03'),
(12,11,1,155,'course',NULL,65,30,'2024-06-26 07:52:41','2024-06-26 07:52:41'),
(13,12,1,0,'course',NULL,70,30,'2025-03-04 17:07:23','2025-03-04 17:07:23'),
(14,13,1,0,'course',NULL,70,30,'2025-03-04 17:07:39','2025-03-04 17:07:39'),
(15,14,1,76,'course',NULL,67,30,'2025-03-04 17:14:57','2025-03-04 17:14:57'),
(16,15,1,173,'course',NULL,59,30,'2025-03-06 07:34:44','2025-03-06 07:34:44'),
(17,16,1,0,'course',NULL,71,30,'2025-03-07 11:04:15','2025-03-07 11:04:15'),
(18,17,1,0,'course',NULL,71,30,'2025-03-07 11:04:24','2025-03-07 11:04:24'),
(19,18,1,173,'course',NULL,59,30,'2025-03-07 11:05:08','2025-03-07 11:05:08'),
(20,19,1,0,'course',NULL,71,30,'2025-03-07 11:51:53','2025-03-07 11:51:53'),
(21,20,1,193,'course',NULL,34,30,'2025-03-10 12:24:49','2025-03-10 12:24:49'),
(22,21,1,0,'course',NULL,71,30,'2025-03-10 12:25:35','2025-03-10 12:25:35'),
(23,22,1,0,'course',NULL,71,30,'2025-03-10 14:14:13','2025-03-10 14:14:13'),
(24,23,1,0,'course',NULL,71,30,'2025-03-10 14:17:36','2025-03-10 14:17:36'),
(25,24,1,0,'course',NULL,72,30,'2025-03-12 10:25:34','2025-03-12 10:25:34'),
(26,25,1,0,'course',NULL,72,30,'2025-03-13 12:32:45','2025-03-13 12:32:45'),
(27,25,1,0,'course',NULL,71,30,'2025-03-13 12:32:45','2025-03-13 12:32:45'),
(28,26,1,0,'course',NULL,72,30,'2025-03-14 09:04:22','2025-03-14 09:04:22'),
(29,27,1,0,'course',NULL,71,30,'2025-03-14 09:35:59','2025-03-14 09:35:59');

/*Table structure for table `orders` */


CREATE TABLE `orders` (
  `id` bigint(20) unsigned NOT NULL AUTO_INCREMENT,
  `invoice_id` text,
  `buyer_id` bigint(20) unsigned DEFAULT NULL,
  `seller_id` bigint(20) unsigned DEFAULT NULL,
  `status` enum('pending','processing','completed','declined') NOT NULL DEFAULT 'pending',
  `has_coupon` tinyint(1) NOT NULL DEFAULT '0',
  `coupon_code` varchar(255) DEFAULT NULL,
  `coupon_discount_percent` int(11) DEFAULT NULL,
  `coupon_discount_amount` double DEFAULT NULL,
  `payment_method` varchar(255) DEFAULT NULL,
  `payment_status` varchar(255) DEFAULT NULL,
  `payable_amount` double DEFAULT NULL,
  `gateway_charge` double DEFAULT NULL,
  `payable_with_charge` double DEFAULT NULL,
  `paid_amount` double DEFAULT NULL,
  `conversion_rate` double DEFAULT NULL,
  `payable_currency` varchar(255) DEFAULT NULL,
  `payment_details` text,
  `transaction_id` varchar(255) DEFAULT NULL,
  `commission_rate` int(11) DEFAULT NULL,
  `created_at` timestamp NULL DEFAULT NULL,
  `updated_at` timestamp NULL DEFAULT NULL,
  PRIMARY KEY (`id`)
) ENGINE=InnoDB AUTO_INCREMENT=28 DEFAULT CHARSET=utf8mb4;

/*Data for the table `orders` */

insert  into `orders`(`id`,`invoice_id`,`buyer_id`,`seller_id`,`status`,`has_coupon`,`coupon_code`,`coupon_discount_percent`,`coupon_discount_amount`,`payment_method`,`payment_status`,`payable_amount`,`gateway_charge`,`payable_with_charge`,`paid_amount`,`conversion_rate`,`payable_currency`,`payment_details`,`transaction_id`,`commission_rate`,`created_at`,`updated_at`) values 
(1,'FE3JCGKStj',1000,NULL,'completed',0,NULL,NULL,NULL,'Flutterwave','paid',156,0,156,156,1,'USD','{\"status\":\"success\",\"trx_id\":\"5818032\",\"amount\":156,\"amount_settled\":150.07,\"currency\":\"USD\",\"charged_amount\":156,\"app_fee\":5.93,\"merchant_fee\":0,\"card_last_4digits\":\"2950\"}','5818032',0,'2024-06-06 12:07:32','2024-06-06 12:07:32'),
(2,'uy6Pl55gsG',1001,NULL,'completed',0,NULL,NULL,NULL,'Stripe','paid',138,0,13800,138,1,'USD','{\"transaction_id\":\"txn_3PPk3dLdrMGLvvfW1kqS2xCP\",\"amount\":13800,\"currency\":\"usd\",\"paid\":true,\"description\":\"SkillGro\",\"seller_message\":\"Payment complete.\",\"payment_method\":\"card_1PPk3bLdrMGLvvfWKGS6lTor\",\"card_last4_digit\":\"4242\",\"card_brand\":\"visa - US\",\"receipt_url\":\"https:\\/\\/pay.stripe.com\\/receipts\\/payment\\/CAcaFwoVYWNjdF8xRkRScGdMZHJNR0x2dmZXKOanlrMGMgaoQkY_t7M6LBbe_dXQUMlfvpP6O4v1obxE4nKuqXe4p-0ucB4ae-P16KoMlGMdWP3VCGxE\",\"status\":\"succeeded\"}','txn_3PPk3dLdrMGLvvfW1kqS2xCP',30,'2024-06-09 12:37:11','2024-06-09 12:37:11'),
(3,'Y6V9yaMGWg',1001,NULL,'completed',0,NULL,NULL,NULL,'Paypal','paid',181,0,181,181,1,'USD','{\"payments_captures_id\":\"35R48768H8121462T\",\"amount\":\"181.00\",\"currency\":\"USD\",\"paid\":\"181.00\",\"paypal_fee\":\"6.81\",\"net_amount\":\"174.19\",\"status\":\"COMPLETED\"}','VBPTMXM3S298Y',30,'2024-06-09 12:44:32','2024-06-09 12:44:32'),
(4,'NqfBN3KSr0',1000,NULL,'completed',0,NULL,NULL,NULL,'Bank','paid',123,0,123,123,1,'USD','{\"bank_name\":\"Your bank name\",\"account_number\":\"Your bank account number\",\"routing_number\":\"Your bank routing number\",\"branch\":\"Your bank branch name\"}','BpT7bczHtz',30,'2024-06-09 12:48:07','2024-06-09 12:49:26'),
(5,'m3VJws2OyI',1000,NULL,'completed',0,NULL,NULL,NULL,'Razorpay','paid',63,0,4703.58,4703.58,74.66,'INR','{\"transaction_id\":\"pay_OKej5bnGWzRZCA\",\"amount\":470358,\"currency\":\"INR\",\"fee\":11102,\"description\":\"This is test payment window\",\"payment_method\":\"card\",\"status\":\"captured\"}','pay_OKej5bnGWzRZCA',30,'2024-06-09 13:05:24','2024-06-09 13:05:24'),
(6,'NF5DxoYH4J',1000,NULL,'completed',0,NULL,NULL,NULL,'Mollie','paid',72,0,72,72,1,'USD','null','tr_b3VUj7PR7Y',30,'2024-06-09 13:17:03','2024-06-09 13:17:03'),
(7,'CqWcTVARJ3',1000,NULL,'completed',0,NULL,NULL,NULL,'Instamojo','paid',84,0,6271.44,6271.44,74.66,'INR','null','MOJO4609T05A47578562',30,'2024-06-09 13:22:55','2024-06-09 13:22:55'),
(8,'lt4LhLaVUT',1000,NULL,'completed',0,NULL,NULL,NULL,'Paystack','paid',173,0,72201.55,72201.55,417.35,'NGN','{\"status\":\"success\",\"transaction_id\":\"3863688008\",\"requested_amount\":7220155,\"amount\":7220155,\"currency\":\"NGN\",\"gateway_response\":\"Successful\",\"paid_at\":\"2024-06-09T12:26:09.000Z\",\"card_last_4_digits\":\"4081\"}','3863688008',30,'2024-06-09 13:26:13','2024-06-09 13:26:13'),
(9,'F99j0kwFgv',1000,NULL,'completed',0,NULL,NULL,NULL,'Instamojo','paid',72,0,5375.52,5375.52,74.66,'INR','null','MOJO4615W05A96772483',30,'2024-06-15 07:23:37','2024-06-15 07:23:37'),
(10,'B9X20FQ0H6',1000,NULL,'completed',0,NULL,NULL,NULL,'Flutterwave','paid',181,0,181,181,1,'USD','{\"status\":\"success\",\"trx_id\":\"5834704\",\"amount\":181,\"amount_settled\":174.12,\"currency\":\"USD\",\"charged_amount\":181,\"app_fee\":6.88,\"merchant_fee\":0,\"card_last_4digits\":\"2950\"}','5834704',30,'2024-06-15 07:35:03','2024-06-15 07:35:03'),
(11,'JzN5lSt2yW',1001,NULL,'completed',0,NULL,NULL,NULL,'Flutterwave','paid',155,0,155,155,1,'USD','{\"status\":\"success\",\"trx_id\":\"5853037\",\"amount\":155,\"amount_settled\":149.11,\"currency\":\"USD\",\"charged_amount\":155,\"app_fee\":5.89,\"merchant_fee\":0,\"card_last_4digits\":\"2950\"}','5853037',30,'2024-06-26 07:52:41','2024-06-26 07:52:41'),
(12,'FIyPckTzBp',1019,NULL,'completed',0,NULL,NULL,NULL,'Free','paid',0,0,0,0,16500,'IDR','[]','2tZt6mwOHk',30,'2025-03-04 17:07:23','2025-03-04 17:07:23'),
(13,'mUn8Zxtf7i',1019,NULL,'completed',0,NULL,NULL,NULL,'Free','paid',0,0,0,0,16500,'IDR','[]','N5Ew0L9dyT',30,'2025-03-04 17:07:39','2025-03-04 17:07:39'),
(14,'uMUIcebGeq',1019,NULL,'completed',0,NULL,NULL,NULL,'Bank','paid',76,0,76,76,1,'IDR','{\"bank_name\":\"Riza\",\"account_number\":\"43243289\",\"routing_number\":\"38743298\",\"branch\":\"Bandung\"}','5kWsGFMSbn',30,'2025-03-04 17:14:57','2025-03-04 17:15:51'),
(15,'enA17XfEic',1020,NULL,'completed',0,NULL,NULL,NULL,'Bank','paid',173,0,173,173,1,'IDR','{\"bank_name\":\"test\",\"account_number\":\"tes\",\"routing_number\":\"te\",\"branch\":\"test\"}','hQ43N1bDtK',30,'2025-03-06 07:34:44','2025-03-06 07:38:47'),
(16,'uHjLePaJ1v',1021,NULL,'completed',0,NULL,NULL,NULL,'Free','paid',0,0,0,0,16500,'IDR','[]','58FOIfn0jy',30,'2025-03-07 11:04:15','2025-03-07 11:04:15'),
(17,'INX4C1YUKs',1021,NULL,'completed',0,NULL,NULL,NULL,'Free','paid',0,0,0,0,16500,'IDR','[]','gQcwpcyyoz',30,'2025-03-07 11:04:24','2025-03-07 11:04:24'),
(18,'wxt0IXxeTs',1021,NULL,'completed',0,NULL,NULL,NULL,'Bank','paid',173,0,173,173,1,'IDR','{\"bank_name\":\"Riza\",\"account_number\":\"Riza\",\"routing_number\":\"RizaR\",\"branch\":\"Riza\"}','KkOBqbnCtG',30,'2025-03-07 11:05:08','2025-03-07 11:06:19'),
(19,'9Z6IXNckYz',1022,NULL,'completed',0,NULL,NULL,NULL,'Free','paid',0,0,0,0,16500,'IDR','[]','p1MCvtwvH7',30,'2025-03-07 11:51:53','2025-03-07 11:51:53'),
(20,'TXwL51tWZ0',1023,NULL,'completed',0,NULL,NULL,NULL,'Bank','paid',193,0,193,193,1,'IDR','{\"bank_name\":\"te\",\"account_number\":\"te\",\"routing_number\":\"tes\",\"branch\":\"test\"}','IiWP5StB5D',30,'2025-03-10 12:24:49','2025-03-12 09:27:34'),
(21,'Mu0tfA36Gu',1023,NULL,'completed',0,NULL,NULL,NULL,'Free','paid',0,0,0,0,16500,'IDR','[]','PmMHwUGJmd',30,'2025-03-10 12:25:35','2025-03-10 12:25:35'),
(22,'iHyWWTCIfY',1023,NULL,'completed',0,NULL,NULL,NULL,'Free','paid',0,0,0,0,16500,'IDR','[]','vDlRlT6tH3',30,'2025-03-10 14:14:13','2025-03-10 14:14:13'),
(23,'vJdocn2xnl',1024,NULL,'completed',0,NULL,NULL,NULL,'Free','paid',0,0,0,0,16500,'IDR','[]','LNUp6OfEUF',30,'2025-03-10 14:17:36','2025-03-10 14:17:36'),
(24,'os54VCaXuO',1026,NULL,'completed',0,NULL,NULL,NULL,'Free','paid',0,0,0,0,16500,'IDR','[]','8uAeT9quGu',30,'2025-03-12 10:25:34','2025-03-12 10:25:34'),
(25,'KLPPcv18zC',1027,NULL,'completed',0,NULL,NULL,NULL,'Free','paid',0,0,0,0,16500,'IDR','[]','pKTb1Hw25o',30,'2025-03-13 12:32:45','2025-03-13 12:32:45'),
(26,'eCxPUCd3rk',1028,NULL,'completed',0,NULL,NULL,NULL,'Free','paid',0,0,0,0,16500,'IDR','[]','OLcCcXHT6X',30,'2025-03-14 09:04:22','2025-03-14 09:04:22'),
(27,'7KpoWz2TNg',1028,NULL,'completed',0,NULL,NULL,NULL,'Free','paid',0,0,0,0,16500,'IDR','[]','8rMbg18xRo',30,'2025-03-14 09:35:59','2025-03-14 09:35:59');

/*Table structure for table `permissions` */


CREATE TABLE `permissions` (
  `id` bigint(20) unsigned NOT NULL AUTO_INCREMENT,
  `name` varchar(255) NOT NULL,
  `guard_name` varchar(255) NOT NULL,
  `group_name` varchar(255) DEFAULT NULL,
  `created_at` timestamp NULL DEFAULT NULL,
  `updated_at` timestamp NULL DEFAULT NULL,
  PRIMARY KEY (`id`),
  UNIQUE KEY `permissions_name_guard_name_unique` (`name`,`guard_name`)
) ENGINE=InnoDB AUTO_INCREMENT=114 DEFAULT CHARSET=utf8mb4;

/*Data for the table `permissions` */

insert  into `permissions`(`id`,`name`,`guard_name`,`group_name`,`created_at`,`updated_at`) values 
(1,'dashboard.view','admin','dashboard','2024-06-03 09:02:30','2024-06-03 09:02:30'),
(2,'admin.profile.view','admin','admin profile','2024-06-03 09:02:30','2024-06-03 09:02:30'),
(3,'admin.profile.edit','admin','admin profile','2024-06-03 09:02:30','2024-06-03 09:02:30'),
(4,'admin.profile.update','admin','admin profile','2024-06-03 09:02:30','2024-06-03 09:02:30'),
(5,'admin.profile.delete','admin','admin profile','2024-06-03 09:02:30','2024-06-03 09:02:30'),
(6,'admin.view','admin','admin','2024-06-03 09:02:30','2024-06-03 09:02:30'),
(7,'admin.create','admin','admin','2024-06-03 09:02:30','2024-06-03 09:02:30'),
(8,'admin.store','admin','admin','2024-06-03 09:02:30','2024-06-03 09:02:30'),
(9,'admin.edit','admin','admin','2024-06-03 09:02:30','2024-06-03 09:02:30'),
(10,'admin.update','admin','admin','2024-06-03 09:02:30','2024-06-03 09:02:30'),
(11,'admin.delete','admin','admin','2024-06-03 09:02:30','2024-06-03 09:02:30'),
(12,'blog.category.view','admin','blog category','2024-06-03 09:02:30','2024-06-03 09:02:30'),
(13,'blog.category.create','admin','blog category','2024-06-03 09:02:30','2024-06-03 09:02:30'),
(14,'blog.category.translate','admin','blog category','2024-06-03 09:02:30','2024-06-03 09:02:30'),
(15,'blog.category.store','admin','blog category','2024-06-03 09:02:31','2024-06-03 09:02:31'),
(16,'blog.category.edit','admin','blog category','2024-06-03 09:02:31','2024-06-03 09:02:31'),
(17,'blog.category.update','admin','blog category','2024-06-03 09:02:31','2024-06-03 09:02:31'),
(18,'blog.category.delete','admin','blog category','2024-06-03 09:02:31','2024-06-03 09:02:31'),
(19,'blog.view','admin','blog','2024-06-03 09:02:31','2024-06-03 09:02:31'),
(20,'blog.create','admin','blog','2024-06-03 09:02:31','2024-06-03 09:02:31'),
(21,'blog.translate','admin','blog','2024-06-03 09:02:31','2024-06-03 09:02:31'),
(22,'blog.store','admin','blog','2024-06-03 09:02:31','2024-06-03 09:02:31'),
(23,'blog.edit','admin','blog','2024-06-03 09:02:31','2024-06-03 09:02:31'),
(24,'blog.update','admin','blog','2024-06-03 09:02:31','2024-06-03 09:02:31'),
(25,'blog.delete','admin','blog','2024-06-03 09:02:31','2024-06-03 09:02:31'),
(26,'blog.comment.view','admin','blog comment','2024-06-03 09:02:31','2024-06-03 09:02:31'),
(27,'blog.comment.update','admin','blog comment','2024-06-03 09:02:31','2024-06-03 09:02:31'),
(28,'blog.comment.delete','admin','blog comment','2024-06-03 09:02:31','2024-06-03 09:02:31'),
(29,'role.view','admin','role','2024-06-03 09:02:31','2024-06-03 09:02:31'),
(30,'role.create','admin','role','2024-06-03 09:02:31','2024-06-03 09:02:31'),
(31,'role.store','admin','role','2024-06-03 09:02:31','2024-06-03 09:02:31'),
(32,'role.assign','admin','role','2024-06-03 09:02:31','2024-06-03 09:02:31'),
(33,'role.edit','admin','role','2024-06-03 09:02:31','2024-06-03 09:02:31'),
(34,'role.update','admin','role','2024-06-03 09:02:31','2024-06-03 09:02:31'),
(35,'role.delete','admin','role','2024-06-03 09:02:31','2024-06-03 09:02:31'),
(36,'setting.view','admin','setting','2024-06-03 09:02:31','2024-06-03 09:02:31'),
(37,'setting.update','admin','setting','2024-06-03 09:02:31','2024-06-03 09:02:31'),
(38,'basic.payment.view','admin','basic payment','2024-06-03 09:02:31','2024-06-03 09:02:31'),
(39,'basic.payment.update','admin','basic payment','2024-06-03 09:02:31','2024-06-03 09:02:31'),
(40,'contect.message.view','admin','contect message','2024-06-03 09:02:31','2024-06-03 09:02:31'),
(41,'contect.message.delete','admin','contect message','2024-06-03 09:02:31','2024-06-03 09:02:31'),
(42,'currency.view','admin','currency','2024-06-03 09:02:31','2024-06-03 09:02:31'),
(43,'currency.create','admin','currency','2024-06-03 09:02:31','2024-06-03 09:02:31'),
(44,'currency.store','admin','currency','2024-06-03 09:02:31','2024-06-03 09:02:31'),
(45,'currency.edit','admin','currency','2024-06-03 09:02:31','2024-06-03 09:02:31'),
(46,'currency.update','admin','currency','2024-06-03 09:02:31','2024-06-03 09:02:31'),
(47,'currency.delete','admin','currency','2024-06-03 09:02:31','2024-06-03 09:02:31'),
(48,'media.view','admin','media','2024-06-03 09:02:31','2024-06-03 09:02:31'),
(49,'media.create','admin','media','2024-06-03 09:02:31','2024-06-03 09:02:31'),
(50,'media.store','admin','media','2024-06-03 09:02:31','2024-06-03 09:02:31'),
(51,'media.edit','admin','media','2024-06-03 09:02:31','2024-06-03 09:02:31'),
(52,'media.update','admin','media','2024-06-03 09:02:31','2024-06-03 09:02:31'),
(53,'media.delete','admin','media','2024-06-03 09:02:31','2024-06-03 09:02:31'),
(54,'customer.view','admin','customer','2024-06-03 09:02:31','2024-06-03 09:02:31'),
(55,'customer.bulk.mail','admin','customer','2024-06-03 09:02:31','2024-06-03 09:02:31'),
(56,'customer.create','admin','customer','2024-06-03 09:02:31','2024-06-03 09:02:31'),
(57,'customer.store','admin','customer','2024-06-03 09:02:31','2024-06-03 09:02:31'),
(58,'customer.edit','admin','customer','2024-06-03 09:02:31','2024-06-03 09:02:31'),
(59,'customer.update','admin','customer','2024-06-03 09:02:31','2024-06-03 09:02:31'),
(60,'customer.delete','admin','customer','2024-06-03 09:02:31','2024-06-03 09:02:31'),
(61,'language.view','admin','language','2024-06-03 09:02:31','2024-06-03 09:02:31'),
(62,'language.create','admin','language','2024-06-03 09:02:31','2024-06-03 09:02:31'),
(63,'language.store','admin','language','2024-06-03 09:02:31','2024-06-03 09:02:31'),
(64,'language.edit','admin','language','2024-06-03 09:02:31','2024-06-03 09:02:31'),
(65,'language.update','admin','language','2024-06-03 09:02:31','2024-06-03 09:02:31'),
(66,'language.delete','admin','language','2024-06-03 09:02:31','2024-06-03 09:02:31'),
(67,'language.translate','admin','language','2024-06-03 09:02:31','2024-06-03 09:02:31'),
(68,'language.single.translate','admin','language','2024-06-03 09:02:31','2024-06-03 09:02:31'),
(69,'menu.view','admin','menu builder','2024-06-03 09:02:32','2024-06-03 09:02:32'),
(70,'menu.create','admin','menu builder','2024-06-03 09:02:32','2024-06-03 09:02:32'),
(71,'menu.store','admin','menu builder','2024-06-03 09:02:32','2024-06-03 09:02:32'),
(72,'menu.edit','admin','menu builder','2024-06-03 09:02:32','2024-06-03 09:02:32'),
(73,'menu.update','admin','menu builder','2024-06-03 09:02:32','2024-06-03 09:02:32'),
(74,'menu.delete','admin','menu builder','2024-06-03 09:02:32','2024-06-03 09:02:32'),
(75,'page.management','admin','page builder','2024-06-03 09:02:32','2024-06-03 09:02:32'),
(76,'payment.view','admin','payment','2024-06-03 09:02:32','2024-06-03 09:02:32'),
(77,'payment.update','admin','payment','2024-06-03 09:02:32','2024-06-03 09:02:32'),
(78,'newsletter.view','admin','newsletter','2024-06-03 09:02:32','2024-06-03 09:02:32'),
(79,'newsletter.mail','admin','newsletter','2024-06-03 09:02:32','2024-06-03 09:02:32'),
(80,'newsletter.delete','admin','newsletter','2024-06-03 09:02:32','2024-06-03 09:02:32'),
(81,'testimonial.view','admin','testimonial','2024-06-03 09:02:32','2024-06-03 09:02:32'),
(82,'testimonial.create','admin','testimonial','2024-06-03 09:02:32','2024-06-03 09:02:32'),
(83,'testimonial.translate','admin','testimonial','2024-06-03 09:02:32','2024-06-03 09:02:32'),
(84,'testimonial.store','admin','testimonial','2024-06-03 09:02:32','2024-06-03 09:02:32'),
(85,'testimonial.edit','admin','testimonial','2024-06-03 09:02:32','2024-06-03 09:02:32'),
(86,'testimonial.update','admin','testimonial','2024-06-03 09:02:32','2024-06-03 09:02:32'),
(87,'testimonial.delete','admin','testimonial','2024-06-03 09:02:32','2024-06-03 09:02:32'),
(88,'faq.view','admin','faq','2024-06-03 09:02:32','2024-06-03 09:02:32'),
(89,'faq.create','admin','faq','2024-06-03 09:02:32','2024-06-03 09:02:32'),
(90,'faq.translate','admin','faq','2024-06-03 09:02:32','2024-06-03 09:02:32'),
(91,'faq.store','admin','faq','2024-06-03 09:02:32','2024-06-03 09:02:32'),
(92,'faq.edit','admin','faq','2024-06-03 09:02:32','2024-06-03 09:02:32'),
(93,'faq.update','admin','faq','2024-06-03 09:02:32','2024-06-03 09:02:32'),
(94,'faq.delete','admin','faq','2024-06-03 09:02:32','2024-06-03 09:02:32'),
(95,'location.view','admin','locations','2024-06-03 09:02:32','2024-06-03 09:02:32'),
(96,'location.create','admin','locations','2024-06-03 09:02:32','2024-06-03 09:02:32'),
(97,'location.store','admin','locations','2024-06-03 09:02:32','2024-06-03 09:02:32'),
(98,'location.edit','admin','locations','2024-06-03 09:02:32','2024-06-03 09:02:32'),
(99,'location.update','admin','locations','2024-06-03 09:02:32','2024-06-03 09:02:32'),
(100,'location.delete','admin','locations','2024-06-03 09:02:32','2024-06-03 09:02:32'),
(101,'instructor.request.list','admin','instructor request','2024-06-03 09:02:32','2024-06-03 09:02:32'),
(102,'instructor.request.setting','admin','instructor request','2024-06-03 09:02:32','2024-06-03 09:02:32'),
(103,'course.management','admin','courses','2024-06-03 09:02:32','2024-06-03 09:02:32'),
(104,'course.certificate.management','admin','course certificate management','2024-06-03 09:02:32','2024-06-03 09:02:32'),
(105,'badge.management','admin','Badges','2024-06-03 09:02:32','2024-06-03 09:02:32'),
(106,'order.management','admin','order management','2024-06-03 09:02:32','2024-06-03 09:02:32'),
(107,'coupon.management','admin','coupon management','2024-06-03 09:02:32','2024-06-03 09:02:32'),
(108,'withdraw.management','admin','withdraw management','2024-06-03 09:02:32','2024-06-03 09:02:32'),
(109,'appearance.management','admin','site appearance management','2024-06-03 09:02:32','2024-06-03 09:02:32'),
(110,'section.management','admin','site appearance management','2024-06-03 09:02:32','2024-06-03 09:02:32'),
(111,'brand.management','admin','brand management','2024-06-03 09:02:32','2024-06-03 09:02:32'),
(112,'footer.management','admin','footer management','2024-06-03 09:02:32','2024-06-03 09:02:32'),
(113,'social.link.management','admin','social link management','2024-06-03 09:02:32','2024-06-03 09:02:32');

/*Data for the table `personal_access_tokens` */

/*Table structure for table `quiz_question_answers` */


CREATE TABLE `quiz_question_answers` (
  `id` bigint(20) unsigned NOT NULL AUTO_INCREMENT,
  `title` varchar(255) DEFAULT NULL,
  `question_id` bigint(20) unsigned NOT NULL,
  `correct` int(11) DEFAULT NULL,
  `created_at` timestamp NULL DEFAULT NULL,
  `updated_at` timestamp NULL DEFAULT NULL,
  PRIMARY KEY (`id`)
) ENGINE=InnoDB AUTO_INCREMENT=1961 DEFAULT CHARSET=utf8mb4;

/*Data for the table `quiz_question_answers` */

insert  into `quiz_question_answers`(`id`,`title`,`question_id`,`correct`,`created_at`,`updated_at`) values 
(1,'11',1,1,'2024-07-04 04:40:44','2024-07-04 04:40:44'),
(2,'10',1,0,'2024-07-04 04:40:44','2024-07-04 04:40:44'),
(3,'9',1,0,'2024-07-04 04:40:44','2024-07-04 04:40:44'),
(4,'20',1,0,'2024-07-04 04:40:44','2024-07-04 04:40:44'),
(5,'11',2,1,'2024-07-04 04:40:44','2024-07-04 04:40:44'),
(6,'10',2,0,'2024-07-04 04:40:44','2024-07-04 04:40:44'),
(7,'9',2,0,'2024-07-04 04:40:44','2024-07-04 04:40:44'),
(8,'20',2,0,'2024-07-04 04:40:44','2024-07-04 04:40:44'),
(9,'11',3,1,'2024-07-04 04:40:44','2024-07-04 04:40:44'),
(10,'10',3,0,'2024-07-04 04:40:44','2024-07-04 04:40:44'),
(11,'9',3,0,'2024-07-04 04:40:44','2024-07-04 04:40:44'),
(12,'20',3,0,'2024-07-04 04:40:44','2024-07-04 04:40:44'),
(13,'11',4,1,'2024-07-04 04:40:44','2024-07-04 04:40:44'),
(14,'10',4,0,'2024-07-04 04:40:44','2024-07-04 04:40:44'),
(15,'9',4,0,'2024-07-04 04:40:44','2024-07-04 04:40:44'),
(16,'20',4,0,'2024-07-04 04:40:44','2024-07-04 04:40:44'),
(17,'11',5,1,'2024-07-04 04:40:44','2024-07-04 04:40:44'),
(18,'10',5,0,'2024-07-04 04:40:44','2024-07-04 04:40:44'),
(19,'9',5,0,'2024-07-04 04:40:44','2024-07-04 04:40:44'),
(20,'20',5,0,'2024-07-04 04:40:44','2024-07-04 04:40:44'),
(21,'11',6,1,'2024-07-04 04:40:44','2024-07-04 04:40:44'),
(22,'10',6,0,'2024-07-04 04:40:44','2024-07-04 04:40:44'),
(23,'9',6,0,'2024-07-04 04:40:44','2024-07-04 04:40:44'),
(24,'20',6,0,'2024-07-04 04:40:44','2024-07-04 04:40:44'),
(25,'11',7,1,'2024-07-04 04:40:44','2024-07-04 04:40:44'),
(26,'10',7,0,'2024-07-04 04:40:44','2024-07-04 04:40:44'),
(27,'9',7,0,'2024-07-04 04:40:44','2024-07-04 04:40:44'),
(28,'20',7,0,'2024-07-04 04:40:44','2024-07-04 04:40:44'),
(29,'11',8,1,'2024-07-04 04:40:44','2024-07-04 04:40:44'),
(30,'10',8,0,'2024-07-04 04:40:44','2024-07-04 04:40:44'),
(31,'9',8,0,'2024-07-04 04:40:44','2024-07-04 04:40:44'),
(32,'20',8,0,'2024-07-04 04:40:44','2024-07-04 04:40:44'),
(33,'11',9,1,'2024-07-04 04:40:44','2024-07-04 04:40:44'),
(34,'10',9,0,'2024-07-04 04:40:44','2024-07-04 04:40:44'),
(35,'9',9,0,'2024-07-04 04:40:44','2024-07-04 04:40:44'),
(36,'20',9,0,'2024-07-04 04:40:44','2024-07-04 04:40:44'),
(37,'11',10,1,'2024-07-04 04:40:44','2024-07-04 04:40:44'),
(38,'10',10,0,'2024-07-04 04:40:44','2024-07-04 04:40:44'),
(39,'9',10,0,'2024-07-04 04:40:44','2024-07-04 04:40:44'),
(40,'20',10,0,'2024-07-04 04:40:44','2024-07-04 04:40:44'),
(41,'11',11,1,'2024-07-04 04:40:44','2024-07-04 04:40:44'),
(42,'10',11,0,'2024-07-04 04:40:44','2024-07-04 04:40:44'),
(43,'9',11,0,'2024-07-04 04:40:44','2024-07-04 04:40:44'),
(44,'20',11,0,'2024-07-04 04:40:44','2024-07-04 04:40:44'),
(45,'11',12,1,'2024-07-04 04:40:44','2024-07-04 04:40:44'),
(46,'10',12,0,'2024-07-04 04:40:44','2024-07-04 04:40:44'),
(47,'9',12,0,'2024-07-04 04:40:44','2024-07-04 04:40:44'),
(48,'20',12,0,'2024-07-04 04:40:44','2024-07-04 04:40:44'),
(49,'11',13,1,'2024-07-04 04:40:44','2024-07-04 04:40:44'),
(50,'10',13,0,'2024-07-04 04:40:44','2024-07-04 04:40:44'),
(51,'9',13,0,'2024-07-04 04:40:44','2024-07-04 04:40:44'),
(52,'20',13,0,'2024-07-04 04:40:44','2024-07-04 04:40:44'),
(53,'11',14,1,'2024-07-04 04:40:44','2024-07-04 04:40:44'),
(54,'10',14,0,'2024-07-04 04:40:44','2024-07-04 04:40:44'),
(55,'9',14,0,'2024-07-04 04:40:44','2024-07-04 04:40:44'),
(56,'20',14,0,'2024-07-04 04:40:44','2024-07-04 04:40:44'),
(57,'11',15,1,'2024-07-04 04:40:44','2024-07-04 04:40:44'),
(58,'10',15,0,'2024-07-04 04:40:44','2024-07-04 04:40:44'),
(59,'9',15,0,'2024-07-04 04:40:44','2024-07-04 04:40:44'),
(60,'20',15,0,'2024-07-04 04:40:44','2024-07-04 04:40:44'),
(61,'11',16,1,'2024-07-04 04:40:44','2024-07-04 04:40:44'),
(62,'10',16,0,'2024-07-04 04:40:44','2024-07-04 04:40:44'),
(63,'9',16,0,'2024-07-04 04:40:44','2024-07-04 04:40:44'),
(64,'20',16,0,'2024-07-04 04:40:44','2024-07-04 04:40:44'),
(65,'11',17,1,'2024-07-04 04:40:45','2024-07-04 04:40:45'),
(66,'10',17,0,'2024-07-04 04:40:45','2024-07-04 04:40:45'),
(67,'9',17,0,'2024-07-04 04:40:45','2024-07-04 04:40:45'),
(68,'20',17,0,'2024-07-04 04:40:45','2024-07-04 04:40:45'),
(69,'11',18,1,'2024-07-04 04:40:45','2024-07-04 04:40:45'),
(70,'10',18,0,'2024-07-04 04:40:45','2024-07-04 04:40:45'),
(71,'9',18,0,'2024-07-04 04:40:45','2024-07-04 04:40:45'),
(72,'20',18,0,'2024-07-04 04:40:45','2024-07-04 04:40:45'),
(73,'11',19,1,'2024-07-04 04:40:45','2024-07-04 04:40:45'),
(74,'10',19,0,'2024-07-04 04:40:45','2024-07-04 04:40:45'),
(75,'9',19,0,'2024-07-04 04:40:45','2024-07-04 04:40:45'),
(76,'20',19,0,'2024-07-04 04:40:45','2024-07-04 04:40:45'),
(77,'11',20,1,'2024-07-04 04:40:45','2024-07-04 04:40:45'),
(78,'10',20,0,'2024-07-04 04:40:45','2024-07-04 04:40:45'),
(79,'9',20,0,'2024-07-04 04:40:45','2024-07-04 04:40:45'),
(80,'20',20,0,'2024-07-04 04:40:45','2024-07-04 04:40:45'),
(81,'11',21,1,'2024-07-04 04:40:45','2024-07-04 04:40:45'),
(82,'10',21,0,'2024-07-04 04:40:45','2024-07-04 04:40:45'),
(83,'9',21,0,'2024-07-04 04:40:45','2024-07-04 04:40:45'),
(84,'20',21,0,'2024-07-04 04:40:45','2024-07-04 04:40:45'),
(85,'11',22,1,'2024-07-04 04:40:45','2024-07-04 04:40:45'),
(86,'10',22,0,'2024-07-04 04:40:45','2024-07-04 04:40:45'),
(87,'9',22,0,'2024-07-04 04:40:45','2024-07-04 04:40:45'),
(88,'20',22,0,'2024-07-04 04:40:45','2024-07-04 04:40:45'),
(89,'11',23,1,'2024-07-04 04:40:45','2024-07-04 04:40:45'),
(90,'10',23,0,'2024-07-04 04:40:45','2024-07-04 04:40:45'),
(91,'9',23,0,'2024-07-04 04:40:45','2024-07-04 04:40:45'),
(92,'20',23,0,'2024-07-04 04:40:45','2024-07-04 04:40:45'),
(93,'11',24,1,'2024-07-04 04:40:45','2024-07-04 04:40:45'),
(94,'10',24,0,'2024-07-04 04:40:45','2024-07-04 04:40:45'),
(95,'9',24,0,'2024-07-04 04:40:45','2024-07-04 04:40:45'),
(96,'20',24,0,'2024-07-04 04:40:45','2024-07-04 04:40:45'),
(97,'11',25,1,'2024-07-04 04:40:45','2024-07-04 04:40:45'),
(98,'10',25,0,'2024-07-04 04:40:45','2024-07-04 04:40:45'),
(99,'9',25,0,'2024-07-04 04:40:45','2024-07-04 04:40:45'),
(100,'20',25,0,'2024-07-04 04:40:45','2024-07-04 04:40:45'),
(101,'11',26,1,'2024-07-04 04:40:45','2024-07-04 04:40:45'),
(102,'10',26,0,'2024-07-04 04:40:45','2024-07-04 04:40:45'),
(103,'9',26,0,'2024-07-04 04:40:45','2024-07-04 04:40:45'),
(104,'20',26,0,'2024-07-04 04:40:45','2024-07-04 04:40:45'),
(105,'11',27,1,'2024-07-04 04:40:45','2024-07-04 04:40:45'),
(106,'10',27,0,'2024-07-04 04:40:45','2024-07-04 04:40:45'),
(107,'9',27,0,'2024-07-04 04:40:45','2024-07-04 04:40:45'),
(108,'20',27,0,'2024-07-04 04:40:45','2024-07-04 04:40:45'),
(109,'11',28,1,'2024-07-04 04:40:45','2024-07-04 04:40:45'),
(110,'10',28,0,'2024-07-04 04:40:45','2024-07-04 04:40:45'),
(111,'9',28,0,'2024-07-04 04:40:45','2024-07-04 04:40:45'),
(112,'20',28,0,'2024-07-04 04:40:45','2024-07-04 04:40:45'),
(113,'11',29,1,'2024-07-04 04:40:45','2024-07-04 04:40:45'),
(114,'10',29,0,'2024-07-04 04:40:45','2024-07-04 04:40:45'),
(115,'9',29,0,'2024-07-04 04:40:45','2024-07-04 04:40:45'),
(116,'20',29,0,'2024-07-04 04:40:45','2024-07-04 04:40:45'),
(117,'11',30,1,'2024-07-04 04:40:45','2024-07-04 04:40:45'),
(118,'10',30,0,'2024-07-04 04:40:45','2024-07-04 04:40:45'),
(119,'9',30,0,'2024-07-04 04:40:45','2024-07-04 04:40:45'),
(120,'20',30,0,'2024-07-04 04:40:45','2024-07-04 04:40:45'),
(121,'11',31,1,'2024-07-04 04:40:45','2024-07-04 04:40:45'),
(122,'10',31,0,'2024-07-04 04:40:45','2024-07-04 04:40:45'),
(123,'9',31,0,'2024-07-04 04:40:45','2024-07-04 04:40:45'),
(124,'20',31,0,'2024-07-04 04:40:45','2024-07-04 04:40:45'),
(125,'11',32,1,'2024-07-04 04:40:45','2024-07-04 04:40:45'),
(126,'10',32,0,'2024-07-04 04:40:45','2024-07-04 04:40:45'),
(127,'9',32,0,'2024-07-04 04:40:45','2024-07-04 04:40:45'),
(128,'20',32,0,'2024-07-04 04:40:45','2024-07-04 04:40:45'),
(129,'11',33,1,'2024-07-04 04:40:45','2024-07-04 04:40:45'),
(130,'10',33,0,'2024-07-04 04:40:45','2024-07-04 04:40:45'),
(131,'9',33,0,'2024-07-04 04:40:45','2024-07-04 04:40:45'),
(132,'20',33,0,'2024-07-04 04:40:45','2024-07-04 04:40:45'),
(133,'11',34,1,'2024-07-04 04:40:45','2024-07-04 04:40:45'),
(134,'10',34,0,'2024-07-04 04:40:45','2024-07-04 04:40:45'),
(135,'9',34,0,'2024-07-04 04:40:45','2024-07-04 04:40:45'),
(136,'20',34,0,'2024-07-04 04:40:45','2024-07-04 04:40:45'),
(137,'11',35,1,'2024-07-04 04:40:45','2024-07-04 04:40:45'),
(138,'10',35,0,'2024-07-04 04:40:45','2024-07-04 04:40:45'),
(139,'9',35,0,'2024-07-04 04:40:45','2024-07-04 04:40:45'),
(140,'20',35,0,'2024-07-04 04:40:45','2024-07-04 04:40:45'),
(141,'11',36,1,'2024-07-04 04:40:45','2024-07-04 04:40:45'),
(142,'10',36,0,'2024-07-04 04:40:45','2024-07-04 04:40:45'),
(143,'9',36,0,'2024-07-04 04:40:45','2024-07-04 04:40:45'),
(144,'20',36,0,'2024-07-04 04:40:45','2024-07-04 04:40:45'),
(145,'11',37,1,'2024-07-04 04:40:45','2024-07-04 04:40:45'),
(146,'10',37,0,'2024-07-04 04:40:45','2024-07-04 04:40:45'),
(147,'9',37,0,'2024-07-04 04:40:45','2024-07-04 04:40:45'),
(148,'20',37,0,'2024-07-04 04:40:45','2024-07-04 04:40:45'),
(149,'11',38,1,'2024-07-04 04:40:45','2024-07-04 04:40:45'),
(150,'10',38,0,'2024-07-04 04:40:45','2024-07-04 04:40:45'),
(151,'9',38,0,'2024-07-04 04:40:45','2024-07-04 04:40:45'),
(152,'20',38,0,'2024-07-04 04:40:45','2024-07-04 04:40:45'),
(153,'11',39,1,'2024-07-04 04:40:45','2024-07-04 04:40:45'),
(154,'10',39,0,'2024-07-04 04:40:45','2024-07-04 04:40:45'),
(155,'9',39,0,'2024-07-04 04:40:45','2024-07-04 04:40:45'),
(156,'20',39,0,'2024-07-04 04:40:45','2024-07-04 04:40:45'),
(157,'11',40,1,'2024-07-04 04:40:45','2024-07-04 04:40:45'),
(158,'10',40,0,'2024-07-04 04:40:45','2024-07-04 04:40:45'),
(159,'9',40,0,'2024-07-04 04:40:45','2024-07-04 04:40:45'),
(160,'20',40,0,'2024-07-04 04:40:45','2024-07-04 04:40:45'),
(161,'11',41,1,'2024-07-04 04:40:46','2024-07-04 04:40:46'),
(162,'10',41,0,'2024-07-04 04:40:46','2024-07-04 04:40:46'),
(163,'9',41,0,'2024-07-04 04:40:46','2024-07-04 04:40:46'),
(164,'20',41,0,'2024-07-04 04:40:46','2024-07-04 04:40:46'),
(165,'11',42,1,'2024-07-04 04:40:46','2024-07-04 04:40:46'),
(166,'10',42,0,'2024-07-04 04:40:46','2024-07-04 04:40:46'),
(167,'9',42,0,'2024-07-04 04:40:46','2024-07-04 04:40:46'),
(168,'20',42,0,'2024-07-04 04:40:46','2024-07-04 04:40:46'),
(169,'11',43,1,'2024-07-04 04:40:46','2024-07-04 04:40:46'),
(170,'10',43,0,'2024-07-04 04:40:46','2024-07-04 04:40:46'),
(171,'9',43,0,'2024-07-04 04:40:46','2024-07-04 04:40:46'),
(172,'20',43,0,'2024-07-04 04:40:46','2024-07-04 04:40:46'),
(173,'11',44,1,'2024-07-04 04:40:46','2024-07-04 04:40:46'),
(174,'10',44,0,'2024-07-04 04:40:46','2024-07-04 04:40:46'),
(175,'9',44,0,'2024-07-04 04:40:46','2024-07-04 04:40:46'),
(176,'20',44,0,'2024-07-04 04:40:46','2024-07-04 04:40:46'),
(177,'11',45,1,'2024-07-04 04:40:46','2024-07-04 04:40:46'),
(178,'10',45,0,'2024-07-04 04:40:46','2024-07-04 04:40:46'),
(179,'9',45,0,'2024-07-04 04:40:46','2024-07-04 04:40:46'),
(180,'20',45,0,'2024-07-04 04:40:46','2024-07-04 04:40:46'),
(181,'11',46,1,'2024-07-04 04:40:46','2024-07-04 04:40:46'),
(182,'10',46,0,'2024-07-04 04:40:46','2024-07-04 04:40:46'),
(183,'9',46,0,'2024-07-04 04:40:46','2024-07-04 04:40:46'),
(184,'20',46,0,'2024-07-04 04:40:46','2024-07-04 04:40:46'),
(185,'11',47,1,'2024-07-04 04:40:46','2024-07-04 04:40:46'),
(186,'10',47,0,'2024-07-04 04:40:46','2024-07-04 04:40:46'),
(187,'9',47,0,'2024-07-04 04:40:46','2024-07-04 04:40:46'),
(188,'20',47,0,'2024-07-04 04:40:46','2024-07-04 04:40:46'),
(189,'11',48,1,'2024-07-04 04:40:46','2024-07-04 04:40:46'),
(190,'10',48,0,'2024-07-04 04:40:46','2024-07-04 04:40:46'),
(191,'9',48,0,'2024-07-04 04:40:46','2024-07-04 04:40:46'),
(192,'20',48,0,'2024-07-04 04:40:46','2024-07-04 04:40:46'),
(193,'11',49,1,'2024-07-04 04:40:46','2024-07-04 04:40:46'),
(194,'10',49,0,'2024-07-04 04:40:46','2024-07-04 04:40:46'),
(195,'9',49,0,'2024-07-04 04:40:46','2024-07-04 04:40:46'),
(196,'20',49,0,'2024-07-04 04:40:46','2024-07-04 04:40:46'),
(197,'11',50,1,'2024-07-04 04:40:46','2024-07-04 04:40:46'),
(198,'10',50,0,'2024-07-04 04:40:46','2024-07-04 04:40:46'),
(199,'9',50,0,'2024-07-04 04:40:46','2024-07-04 04:40:46'),
(200,'20',50,0,'2024-07-04 04:40:46','2024-07-04 04:40:46'),
(201,'11',51,1,'2024-07-04 04:40:46','2024-07-04 04:40:46'),
(202,'10',51,0,'2024-07-04 04:40:46','2024-07-04 04:40:46'),
(203,'9',51,0,'2024-07-04 04:40:46','2024-07-04 04:40:46'),
(204,'20',51,0,'2024-07-04 04:40:46','2024-07-04 04:40:46'),
(205,'11',52,1,'2024-07-04 04:40:46','2024-07-04 04:40:46'),
(206,'10',52,0,'2024-07-04 04:40:46','2024-07-04 04:40:46'),
(207,'9',52,0,'2024-07-04 04:40:46','2024-07-04 04:40:46'),
(208,'20',52,0,'2024-07-04 04:40:46','2024-07-04 04:40:46'),
(209,'11',53,1,'2024-07-04 04:40:46','2024-07-04 04:40:46'),
(210,'10',53,0,'2024-07-04 04:40:46','2024-07-04 04:40:46'),
(211,'9',53,0,'2024-07-04 04:40:46','2024-07-04 04:40:46'),
(212,'20',53,0,'2024-07-04 04:40:46','2024-07-04 04:40:46'),
(213,'11',54,1,'2024-07-04 04:40:46','2024-07-04 04:40:46'),
(214,'10',54,0,'2024-07-04 04:40:46','2024-07-04 04:40:46'),
(215,'9',54,0,'2024-07-04 04:40:46','2024-07-04 04:40:46'),
(216,'20',54,0,'2024-07-04 04:40:46','2024-07-04 04:40:46'),
(217,'11',55,1,'2024-07-04 04:40:46','2024-07-04 04:40:46'),
(218,'10',55,0,'2024-07-04 04:40:46','2024-07-04 04:40:46'),
(219,'9',55,0,'2024-07-04 04:40:46','2024-07-04 04:40:46'),
(220,'20',55,0,'2024-07-04 04:40:46','2024-07-04 04:40:46'),
(221,'11',56,1,'2024-07-04 04:40:46','2024-07-04 04:40:46'),
(222,'10',56,0,'2024-07-04 04:40:46','2024-07-04 04:40:46'),
(223,'9',56,0,'2024-07-04 04:40:46','2024-07-04 04:40:46'),
(224,'20',56,0,'2024-07-04 04:40:46','2024-07-04 04:40:46'),
(225,'11',57,1,'2024-07-04 04:40:46','2024-07-04 04:40:46'),
(226,'10',57,0,'2024-07-04 04:40:46','2024-07-04 04:40:46'),
(227,'9',57,0,'2024-07-04 04:40:46','2024-07-04 04:40:46'),
(228,'20',57,0,'2024-07-04 04:40:46','2024-07-04 04:40:46'),
(229,'11',58,1,'2024-07-04 04:40:46','2024-07-04 04:40:46'),
(230,'10',58,0,'2024-07-04 04:40:46','2024-07-04 04:40:46'),
(231,'9',58,0,'2024-07-04 04:40:46','2024-07-04 04:40:46'),
(232,'20',58,0,'2024-07-04 04:40:46','2024-07-04 04:40:46'),
(233,'11',59,1,'2024-07-04 04:40:46','2024-07-04 04:40:46'),
(234,'10',59,0,'2024-07-04 04:40:46','2024-07-04 04:40:46'),
(235,'9',59,0,'2024-07-04 04:40:46','2024-07-04 04:40:46'),
(236,'20',59,0,'2024-07-04 04:40:46','2024-07-04 04:40:46'),
(237,'11',60,1,'2024-07-04 04:40:46','2024-07-04 04:40:46'),
(238,'10',60,0,'2024-07-04 04:40:46','2024-07-04 04:40:46'),
(239,'9',60,0,'2024-07-04 04:40:46','2024-07-04 04:40:46'),
(240,'20',60,0,'2024-07-04 04:40:46','2024-07-04 04:40:46'),
(241,'11',61,1,'2024-07-04 04:40:46','2024-07-04 04:40:46'),
(242,'10',61,0,'2024-07-04 04:40:46','2024-07-04 04:40:46'),
(243,'9',61,0,'2024-07-04 04:40:46','2024-07-04 04:40:46'),
(244,'20',61,0,'2024-07-04 04:40:46','2024-07-04 04:40:46'),
(245,'11',62,1,'2024-07-04 04:40:46','2024-07-04 04:40:46'),
(246,'10',62,0,'2024-07-04 04:40:46','2024-07-04 04:40:46'),
(247,'9',62,0,'2024-07-04 04:40:46','2024-07-04 04:40:46'),
(248,'20',62,0,'2024-07-04 04:40:46','2024-07-04 04:40:46'),
(249,'11',63,1,'2024-07-04 04:40:46','2024-07-04 04:40:46'),
(250,'10',63,0,'2024-07-04 04:40:46','2024-07-04 04:40:46'),
(251,'9',63,0,'2024-07-04 04:40:46','2024-07-04 04:40:46'),
(252,'20',63,0,'2024-07-04 04:40:46','2024-07-04 04:40:46'),
(253,'11',64,1,'2024-07-04 04:40:46','2024-07-04 04:40:46'),
(254,'10',64,0,'2024-07-04 04:40:46','2024-07-04 04:40:46'),
(255,'9',64,0,'2024-07-04 04:40:46','2024-07-04 04:40:46'),
(256,'20',64,0,'2024-07-04 04:40:46','2024-07-04 04:40:46'),
(257,'11',65,1,'2024-07-04 04:40:46','2024-07-04 04:40:46'),
(258,'10',65,0,'2024-07-04 04:40:46','2024-07-04 04:40:46'),
(259,'9',65,0,'2024-07-04 04:40:46','2024-07-04 04:40:46'),
(260,'20',65,0,'2024-07-04 04:40:46','2024-07-04 04:40:46'),
(261,'11',66,1,'2024-07-04 04:40:47','2024-07-04 04:40:47'),
(262,'10',66,0,'2024-07-04 04:40:47','2024-07-04 04:40:47'),
(263,'9',66,0,'2024-07-04 04:40:47','2024-07-04 04:40:47'),
(264,'20',66,0,'2024-07-04 04:40:47','2024-07-04 04:40:47'),
(265,'11',67,1,'2024-07-04 04:40:47','2024-07-04 04:40:47'),
(266,'10',67,0,'2024-07-04 04:40:47','2024-07-04 04:40:47'),
(267,'9',67,0,'2024-07-04 04:40:47','2024-07-04 04:40:47'),
(268,'20',67,0,'2024-07-04 04:40:47','2024-07-04 04:40:47'),
(269,'11',68,1,'2024-07-04 04:40:47','2024-07-04 04:40:47'),
(270,'10',68,0,'2024-07-04 04:40:47','2024-07-04 04:40:47'),
(271,'9',68,0,'2024-07-04 04:40:47','2024-07-04 04:40:47'),
(272,'20',68,0,'2024-07-04 04:40:47','2024-07-04 04:40:47'),
(273,'11',69,1,'2024-07-04 04:40:47','2024-07-04 04:40:47'),
(274,'10',69,0,'2024-07-04 04:40:47','2024-07-04 04:40:47'),
(275,'9',69,0,'2024-07-04 04:40:47','2024-07-04 04:40:47'),
(276,'20',69,0,'2024-07-04 04:40:47','2024-07-04 04:40:47'),
(277,'11',70,1,'2024-07-04 04:40:47','2024-07-04 04:40:47'),
(278,'10',70,0,'2024-07-04 04:40:47','2024-07-04 04:40:47'),
(279,'9',70,0,'2024-07-04 04:40:47','2024-07-04 04:40:47'),
(280,'20',70,0,'2024-07-04 04:40:47','2024-07-04 04:40:47'),
(281,'11',71,1,'2024-07-04 04:40:47','2024-07-04 04:40:47'),
(282,'10',71,0,'2024-07-04 04:40:47','2024-07-04 04:40:47'),
(283,'9',71,0,'2024-07-04 04:40:47','2024-07-04 04:40:47'),
(284,'20',71,0,'2024-07-04 04:40:47','2024-07-04 04:40:47'),
(285,'11',72,1,'2024-07-04 04:40:47','2024-07-04 04:40:47'),
(286,'10',72,0,'2024-07-04 04:40:47','2024-07-04 04:40:47'),
(287,'9',72,0,'2024-07-04 04:40:47','2024-07-04 04:40:47'),
(288,'20',72,0,'2024-07-04 04:40:47','2024-07-04 04:40:47'),
(289,'11',73,1,'2024-07-04 04:40:47','2024-07-04 04:40:47'),
(290,'10',73,0,'2024-07-04 04:40:47','2024-07-04 04:40:47'),
(291,'9',73,0,'2024-07-04 04:40:47','2024-07-04 04:40:47'),
(292,'20',73,0,'2024-07-04 04:40:47','2024-07-04 04:40:47'),
(293,'11',74,1,'2024-07-04 04:40:47','2024-07-04 04:40:47'),
(294,'10',74,0,'2024-07-04 04:40:47','2024-07-04 04:40:47'),
(295,'9',74,0,'2024-07-04 04:40:47','2024-07-04 04:40:47'),
(296,'20',74,0,'2024-07-04 04:40:47','2024-07-04 04:40:47'),
(297,'11',75,1,'2024-07-04 04:40:47','2024-07-04 04:40:47'),
(298,'10',75,0,'2024-07-04 04:40:47','2024-07-04 04:40:47'),
(299,'9',75,0,'2024-07-04 04:40:47','2024-07-04 04:40:47'),
(300,'20',75,0,'2024-07-04 04:40:47','2024-07-04 04:40:47'),
(301,'11',76,1,'2024-07-04 04:40:47','2024-07-04 04:40:47'),
(302,'10',76,0,'2024-07-04 04:40:47','2024-07-04 04:40:47'),
(303,'9',76,0,'2024-07-04 04:40:47','2024-07-04 04:40:47'),
(304,'20',76,0,'2024-07-04 04:40:47','2024-07-04 04:40:47'),
(305,'11',77,1,'2024-07-04 04:40:47','2024-07-04 04:40:47'),
(306,'10',77,0,'2024-07-04 04:40:47','2024-07-04 04:40:47'),
(307,'9',77,0,'2024-07-04 04:40:47','2024-07-04 04:40:47'),
(308,'20',77,0,'2024-07-04 04:40:47','2024-07-04 04:40:47'),
(309,'11',78,1,'2024-07-04 04:40:47','2024-07-04 04:40:47'),
(310,'10',78,0,'2024-07-04 04:40:47','2024-07-04 04:40:47'),
(311,'9',78,0,'2024-07-04 04:40:47','2024-07-04 04:40:47'),
(312,'20',78,0,'2024-07-04 04:40:47','2024-07-04 04:40:47'),
(313,'11',79,1,'2024-07-04 04:40:47','2024-07-04 04:40:47'),
(314,'10',79,0,'2024-07-04 04:40:47','2024-07-04 04:40:47'),
(315,'9',79,0,'2024-07-04 04:40:47','2024-07-04 04:40:47'),
(316,'20',79,0,'2024-07-04 04:40:47','2024-07-04 04:40:47'),
(317,'11',80,1,'2024-07-04 04:40:47','2024-07-04 04:40:47'),
(318,'10',80,0,'2024-07-04 04:40:47','2024-07-04 04:40:47'),
(319,'9',80,0,'2024-07-04 04:40:47','2024-07-04 04:40:47'),
(320,'20',80,0,'2024-07-04 04:40:47','2024-07-04 04:40:47'),
(321,'11',81,1,'2024-07-04 04:40:47','2024-07-04 04:40:47'),
(322,'10',81,0,'2024-07-04 04:40:47','2024-07-04 04:40:47'),
(323,'9',81,0,'2024-07-04 04:40:47','2024-07-04 04:40:47'),
(324,'20',81,0,'2024-07-04 04:40:47','2024-07-04 04:40:47'),
(325,'11',82,1,'2024-07-04 04:40:47','2024-07-04 04:40:47'),
(326,'10',82,0,'2024-07-04 04:40:47','2024-07-04 04:40:47'),
(327,'9',82,0,'2024-07-04 04:40:47','2024-07-04 04:40:47'),
(328,'20',82,0,'2024-07-04 04:40:47','2024-07-04 04:40:47'),
(329,'11',83,1,'2024-07-04 04:40:47','2024-07-04 04:40:47'),
(330,'10',83,0,'2024-07-04 04:40:47','2024-07-04 04:40:47'),
(331,'9',83,0,'2024-07-04 04:40:47','2024-07-04 04:40:47'),
(332,'20',83,0,'2024-07-04 04:40:47','2024-07-04 04:40:47'),
(333,'11',84,1,'2024-07-04 04:40:47','2024-07-04 04:40:47'),
(334,'10',84,0,'2024-07-04 04:40:47','2024-07-04 04:40:47'),
(335,'9',84,0,'2024-07-04 04:40:47','2024-07-04 04:40:47'),
(336,'20',84,0,'2024-07-04 04:40:47','2024-07-04 04:40:47'),
(337,'11',85,1,'2024-07-04 04:40:47','2024-07-04 04:40:47'),
(338,'10',85,0,'2024-07-04 04:40:47','2024-07-04 04:40:47'),
(339,'9',85,0,'2024-07-04 04:40:47','2024-07-04 04:40:47'),
(340,'20',85,0,'2024-07-04 04:40:47','2024-07-04 04:40:47'),
(341,'11',86,1,'2024-07-04 04:40:47','2024-07-04 04:40:47'),
(342,'10',86,0,'2024-07-04 04:40:47','2024-07-04 04:40:47'),
(343,'9',86,0,'2024-07-04 04:40:47','2024-07-04 04:40:47'),
(344,'20',86,0,'2024-07-04 04:40:47','2024-07-04 04:40:47'),
(345,'11',87,1,'2024-07-04 04:40:47','2024-07-04 04:40:47'),
(346,'10',87,0,'2024-07-04 04:40:47','2024-07-04 04:40:47'),
(347,'9',87,0,'2024-07-04 04:40:47','2024-07-04 04:40:47'),
(348,'20',87,0,'2024-07-04 04:40:47','2024-07-04 04:40:47'),
(349,'11',88,1,'2024-07-04 04:40:47','2024-07-04 04:40:47'),
(350,'10',88,0,'2024-07-04 04:40:47','2024-07-04 04:40:47'),
(351,'9',88,0,'2024-07-04 04:40:47','2024-07-04 04:40:47'),
(352,'20',88,0,'2024-07-04 04:40:47','2024-07-04 04:40:47'),
(353,'11',89,1,'2024-07-04 04:40:47','2024-07-04 04:40:47'),
(354,'10',89,0,'2024-07-04 04:40:47','2024-07-04 04:40:47'),
(355,'9',89,0,'2024-07-04 04:40:47','2024-07-04 04:40:47'),
(356,'20',89,0,'2024-07-04 04:40:47','2024-07-04 04:40:47'),
(357,'11',90,1,'2024-07-04 04:40:48','2024-07-04 04:40:48'),
(358,'10',90,0,'2024-07-04 04:40:48','2024-07-04 04:40:48'),
(359,'9',90,0,'2024-07-04 04:40:48','2024-07-04 04:40:48'),
(360,'20',90,0,'2024-07-04 04:40:48','2024-07-04 04:40:48'),
(361,'11',91,1,'2024-07-04 04:40:48','2024-07-04 04:40:48'),
(362,'10',91,0,'2024-07-04 04:40:48','2024-07-04 04:40:48'),
(363,'9',91,0,'2024-07-04 04:40:48','2024-07-04 04:40:48'),
(364,'20',91,0,'2024-07-04 04:40:48','2024-07-04 04:40:48'),
(365,'11',92,1,'2024-07-04 04:40:48','2024-07-04 04:40:48'),
(366,'10',92,0,'2024-07-04 04:40:48','2024-07-04 04:40:48'),
(367,'9',92,0,'2024-07-04 04:40:48','2024-07-04 04:40:48'),
(368,'20',92,0,'2024-07-04 04:40:48','2024-07-04 04:40:48'),
(369,'11',93,1,'2024-07-04 04:40:48','2024-07-04 04:40:48'),
(370,'10',93,0,'2024-07-04 04:40:48','2024-07-04 04:40:48'),
(371,'9',93,0,'2024-07-04 04:40:48','2024-07-04 04:40:48'),
(372,'20',93,0,'2024-07-04 04:40:48','2024-07-04 04:40:48'),
(373,'11',94,1,'2024-07-04 04:40:48','2024-07-04 04:40:48'),
(374,'10',94,0,'2024-07-04 04:40:48','2024-07-04 04:40:48'),
(375,'9',94,0,'2024-07-04 04:40:48','2024-07-04 04:40:48'),
(376,'20',94,0,'2024-07-04 04:40:48','2024-07-04 04:40:48'),
(377,'11',95,1,'2024-07-04 04:40:48','2024-07-04 04:40:48'),
(378,'10',95,0,'2024-07-04 04:40:48','2024-07-04 04:40:48'),
(379,'9',95,0,'2024-07-04 04:40:48','2024-07-04 04:40:48'),
(380,'20',95,0,'2024-07-04 04:40:48','2024-07-04 04:40:48'),
(381,'11',96,1,'2024-07-04 04:40:48','2024-07-04 04:40:48'),
(382,'10',96,0,'2024-07-04 04:40:48','2024-07-04 04:40:48'),
(383,'9',96,0,'2024-07-04 04:40:48','2024-07-04 04:40:48'),
(384,'20',96,0,'2024-07-04 04:40:48','2024-07-04 04:40:48'),
(385,'11',97,1,'2024-07-04 04:40:48','2024-07-04 04:40:48'),
(386,'10',97,0,'2024-07-04 04:40:48','2024-07-04 04:40:48'),
(387,'9',97,0,'2024-07-04 04:40:48','2024-07-04 04:40:48'),
(388,'20',97,0,'2024-07-04 04:40:48','2024-07-04 04:40:48'),
(389,'11',98,1,'2024-07-04 04:40:48','2024-07-04 04:40:48'),
(390,'10',98,0,'2024-07-04 04:40:48','2024-07-04 04:40:48'),
(391,'9',98,0,'2024-07-04 04:40:48','2024-07-04 04:40:48'),
(392,'20',98,0,'2024-07-04 04:40:48','2024-07-04 04:40:48'),
(393,'11',99,1,'2024-07-04 04:40:48','2024-07-04 04:40:48'),
(394,'10',99,0,'2024-07-04 04:40:48','2024-07-04 04:40:48'),
(395,'9',99,0,'2024-07-04 04:40:48','2024-07-04 04:40:48'),
(396,'20',99,0,'2024-07-04 04:40:48','2024-07-04 04:40:48'),
(397,'11',100,1,'2024-07-04 04:40:48','2024-07-04 04:40:48'),
(398,'10',100,0,'2024-07-04 04:40:48','2024-07-04 04:40:48'),
(399,'9',100,0,'2024-07-04 04:40:48','2024-07-04 04:40:48'),
(400,'20',100,0,'2024-07-04 04:40:48','2024-07-04 04:40:48'),
(401,'11',101,1,'2024-07-04 04:40:48','2024-07-04 04:40:48'),
(402,'10',101,0,'2024-07-04 04:40:48','2024-07-04 04:40:48'),
(403,'9',101,0,'2024-07-04 04:40:48','2024-07-04 04:40:48'),
(404,'20',101,0,'2024-07-04 04:40:48','2024-07-04 04:40:48'),
(405,'11',102,1,'2024-07-04 04:40:48','2024-07-04 04:40:48'),
(406,'10',102,0,'2024-07-04 04:40:48','2024-07-04 04:40:48'),
(407,'9',102,0,'2024-07-04 04:40:48','2024-07-04 04:40:48'),
(408,'20',102,0,'2024-07-04 04:40:48','2024-07-04 04:40:48'),
(409,'11',103,1,'2024-07-04 04:40:48','2024-07-04 04:40:48'),
(410,'10',103,0,'2024-07-04 04:40:48','2024-07-04 04:40:48'),
(411,'9',103,0,'2024-07-04 04:40:48','2024-07-04 04:40:48'),
(412,'20',103,0,'2024-07-04 04:40:48','2024-07-04 04:40:48'),
(413,'11',104,1,'2024-07-04 04:40:48','2024-07-04 04:40:48'),
(414,'10',104,0,'2024-07-04 04:40:48','2024-07-04 04:40:48'),
(415,'9',104,0,'2024-07-04 04:40:48','2024-07-04 04:40:48'),
(416,'20',104,0,'2024-07-04 04:40:48','2024-07-04 04:40:48'),
(417,'11',105,1,'2024-07-04 04:40:48','2024-07-04 04:40:48'),
(418,'10',105,0,'2024-07-04 04:40:48','2024-07-04 04:40:48'),
(419,'9',105,0,'2024-07-04 04:40:48','2024-07-04 04:40:48'),
(420,'20',105,0,'2024-07-04 04:40:48','2024-07-04 04:40:48'),
(421,'11',106,1,'2024-07-04 04:40:48','2024-07-04 04:40:48'),
(422,'10',106,0,'2024-07-04 04:40:48','2024-07-04 04:40:48'),
(423,'9',106,0,'2024-07-04 04:40:48','2024-07-04 04:40:48'),
(424,'20',106,0,'2024-07-04 04:40:48','2024-07-04 04:40:48'),
(425,'11',107,1,'2024-07-04 04:40:48','2024-07-04 04:40:48'),
(426,'10',107,0,'2024-07-04 04:40:48','2024-07-04 04:40:48'),
(427,'9',107,0,'2024-07-04 04:40:48','2024-07-04 04:40:48'),
(428,'20',107,0,'2024-07-04 04:40:48','2024-07-04 04:40:48'),
(429,'11',108,1,'2024-07-04 04:40:48','2024-07-04 04:40:48'),
(430,'10',108,0,'2024-07-04 04:40:48','2024-07-04 04:40:48'),
(431,'9',108,0,'2024-07-04 04:40:48','2024-07-04 04:40:48'),
(432,'20',108,0,'2024-07-04 04:40:48','2024-07-04 04:40:48'),
(433,'11',109,1,'2024-07-04 04:40:48','2024-07-04 04:40:48'),
(434,'10',109,0,'2024-07-04 04:40:48','2024-07-04 04:40:48'),
(435,'9',109,0,'2024-07-04 04:40:48','2024-07-04 04:40:48'),
(436,'20',109,0,'2024-07-04 04:40:48','2024-07-04 04:40:48'),
(437,'11',110,1,'2024-07-04 04:40:48','2024-07-04 04:40:48'),
(438,'10',110,0,'2024-07-04 04:40:48','2024-07-04 04:40:48'),
(439,'9',110,0,'2024-07-04 04:40:48','2024-07-04 04:40:48'),
(440,'20',110,0,'2024-07-04 04:40:48','2024-07-04 04:40:48'),
(441,'11',111,1,'2024-07-04 04:40:48','2024-07-04 04:40:48'),
(442,'10',111,0,'2024-07-04 04:40:48','2024-07-04 04:40:48'),
(443,'9',111,0,'2024-07-04 04:40:48','2024-07-04 04:40:48'),
(444,'20',111,0,'2024-07-04 04:40:48','2024-07-04 04:40:48'),
(445,'11',112,1,'2024-07-04 04:40:48','2024-07-04 04:40:48'),
(446,'10',112,0,'2024-07-04 04:40:48','2024-07-04 04:40:48'),
(447,'9',112,0,'2024-07-04 04:40:48','2024-07-04 04:40:48'),
(448,'20',112,0,'2024-07-04 04:40:48','2024-07-04 04:40:48'),
(449,'11',113,1,'2024-07-04 04:40:48','2024-07-04 04:40:48'),
(450,'10',113,0,'2024-07-04 04:40:48','2024-07-04 04:40:48'),
(451,'9',113,0,'2024-07-04 04:40:48','2024-07-04 04:40:48'),
(452,'20',113,0,'2024-07-04 04:40:48','2024-07-04 04:40:48'),
(453,'11',114,1,'2024-07-04 04:40:48','2024-07-04 04:40:48'),
(454,'10',114,0,'2024-07-04 04:40:49','2024-07-04 04:40:49'),
(455,'9',114,0,'2024-07-04 04:40:49','2024-07-04 04:40:49'),
(456,'20',114,0,'2024-07-04 04:40:49','2024-07-04 04:40:49'),
(457,'11',115,1,'2024-07-04 04:40:49','2024-07-04 04:40:49'),
(458,'10',115,0,'2024-07-04 04:40:49','2024-07-04 04:40:49'),
(459,'9',115,0,'2024-07-04 04:40:49','2024-07-04 04:40:49'),
(460,'20',115,0,'2024-07-04 04:40:49','2024-07-04 04:40:49'),
(461,'11',116,1,'2024-07-04 04:40:49','2024-07-04 04:40:49'),
(462,'10',116,0,'2024-07-04 04:40:49','2024-07-04 04:40:49'),
(463,'9',116,0,'2024-07-04 04:40:49','2024-07-04 04:40:49'),
(464,'20',116,0,'2024-07-04 04:40:49','2024-07-04 04:40:49'),
(465,'11',117,1,'2024-07-04 04:40:49','2024-07-04 04:40:49'),
(466,'10',117,0,'2024-07-04 04:40:49','2024-07-04 04:40:49'),
(467,'9',117,0,'2024-07-04 04:40:49','2024-07-04 04:40:49'),
(468,'20',117,0,'2024-07-04 04:40:49','2024-07-04 04:40:49'),
(469,'11',118,1,'2024-07-04 04:40:49','2024-07-04 04:40:49'),
(470,'10',118,0,'2024-07-04 04:40:49','2024-07-04 04:40:49'),
(471,'9',118,0,'2024-07-04 04:40:49','2024-07-04 04:40:49'),
(472,'20',118,0,'2024-07-04 04:40:49','2024-07-04 04:40:49'),
(473,'11',119,1,'2024-07-04 04:40:49','2024-07-04 04:40:49'),
(474,'10',119,0,'2024-07-04 04:40:49','2024-07-04 04:40:49'),
(475,'9',119,0,'2024-07-04 04:40:49','2024-07-04 04:40:49'),
(476,'20',119,0,'2024-07-04 04:40:49','2024-07-04 04:40:49'),
(477,'11',120,1,'2024-07-04 04:40:49','2024-07-04 04:40:49'),
(478,'10',120,0,'2024-07-04 04:40:49','2024-07-04 04:40:49'),
(479,'9',120,0,'2024-07-04 04:40:49','2024-07-04 04:40:49'),
(480,'20',120,0,'2024-07-04 04:40:49','2024-07-04 04:40:49'),
(481,'11',121,1,'2024-07-04 04:40:49','2024-07-04 04:40:49'),
(482,'10',121,0,'2024-07-04 04:40:49','2024-07-04 04:40:49'),
(483,'9',121,0,'2024-07-04 04:40:49','2024-07-04 04:40:49'),
(484,'20',121,0,'2024-07-04 04:40:49','2024-07-04 04:40:49'),
(485,'11',122,1,'2024-07-04 04:40:49','2024-07-04 04:40:49'),
(486,'10',122,0,'2024-07-04 04:40:49','2024-07-04 04:40:49'),
(487,'9',122,0,'2024-07-04 04:40:49','2024-07-04 04:40:49'),
(488,'20',122,0,'2024-07-04 04:40:49','2024-07-04 04:40:49'),
(489,'11',123,1,'2024-07-04 04:40:49','2024-07-04 04:40:49'),
(490,'10',123,0,'2024-07-04 04:40:49','2024-07-04 04:40:49'),
(491,'9',123,0,'2024-07-04 04:40:49','2024-07-04 04:40:49'),
(492,'20',123,0,'2024-07-04 04:40:49','2024-07-04 04:40:49'),
(493,'11',124,1,'2024-07-04 04:40:49','2024-07-04 04:40:49'),
(494,'10',124,0,'2024-07-04 04:40:49','2024-07-04 04:40:49'),
(495,'9',124,0,'2024-07-04 04:40:49','2024-07-04 04:40:49'),
(496,'20',124,0,'2024-07-04 04:40:49','2024-07-04 04:40:49'),
(497,'11',125,1,'2024-07-04 04:40:49','2024-07-04 04:40:49'),
(498,'10',125,0,'2024-07-04 04:40:49','2024-07-04 04:40:49'),
(499,'9',125,0,'2024-07-04 04:40:49','2024-07-04 04:40:49'),
(500,'20',125,0,'2024-07-04 04:40:49','2024-07-04 04:40:49'),
(501,'11',126,1,'2024-07-04 04:40:49','2024-07-04 04:40:49'),
(502,'10',126,0,'2024-07-04 04:40:49','2024-07-04 04:40:49'),
(503,'9',126,0,'2024-07-04 04:40:49','2024-07-04 04:40:49'),
(504,'20',126,0,'2024-07-04 04:40:49','2024-07-04 04:40:49'),
(505,'11',127,1,'2024-07-04 04:40:49','2024-07-04 04:40:49'),
(506,'10',127,0,'2024-07-04 04:40:49','2024-07-04 04:40:49'),
(507,'9',127,0,'2024-07-04 04:40:49','2024-07-04 04:40:49'),
(508,'20',127,0,'2024-07-04 04:40:49','2024-07-04 04:40:49'),
(509,'11',128,1,'2024-07-04 04:40:49','2024-07-04 04:40:49'),
(510,'10',128,0,'2024-07-04 04:40:49','2024-07-04 04:40:49'),
(511,'9',128,0,'2024-07-04 04:40:49','2024-07-04 04:40:49'),
(512,'20',128,0,'2024-07-04 04:40:49','2024-07-04 04:40:49'),
(513,'11',129,1,'2024-07-04 04:40:49','2024-07-04 04:40:49'),
(514,'10',129,0,'2024-07-04 04:40:49','2024-07-04 04:40:49'),
(515,'9',129,0,'2024-07-04 04:40:49','2024-07-04 04:40:49'),
(516,'20',129,0,'2024-07-04 04:40:49','2024-07-04 04:40:49'),
(517,'11',130,1,'2024-07-04 04:40:49','2024-07-04 04:40:49'),
(518,'10',130,0,'2024-07-04 04:40:49','2024-07-04 04:40:49'),
(519,'9',130,0,'2024-07-04 04:40:49','2024-07-04 04:40:49'),
(520,'20',130,0,'2024-07-04 04:40:49','2024-07-04 04:40:49'),
(521,'11',131,1,'2024-07-04 04:40:49','2024-07-04 04:40:49'),
(522,'10',131,0,'2024-07-04 04:40:49','2024-07-04 04:40:49'),
(523,'9',131,0,'2024-07-04 04:40:49','2024-07-04 04:40:49'),
(524,'20',131,0,'2024-07-04 04:40:49','2024-07-04 04:40:49'),
(525,'11',132,1,'2024-07-04 04:40:49','2024-07-04 04:40:49'),
(526,'10',132,0,'2024-07-04 04:40:49','2024-07-04 04:40:49'),
(527,'9',132,0,'2024-07-04 04:40:49','2024-07-04 04:40:49'),
(528,'20',132,0,'2024-07-04 04:40:49','2024-07-04 04:40:49'),
(529,'11',133,1,'2024-07-04 04:40:49','2024-07-04 04:40:49'),
(530,'10',133,0,'2024-07-04 04:40:49','2024-07-04 04:40:49'),
(531,'9',133,0,'2024-07-04 04:40:49','2024-07-04 04:40:49'),
(532,'20',133,0,'2024-07-04 04:40:49','2024-07-04 04:40:49'),
(533,'11',134,1,'2024-07-04 04:40:49','2024-07-04 04:40:49'),
(534,'10',134,0,'2024-07-04 04:40:49','2024-07-04 04:40:49'),
(535,'9',134,0,'2024-07-04 04:40:49','2024-07-04 04:40:49'),
(536,'20',134,0,'2024-07-04 04:40:49','2024-07-04 04:40:49'),
(537,'11',135,1,'2024-07-04 04:40:49','2024-07-04 04:40:49'),
(538,'10',135,0,'2024-07-04 04:40:49','2024-07-04 04:40:49'),
(539,'9',135,0,'2024-07-04 04:40:49','2024-07-04 04:40:49'),
(540,'20',135,0,'2024-07-04 04:40:49','2024-07-04 04:40:49'),
(541,'11',136,1,'2024-07-04 04:40:49','2024-07-04 04:40:49'),
(542,'10',136,0,'2024-07-04 04:40:49','2024-07-04 04:40:49'),
(543,'9',136,0,'2024-07-04 04:40:49','2024-07-04 04:40:49'),
(544,'20',136,0,'2024-07-04 04:40:49','2024-07-04 04:40:49'),
(545,'11',137,1,'2024-07-04 04:40:49','2024-07-04 04:40:49'),
(546,'10',137,0,'2024-07-04 04:40:49','2024-07-04 04:40:49'),
(547,'9',137,0,'2024-07-04 04:40:49','2024-07-04 04:40:49'),
(548,'20',137,0,'2024-07-04 04:40:49','2024-07-04 04:40:49'),
(549,'11',138,1,'2024-07-04 04:40:49','2024-07-04 04:40:49'),
(550,'10',138,0,'2024-07-04 04:40:49','2024-07-04 04:40:49'),
(551,'9',138,0,'2024-07-04 04:40:49','2024-07-04 04:40:49'),
(552,'20',138,0,'2024-07-04 04:40:49','2024-07-04 04:40:49'),
(553,'11',139,1,'2024-07-04 04:40:49','2024-07-04 04:40:49'),
(554,'10',139,0,'2024-07-04 04:40:49','2024-07-04 04:40:49'),
(555,'9',139,0,'2024-07-04 04:40:49','2024-07-04 04:40:49'),
(556,'20',139,0,'2024-07-04 04:40:49','2024-07-04 04:40:49'),
(557,'11',140,1,'2024-07-04 04:40:50','2024-07-04 04:40:50'),
(558,'10',140,0,'2024-07-04 04:40:50','2024-07-04 04:40:50'),
(559,'9',140,0,'2024-07-04 04:40:50','2024-07-04 04:40:50'),
(560,'20',140,0,'2024-07-04 04:40:50','2024-07-04 04:40:50'),
(561,'11',141,1,'2024-07-04 04:40:50','2024-07-04 04:40:50'),
(562,'10',141,0,'2024-07-04 04:40:50','2024-07-04 04:40:50'),
(563,'9',141,0,'2024-07-04 04:40:50','2024-07-04 04:40:50'),
(564,'20',141,0,'2024-07-04 04:40:50','2024-07-04 04:40:50'),
(565,'11',142,1,'2024-07-04 04:40:50','2024-07-04 04:40:50'),
(566,'10',142,0,'2024-07-04 04:40:50','2024-07-04 04:40:50'),
(567,'9',142,0,'2024-07-04 04:40:50','2024-07-04 04:40:50'),
(568,'20',142,0,'2024-07-04 04:40:50','2024-07-04 04:40:50'),
(569,'11',143,1,'2024-07-04 04:40:50','2024-07-04 04:40:50'),
(570,'10',143,0,'2024-07-04 04:40:50','2024-07-04 04:40:50'),
(571,'9',143,0,'2024-07-04 04:40:50','2024-07-04 04:40:50'),
(572,'20',143,0,'2024-07-04 04:40:50','2024-07-04 04:40:50'),
(573,'11',144,1,'2024-07-04 04:40:50','2024-07-04 04:40:50'),
(574,'10',144,0,'2024-07-04 04:40:50','2024-07-04 04:40:50'),
(575,'9',144,0,'2024-07-04 04:40:50','2024-07-04 04:40:50'),
(576,'20',144,0,'2024-07-04 04:40:50','2024-07-04 04:40:50'),
(577,'11',145,1,'2024-07-04 04:40:50','2024-07-04 04:40:50'),
(578,'10',145,0,'2024-07-04 04:40:50','2024-07-04 04:40:50'),
(579,'9',145,0,'2024-07-04 04:40:50','2024-07-04 04:40:50'),
(580,'20',145,0,'2024-07-04 04:40:50','2024-07-04 04:40:50'),
(581,'11',146,1,'2024-07-04 04:40:50','2024-07-04 04:40:50'),
(582,'10',146,0,'2024-07-04 04:40:50','2024-07-04 04:40:50'),
(583,'9',146,0,'2024-07-04 04:40:50','2024-07-04 04:40:50'),
(584,'20',146,0,'2024-07-04 04:40:50','2024-07-04 04:40:50'),
(585,'11',147,1,'2024-07-04 04:40:50','2024-07-04 04:40:50'),
(586,'10',147,0,'2024-07-04 04:40:50','2024-07-04 04:40:50'),
(587,'9',147,0,'2024-07-04 04:40:50','2024-07-04 04:40:50'),
(588,'20',147,0,'2024-07-04 04:40:50','2024-07-04 04:40:50'),
(589,'11',148,1,'2024-07-04 04:40:50','2024-07-04 04:40:50'),
(590,'10',148,0,'2024-07-04 04:40:50','2024-07-04 04:40:50'),
(591,'9',148,0,'2024-07-04 04:40:50','2024-07-04 04:40:50'),
(592,'20',148,0,'2024-07-04 04:40:50','2024-07-04 04:40:50'),
(593,'11',149,1,'2024-07-04 04:40:50','2024-07-04 04:40:50'),
(594,'10',149,0,'2024-07-04 04:40:50','2024-07-04 04:40:50'),
(595,'9',149,0,'2024-07-04 04:40:50','2024-07-04 04:40:50'),
(596,'20',149,0,'2024-07-04 04:40:50','2024-07-04 04:40:50'),
(597,'11',150,1,'2024-07-04 04:40:50','2024-07-04 04:40:50'),
(598,'10',150,0,'2024-07-04 04:40:50','2024-07-04 04:40:50'),
(599,'9',150,0,'2024-07-04 04:40:50','2024-07-04 04:40:50'),
(600,'20',150,0,'2024-07-04 04:40:50','2024-07-04 04:40:50'),
(601,'11',151,1,'2024-07-04 04:40:50','2024-07-04 04:40:50'),
(602,'10',151,0,'2024-07-04 04:40:50','2024-07-04 04:40:50'),
(603,'9',151,0,'2024-07-04 04:40:50','2024-07-04 04:40:50'),
(604,'20',151,0,'2024-07-04 04:40:50','2024-07-04 04:40:50'),
(605,'11',152,1,'2024-07-04 04:40:50','2024-07-04 04:40:50'),
(606,'10',152,0,'2024-07-04 04:40:50','2024-07-04 04:40:50'),
(607,'9',152,0,'2024-07-04 04:40:50','2024-07-04 04:40:50'),
(608,'20',152,0,'2024-07-04 04:40:50','2024-07-04 04:40:50'),
(609,'11',153,1,'2024-07-04 04:40:50','2024-07-04 04:40:50'),
(610,'10',153,0,'2024-07-04 04:40:50','2024-07-04 04:40:50'),
(611,'9',153,0,'2024-07-04 04:40:50','2024-07-04 04:40:50'),
(612,'20',153,0,'2024-07-04 04:40:50','2024-07-04 04:40:50'),
(613,'11',154,1,'2024-07-04 04:40:50','2024-07-04 04:40:50'),
(614,'10',154,0,'2024-07-04 04:40:50','2024-07-04 04:40:50'),
(615,'9',154,0,'2024-07-04 04:40:50','2024-07-04 04:40:50'),
(616,'20',154,0,'2024-07-04 04:40:50','2024-07-04 04:40:50'),
(617,'11',155,1,'2024-07-04 04:40:50','2024-07-04 04:40:50'),
(618,'10',155,0,'2024-07-04 04:40:50','2024-07-04 04:40:50'),
(619,'9',155,0,'2024-07-04 04:40:50','2024-07-04 04:40:50'),
(620,'20',155,0,'2024-07-04 04:40:50','2024-07-04 04:40:50'),
(621,'11',156,1,'2024-07-04 04:40:50','2024-07-04 04:40:50'),
(622,'10',156,0,'2024-07-04 04:40:50','2024-07-04 04:40:50'),
(623,'9',156,0,'2024-07-04 04:40:50','2024-07-04 04:40:50'),
(624,'20',156,0,'2024-07-04 04:40:50','2024-07-04 04:40:50'),
(625,'11',157,1,'2024-07-04 04:40:50','2024-07-04 04:40:50'),
(626,'10',157,0,'2024-07-04 04:40:50','2024-07-04 04:40:50'),
(627,'9',157,0,'2024-07-04 04:40:50','2024-07-04 04:40:50'),
(628,'20',157,0,'2024-07-04 04:40:50','2024-07-04 04:40:50'),
(629,'11',158,1,'2024-07-04 04:40:50','2024-07-04 04:40:50'),
(630,'10',158,0,'2024-07-04 04:40:50','2024-07-04 04:40:50'),
(631,'9',158,0,'2024-07-04 04:40:50','2024-07-04 04:40:50'),
(632,'20',158,0,'2024-07-04 04:40:50','2024-07-04 04:40:50'),
(633,'11',159,1,'2024-07-04 04:40:50','2024-07-04 04:40:50'),
(634,'10',159,0,'2024-07-04 04:40:50','2024-07-04 04:40:50'),
(635,'9',159,0,'2024-07-04 04:40:50','2024-07-04 04:40:50'),
(636,'20',159,0,'2024-07-04 04:40:50','2024-07-04 04:40:50'),
(637,'11',160,1,'2024-07-04 04:40:50','2024-07-04 04:40:50'),
(638,'10',160,0,'2024-07-04 04:40:50','2024-07-04 04:40:50'),
(639,'9',160,0,'2024-07-04 04:40:50','2024-07-04 04:40:50'),
(640,'20',160,0,'2024-07-04 04:40:50','2024-07-04 04:40:50'),
(641,'11',161,1,'2024-07-04 04:40:50','2024-07-04 04:40:50'),
(642,'10',161,0,'2024-07-04 04:40:50','2024-07-04 04:40:50'),
(643,'9',161,0,'2024-07-04 04:40:50','2024-07-04 04:40:50'),
(644,'20',161,0,'2024-07-04 04:40:50','2024-07-04 04:40:50'),
(645,'11',162,1,'2024-07-04 04:40:50','2024-07-04 04:40:50'),
(646,'10',162,0,'2024-07-04 04:40:50','2024-07-04 04:40:50'),
(647,'9',162,0,'2024-07-04 04:40:50','2024-07-04 04:40:50'),
(648,'20',162,0,'2024-07-04 04:40:50','2024-07-04 04:40:50'),
(649,'11',163,1,'2024-07-04 04:40:50','2024-07-04 04:40:50'),
(650,'10',163,0,'2024-07-04 04:40:50','2024-07-04 04:40:50'),
(651,'9',163,0,'2024-07-04 04:40:50','2024-07-04 04:40:50'),
(652,'20',163,0,'2024-07-04 04:40:50','2024-07-04 04:40:50'),
(653,'11',164,1,'2024-07-04 04:40:51','2024-07-04 04:40:51'),
(654,'10',164,0,'2024-07-04 04:40:51','2024-07-04 04:40:51'),
(655,'9',164,0,'2024-07-04 04:40:51','2024-07-04 04:40:51'),
(656,'20',164,0,'2024-07-04 04:40:51','2024-07-04 04:40:51'),
(657,'11',165,1,'2024-07-04 04:40:51','2024-07-04 04:40:51'),
(658,'10',165,0,'2024-07-04 04:40:51','2024-07-04 04:40:51'),
(659,'9',165,0,'2024-07-04 04:40:51','2024-07-04 04:40:51'),
(660,'20',165,0,'2024-07-04 04:40:51','2024-07-04 04:40:51'),
(661,'11',166,1,'2024-07-04 04:40:51','2024-07-04 04:40:51'),
(662,'10',166,0,'2024-07-04 04:40:51','2024-07-04 04:40:51'),
(663,'9',166,0,'2024-07-04 04:40:51','2024-07-04 04:40:51'),
(664,'20',166,0,'2024-07-04 04:40:51','2024-07-04 04:40:51'),
(665,'11',167,1,'2024-07-04 04:40:51','2024-07-04 04:40:51'),
(666,'10',167,0,'2024-07-04 04:40:51','2024-07-04 04:40:51'),
(667,'9',167,0,'2024-07-04 04:40:51','2024-07-04 04:40:51'),
(668,'20',167,0,'2024-07-04 04:40:51','2024-07-04 04:40:51'),
(669,'11',168,1,'2024-07-04 04:40:51','2024-07-04 04:40:51'),
(670,'10',168,0,'2024-07-04 04:40:51','2024-07-04 04:40:51'),
(671,'9',168,0,'2024-07-04 04:40:51','2024-07-04 04:40:51'),
(672,'20',168,0,'2024-07-04 04:40:51','2024-07-04 04:40:51'),
(673,'11',169,1,'2024-07-04 04:40:51','2024-07-04 04:40:51'),
(674,'10',169,0,'2024-07-04 04:40:51','2024-07-04 04:40:51'),
(675,'9',169,0,'2024-07-04 04:40:51','2024-07-04 04:40:51'),
(676,'20',169,0,'2024-07-04 04:40:51','2024-07-04 04:40:51'),
(677,'11',170,1,'2024-07-04 04:40:51','2024-07-04 04:40:51'),
(678,'10',170,0,'2024-07-04 04:40:51','2024-07-04 04:40:51'),
(679,'9',170,0,'2024-07-04 04:40:51','2024-07-04 04:40:51'),
(680,'20',170,0,'2024-07-04 04:40:51','2024-07-04 04:40:51'),
(681,'11',171,1,'2024-07-04 04:40:51','2024-07-04 04:40:51'),
(682,'10',171,0,'2024-07-04 04:40:51','2024-07-04 04:40:51'),
(683,'9',171,0,'2024-07-04 04:40:51','2024-07-04 04:40:51'),
(684,'20',171,0,'2024-07-04 04:40:51','2024-07-04 04:40:51'),
(685,'11',172,1,'2024-07-04 04:40:51','2024-07-04 04:40:51'),
(686,'10',172,0,'2024-07-04 04:40:51','2024-07-04 04:40:51'),
(687,'9',172,0,'2024-07-04 04:40:51','2024-07-04 04:40:51'),
(688,'20',172,0,'2024-07-04 04:40:51','2024-07-04 04:40:51'),
(689,'11',173,1,'2024-07-04 04:40:51','2024-07-04 04:40:51'),
(690,'10',173,0,'2024-07-04 04:40:51','2024-07-04 04:40:51'),
(691,'9',173,0,'2024-07-04 04:40:51','2024-07-04 04:40:51'),
(692,'20',173,0,'2024-07-04 04:40:51','2024-07-04 04:40:51'),
(693,'11',174,1,'2024-07-04 04:40:51','2024-07-04 04:40:51'),
(694,'10',174,0,'2024-07-04 04:40:51','2024-07-04 04:40:51'),
(695,'9',174,0,'2024-07-04 04:40:51','2024-07-04 04:40:51'),
(696,'20',174,0,'2024-07-04 04:40:51','2024-07-04 04:40:51'),
(697,'11',175,1,'2024-07-04 04:40:51','2024-07-04 04:40:51'),
(698,'10',175,0,'2024-07-04 04:40:51','2024-07-04 04:40:51'),
(699,'9',175,0,'2024-07-04 04:40:51','2024-07-04 04:40:51'),
(700,'20',175,0,'2024-07-04 04:40:51','2024-07-04 04:40:51'),
(701,'11',176,1,'2024-07-04 04:40:51','2024-07-04 04:40:51'),
(702,'10',176,0,'2024-07-04 04:40:51','2024-07-04 04:40:51'),
(703,'9',176,0,'2024-07-04 04:40:51','2024-07-04 04:40:51'),
(704,'20',176,0,'2024-07-04 04:40:51','2024-07-04 04:40:51'),
(705,'11',177,1,'2024-07-04 04:40:51','2024-07-04 04:40:51'),
(706,'10',177,0,'2024-07-04 04:40:51','2024-07-04 04:40:51'),
(707,'9',177,0,'2024-07-04 04:40:51','2024-07-04 04:40:51'),
(708,'20',177,0,'2024-07-04 04:40:51','2024-07-04 04:40:51'),
(709,'11',178,1,'2024-07-04 04:40:51','2024-07-04 04:40:51'),
(710,'10',178,0,'2024-07-04 04:40:51','2024-07-04 04:40:51'),
(711,'9',178,0,'2024-07-04 04:40:51','2024-07-04 04:40:51'),
(712,'20',178,0,'2024-07-04 04:40:51','2024-07-04 04:40:51'),
(713,'11',179,1,'2024-07-04 04:40:51','2024-07-04 04:40:51'),
(714,'10',179,0,'2024-07-04 04:40:51','2024-07-04 04:40:51'),
(715,'9',179,0,'2024-07-04 04:40:51','2024-07-04 04:40:51'),
(716,'20',179,0,'2024-07-04 04:40:51','2024-07-04 04:40:51'),
(717,'11',180,1,'2024-07-04 04:40:51','2024-07-04 04:40:51'),
(718,'10',180,0,'2024-07-04 04:40:51','2024-07-04 04:40:51'),
(719,'9',180,0,'2024-07-04 04:40:51','2024-07-04 04:40:51'),
(720,'20',180,0,'2024-07-04 04:40:51','2024-07-04 04:40:51'),
(721,'11',181,1,'2024-07-04 04:40:51','2024-07-04 04:40:51'),
(722,'10',181,0,'2024-07-04 04:40:51','2024-07-04 04:40:51'),
(723,'9',181,0,'2024-07-04 04:40:51','2024-07-04 04:40:51'),
(724,'20',181,0,'2024-07-04 04:40:51','2024-07-04 04:40:51'),
(725,'11',182,1,'2024-07-04 04:40:51','2024-07-04 04:40:51'),
(726,'10',182,0,'2024-07-04 04:40:51','2024-07-04 04:40:51'),
(727,'9',182,0,'2024-07-04 04:40:51','2024-07-04 04:40:51'),
(728,'20',182,0,'2024-07-04 04:40:51','2024-07-04 04:40:51'),
(729,'11',183,1,'2024-07-04 04:40:51','2024-07-04 04:40:51'),
(730,'10',183,0,'2024-07-04 04:40:51','2024-07-04 04:40:51'),
(731,'9',183,0,'2024-07-04 04:40:51','2024-07-04 04:40:51'),
(732,'20',183,0,'2024-07-04 04:40:51','2024-07-04 04:40:51'),
(733,'11',184,1,'2024-07-04 04:40:51','2024-07-04 04:40:51'),
(734,'10',184,0,'2024-07-04 04:40:51','2024-07-04 04:40:51'),
(735,'9',184,0,'2024-07-04 04:40:51','2024-07-04 04:40:51'),
(736,'20',184,0,'2024-07-04 04:40:51','2024-07-04 04:40:51'),
(737,'11',185,1,'2024-07-04 04:40:51','2024-07-04 04:40:51'),
(738,'10',185,0,'2024-07-04 04:40:51','2024-07-04 04:40:51'),
(739,'9',185,0,'2024-07-04 04:40:51','2024-07-04 04:40:51'),
(740,'20',185,0,'2024-07-04 04:40:51','2024-07-04 04:40:51'),
(741,'11',186,1,'2024-07-04 04:40:51','2024-07-04 04:40:51'),
(742,'10',186,0,'2024-07-04 04:40:51','2024-07-04 04:40:51'),
(743,'9',186,0,'2024-07-04 04:40:51','2024-07-04 04:40:51'),
(744,'20',186,0,'2024-07-04 04:40:51','2024-07-04 04:40:51'),
(745,'11',187,1,'2024-07-04 04:40:51','2024-07-04 04:40:51'),
(746,'10',187,0,'2024-07-04 04:40:51','2024-07-04 04:40:51'),
(747,'9',187,0,'2024-07-04 04:40:51','2024-07-04 04:40:51'),
(748,'20',187,0,'2024-07-04 04:40:51','2024-07-04 04:40:51'),
(749,'11',188,1,'2024-07-04 04:40:52','2024-07-04 04:40:52'),
(750,'10',188,0,'2024-07-04 04:40:52','2024-07-04 04:40:52'),
(751,'9',188,0,'2024-07-04 04:40:52','2024-07-04 04:40:52'),
(752,'20',188,0,'2024-07-04 04:40:52','2024-07-04 04:40:52'),
(753,'11',189,1,'2024-07-04 04:40:52','2024-07-04 04:40:52'),
(754,'10',189,0,'2024-07-04 04:40:52','2024-07-04 04:40:52'),
(755,'9',189,0,'2024-07-04 04:40:52','2024-07-04 04:40:52'),
(756,'20',189,0,'2024-07-04 04:40:52','2024-07-04 04:40:52'),
(757,'11',190,1,'2024-07-04 04:40:52','2024-07-04 04:40:52'),
(758,'10',190,0,'2024-07-04 04:40:52','2024-07-04 04:40:52'),
(759,'9',190,0,'2024-07-04 04:40:52','2024-07-04 04:40:52'),
(760,'20',190,0,'2024-07-04 04:40:52','2024-07-04 04:40:52'),
(761,'11',191,1,'2024-07-04 04:40:52','2024-07-04 04:40:52'),
(762,'10',191,0,'2024-07-04 04:40:52','2024-07-04 04:40:52'),
(763,'9',191,0,'2024-07-04 04:40:52','2024-07-04 04:40:52'),
(764,'20',191,0,'2024-07-04 04:40:52','2024-07-04 04:40:52'),
(765,'11',192,1,'2024-07-04 04:40:52','2024-07-04 04:40:52'),
(766,'10',192,0,'2024-07-04 04:40:52','2024-07-04 04:40:52'),
(767,'9',192,0,'2024-07-04 04:40:52','2024-07-04 04:40:52'),
(768,'20',192,0,'2024-07-04 04:40:52','2024-07-04 04:40:52'),
(769,'11',193,1,'2024-07-04 04:40:52','2024-07-04 04:40:52'),
(770,'10',193,0,'2024-07-04 04:40:52','2024-07-04 04:40:52'),
(771,'9',193,0,'2024-07-04 04:40:52','2024-07-04 04:40:52'),
(772,'20',193,0,'2024-07-04 04:40:52','2024-07-04 04:40:52'),
(773,'11',194,1,'2024-07-04 04:40:52','2024-07-04 04:40:52'),
(774,'10',194,0,'2024-07-04 04:40:52','2024-07-04 04:40:52'),
(775,'9',194,0,'2024-07-04 04:40:52','2024-07-04 04:40:52'),
(776,'20',194,0,'2024-07-04 04:40:52','2024-07-04 04:40:52'),
(777,'11',195,1,'2024-07-04 04:40:52','2024-07-04 04:40:52'),
(778,'10',195,0,'2024-07-04 04:40:52','2024-07-04 04:40:52'),
(779,'9',195,0,'2024-07-04 04:40:52','2024-07-04 04:40:52'),
(780,'20',195,0,'2024-07-04 04:40:52','2024-07-04 04:40:52'),
(781,'11',196,1,'2024-07-04 04:40:52','2024-07-04 04:40:52'),
(782,'10',196,0,'2024-07-04 04:40:52','2024-07-04 04:40:52'),
(783,'9',196,0,'2024-07-04 04:40:52','2024-07-04 04:40:52'),
(784,'20',196,0,'2024-07-04 04:40:52','2024-07-04 04:40:52'),
(785,'11',197,1,'2024-07-04 04:40:52','2024-07-04 04:40:52'),
(786,'10',197,0,'2024-07-04 04:40:52','2024-07-04 04:40:52'),
(787,'9',197,0,'2024-07-04 04:40:52','2024-07-04 04:40:52'),
(788,'20',197,0,'2024-07-04 04:40:52','2024-07-04 04:40:52'),
(789,'11',198,1,'2024-07-04 04:40:52','2024-07-04 04:40:52'),
(790,'10',198,0,'2024-07-04 04:40:52','2024-07-04 04:40:52'),
(791,'9',198,0,'2024-07-04 04:40:52','2024-07-04 04:40:52'),
(792,'20',198,0,'2024-07-04 04:40:52','2024-07-04 04:40:52'),
(793,'11',199,1,'2024-07-04 04:40:52','2024-07-04 04:40:52'),
(794,'10',199,0,'2024-07-04 04:40:52','2024-07-04 04:40:52'),
(795,'9',199,0,'2024-07-04 04:40:52','2024-07-04 04:40:52'),
(796,'20',199,0,'2024-07-04 04:40:52','2024-07-04 04:40:52'),
(797,'11',200,1,'2024-07-04 04:40:52','2024-07-04 04:40:52'),
(798,'10',200,0,'2024-07-04 04:40:52','2024-07-04 04:40:52'),
(799,'9',200,0,'2024-07-04 04:40:52','2024-07-04 04:40:52'),
(800,'20',200,0,'2024-07-04 04:40:52','2024-07-04 04:40:52'),
(801,'11',201,1,'2024-07-04 04:40:52','2024-07-04 04:40:52'),
(802,'10',201,0,'2024-07-04 04:40:52','2024-07-04 04:40:52'),
(803,'9',201,0,'2024-07-04 04:40:52','2024-07-04 04:40:52'),
(804,'20',201,0,'2024-07-04 04:40:52','2024-07-04 04:40:52'),
(805,'11',202,1,'2024-07-04 04:40:52','2024-07-04 04:40:52'),
(806,'10',202,0,'2024-07-04 04:40:52','2024-07-04 04:40:52'),
(807,'9',202,0,'2024-07-04 04:40:52','2024-07-04 04:40:52'),
(808,'20',202,0,'2024-07-04 04:40:52','2024-07-04 04:40:52'),
(809,'11',203,1,'2024-07-04 04:40:52','2024-07-04 04:40:52'),
(810,'10',203,0,'2024-07-04 04:40:52','2024-07-04 04:40:52'),
(811,'9',203,0,'2024-07-04 04:40:52','2024-07-04 04:40:52'),
(812,'20',203,0,'2024-07-04 04:40:52','2024-07-04 04:40:52'),
(813,'11',204,1,'2024-07-04 04:40:52','2024-07-04 04:40:52'),
(814,'10',204,0,'2024-07-04 04:40:52','2024-07-04 04:40:52'),
(815,'9',204,0,'2024-07-04 04:40:52','2024-07-04 04:40:52'),
(816,'20',204,0,'2024-07-04 04:40:52','2024-07-04 04:40:52'),
(817,'11',205,1,'2024-07-04 04:40:52','2024-07-04 04:40:52'),
(818,'10',205,0,'2024-07-04 04:40:52','2024-07-04 04:40:52'),
(819,'9',205,0,'2024-07-04 04:40:52','2024-07-04 04:40:52'),
(820,'20',205,0,'2024-07-04 04:40:52','2024-07-04 04:40:52'),
(821,'11',206,1,'2024-07-04 04:40:52','2024-07-04 04:40:52'),
(822,'10',206,0,'2024-07-04 04:40:52','2024-07-04 04:40:52'),
(823,'9',206,0,'2024-07-04 04:40:52','2024-07-04 04:40:52'),
(824,'20',206,0,'2024-07-04 04:40:52','2024-07-04 04:40:52'),
(825,'11',207,1,'2024-07-04 04:40:52','2024-07-04 04:40:52'),
(826,'10',207,0,'2024-07-04 04:40:52','2024-07-04 04:40:52'),
(827,'9',207,0,'2024-07-04 04:40:52','2024-07-04 04:40:52'),
(828,'20',207,0,'2024-07-04 04:40:52','2024-07-04 04:40:52'),
(829,'11',208,1,'2024-07-04 04:40:52','2024-07-04 04:40:52'),
(830,'10',208,0,'2024-07-04 04:40:52','2024-07-04 04:40:52'),
(831,'9',208,0,'2024-07-04 04:40:52','2024-07-04 04:40:52'),
(832,'20',208,0,'2024-07-04 04:40:52','2024-07-04 04:40:52'),
(833,'11',209,1,'2024-07-04 04:40:52','2024-07-04 04:40:52'),
(834,'10',209,0,'2024-07-04 04:40:52','2024-07-04 04:40:52'),
(835,'9',209,0,'2024-07-04 04:40:52','2024-07-04 04:40:52'),
(836,'20',209,0,'2024-07-04 04:40:52','2024-07-04 04:40:52'),
(837,'11',210,1,'2024-07-04 04:40:52','2024-07-04 04:40:52'),
(838,'10',210,0,'2024-07-04 04:40:52','2024-07-04 04:40:52'),
(839,'9',210,0,'2024-07-04 04:40:52','2024-07-04 04:40:52'),
(840,'20',210,0,'2024-07-04 04:40:52','2024-07-04 04:40:52'),
(841,'11',211,1,'2024-07-04 04:40:52','2024-07-04 04:40:52'),
(842,'10',211,0,'2024-07-04 04:40:52','2024-07-04 04:40:52'),
(843,'9',211,0,'2024-07-04 04:40:52','2024-07-04 04:40:52'),
(844,'20',211,0,'2024-07-04 04:40:52','2024-07-04 04:40:52'),
(845,'11',212,1,'2024-07-04 04:40:53','2024-07-04 04:40:53'),
(846,'10',212,0,'2024-07-04 04:40:53','2024-07-04 04:40:53'),
(847,'9',212,0,'2024-07-04 04:40:53','2024-07-04 04:40:53'),
(848,'20',212,0,'2024-07-04 04:40:53','2024-07-04 04:40:53'),
(849,'11',213,1,'2024-07-04 04:40:53','2024-07-04 04:40:53'),
(850,'10',213,0,'2024-07-04 04:40:53','2024-07-04 04:40:53'),
(851,'9',213,0,'2024-07-04 04:40:53','2024-07-04 04:40:53'),
(852,'20',213,0,'2024-07-04 04:40:53','2024-07-04 04:40:53'),
(853,'11',214,1,'2024-07-04 04:40:53','2024-07-04 04:40:53'),
(854,'10',214,0,'2024-07-04 04:40:53','2024-07-04 04:40:53'),
(855,'9',214,0,'2024-07-04 04:40:53','2024-07-04 04:40:53'),
(856,'20',214,0,'2024-07-04 04:40:53','2024-07-04 04:40:53'),
(857,'11',215,1,'2024-07-04 04:40:53','2024-07-04 04:40:53'),
(858,'10',215,0,'2024-07-04 04:40:53','2024-07-04 04:40:53'),
(859,'9',215,0,'2024-07-04 04:40:53','2024-07-04 04:40:53'),
(860,'20',215,0,'2024-07-04 04:40:53','2024-07-04 04:40:53'),
(861,'11',216,1,'2024-07-04 04:40:53','2024-07-04 04:40:53'),
(862,'10',216,0,'2024-07-04 04:40:53','2024-07-04 04:40:53'),
(863,'9',216,0,'2024-07-04 04:40:53','2024-07-04 04:40:53'),
(864,'20',216,0,'2024-07-04 04:40:53','2024-07-04 04:40:53'),
(865,'11',217,1,'2024-07-04 04:40:53','2024-07-04 04:40:53'),
(866,'10',217,0,'2024-07-04 04:40:53','2024-07-04 04:40:53'),
(867,'9',217,0,'2024-07-04 04:40:53','2024-07-04 04:40:53'),
(868,'20',217,0,'2024-07-04 04:40:53','2024-07-04 04:40:53'),
(869,'11',218,1,'2024-07-04 04:40:53','2024-07-04 04:40:53'),
(870,'10',218,0,'2024-07-04 04:40:53','2024-07-04 04:40:53'),
(871,'9',218,0,'2024-07-04 04:40:53','2024-07-04 04:40:53'),
(872,'20',218,0,'2024-07-04 04:40:53','2024-07-04 04:40:53'),
(873,'11',219,1,'2024-07-04 04:40:53','2024-07-04 04:40:53'),
(874,'10',219,0,'2024-07-04 04:40:53','2024-07-04 04:40:53'),
(875,'9',219,0,'2024-07-04 04:40:53','2024-07-04 04:40:53'),
(876,'20',219,0,'2024-07-04 04:40:53','2024-07-04 04:40:53'),
(877,'11',220,1,'2024-07-04 04:40:53','2024-07-04 04:40:53'),
(878,'10',220,0,'2024-07-04 04:40:53','2024-07-04 04:40:53'),
(879,'9',220,0,'2024-07-04 04:40:53','2024-07-04 04:40:53'),
(880,'20',220,0,'2024-07-04 04:40:53','2024-07-04 04:40:53'),
(881,'11',221,1,'2024-07-04 04:40:53','2024-07-04 04:40:53'),
(882,'10',221,0,'2024-07-04 04:40:53','2024-07-04 04:40:53'),
(883,'9',221,0,'2024-07-04 04:40:53','2024-07-04 04:40:53'),
(884,'20',221,0,'2024-07-04 04:40:53','2024-07-04 04:40:53'),
(885,'11',222,1,'2024-07-04 04:40:53','2024-07-04 04:40:53'),
(886,'10',222,0,'2024-07-04 04:40:53','2024-07-04 04:40:53'),
(887,'9',222,0,'2024-07-04 04:40:53','2024-07-04 04:40:53'),
(888,'20',222,0,'2024-07-04 04:40:53','2024-07-04 04:40:53'),
(889,'11',223,1,'2024-07-04 04:40:53','2024-07-04 04:40:53'),
(890,'10',223,0,'2024-07-04 04:40:53','2024-07-04 04:40:53'),
(891,'9',223,0,'2024-07-04 04:40:53','2024-07-04 04:40:53'),
(892,'20',223,0,'2024-07-04 04:40:53','2024-07-04 04:40:53'),
(893,'11',224,1,'2024-07-04 04:40:53','2024-07-04 04:40:53'),
(894,'10',224,0,'2024-07-04 04:40:53','2024-07-04 04:40:53'),
(895,'9',224,0,'2024-07-04 04:40:53','2024-07-04 04:40:53'),
(896,'20',224,0,'2024-07-04 04:40:53','2024-07-04 04:40:53'),
(897,'11',225,1,'2024-07-04 04:40:53','2024-07-04 04:40:53'),
(898,'10',225,0,'2024-07-04 04:40:53','2024-07-04 04:40:53'),
(899,'9',225,0,'2024-07-04 04:40:53','2024-07-04 04:40:53'),
(900,'20',225,0,'2024-07-04 04:40:53','2024-07-04 04:40:53'),
(901,'11',226,1,'2024-07-04 04:40:53','2024-07-04 04:40:53'),
(902,'10',226,0,'2024-07-04 04:40:53','2024-07-04 04:40:53'),
(903,'9',226,0,'2024-07-04 04:40:53','2024-07-04 04:40:53'),
(904,'20',226,0,'2024-07-04 04:40:53','2024-07-04 04:40:53'),
(905,'11',227,1,'2024-07-04 04:40:53','2024-07-04 04:40:53'),
(906,'10',227,0,'2024-07-04 04:40:53','2024-07-04 04:40:53'),
(907,'9',227,0,'2024-07-04 04:40:53','2024-07-04 04:40:53'),
(908,'20',227,0,'2024-07-04 04:40:53','2024-07-04 04:40:53'),
(909,'11',228,1,'2024-07-04 04:40:53','2024-07-04 04:40:53'),
(910,'10',228,0,'2024-07-04 04:40:53','2024-07-04 04:40:53'),
(911,'9',228,0,'2024-07-04 04:40:53','2024-07-04 04:40:53'),
(912,'20',228,0,'2024-07-04 04:40:53','2024-07-04 04:40:53'),
(913,'11',229,1,'2024-07-04 04:40:53','2024-07-04 04:40:53'),
(914,'10',229,0,'2024-07-04 04:40:53','2024-07-04 04:40:53'),
(915,'9',229,0,'2024-07-04 04:40:53','2024-07-04 04:40:53'),
(916,'20',229,0,'2024-07-04 04:40:53','2024-07-04 04:40:53'),
(917,'11',230,1,'2024-07-04 04:40:53','2024-07-04 04:40:53'),
(918,'10',230,0,'2024-07-04 04:40:53','2024-07-04 04:40:53'),
(919,'9',230,0,'2024-07-04 04:40:53','2024-07-04 04:40:53'),
(920,'20',230,0,'2024-07-04 04:40:53','2024-07-04 04:40:53'),
(921,'11',231,1,'2024-07-04 04:40:53','2024-07-04 04:40:53'),
(922,'10',231,0,'2024-07-04 04:40:53','2024-07-04 04:40:53'),
(923,'9',231,0,'2024-07-04 04:40:53','2024-07-04 04:40:53'),
(924,'20',231,0,'2024-07-04 04:40:53','2024-07-04 04:40:53'),
(925,'11',232,1,'2024-07-04 04:40:53','2024-07-04 04:40:53'),
(926,'10',232,0,'2024-07-04 04:40:53','2024-07-04 04:40:53'),
(927,'9',232,0,'2024-07-04 04:40:53','2024-07-04 04:40:53'),
(928,'20',232,0,'2024-07-04 04:40:53','2024-07-04 04:40:53'),
(929,'11',233,1,'2024-07-04 04:40:53','2024-07-04 04:40:53'),
(930,'10',233,0,'2024-07-04 04:40:53','2024-07-04 04:40:53'),
(931,'9',233,0,'2024-07-04 04:40:53','2024-07-04 04:40:53'),
(932,'20',233,0,'2024-07-04 04:40:53','2024-07-04 04:40:53'),
(933,'11',234,1,'2024-07-04 04:40:53','2024-07-04 04:40:53'),
(934,'10',234,0,'2024-07-04 04:40:53','2024-07-04 04:40:53'),
(935,'9',234,0,'2024-07-04 04:40:53','2024-07-04 04:40:53'),
(936,'20',234,0,'2024-07-04 04:40:53','2024-07-04 04:40:53'),
(937,'11',235,1,'2024-07-04 04:40:53','2024-07-04 04:40:53'),
(938,'10',235,0,'2024-07-04 04:40:53','2024-07-04 04:40:53'),
(939,'9',235,0,'2024-07-04 04:40:53','2024-07-04 04:40:53'),
(940,'20',235,0,'2024-07-04 04:40:53','2024-07-04 04:40:53'),
(941,'11',236,1,'2024-07-04 04:40:53','2024-07-04 04:40:53'),
(942,'10',236,0,'2024-07-04 04:40:53','2024-07-04 04:40:53'),
(943,'9',236,0,'2024-07-04 04:40:53','2024-07-04 04:40:53'),
(944,'20',236,0,'2024-07-04 04:40:53','2024-07-04 04:40:53'),
(945,'11',237,1,'2024-07-04 04:40:54','2024-07-04 04:40:54'),
(946,'10',237,0,'2024-07-04 04:40:54','2024-07-04 04:40:54'),
(947,'9',237,0,'2024-07-04 04:40:54','2024-07-04 04:40:54'),
(948,'20',237,0,'2024-07-04 04:40:54','2024-07-04 04:40:54'),
(949,'11',238,1,'2024-07-04 04:40:54','2024-07-04 04:40:54'),
(950,'10',238,0,'2024-07-04 04:40:54','2024-07-04 04:40:54'),
(951,'9',238,0,'2024-07-04 04:40:54','2024-07-04 04:40:54'),
(952,'20',238,0,'2024-07-04 04:40:54','2024-07-04 04:40:54'),
(953,'11',239,1,'2024-07-04 04:40:54','2024-07-04 04:40:54'),
(954,'10',239,0,'2024-07-04 04:40:54','2024-07-04 04:40:54'),
(955,'9',239,0,'2024-07-04 04:40:54','2024-07-04 04:40:54'),
(956,'20',239,0,'2024-07-04 04:40:54','2024-07-04 04:40:54'),
(957,'11',240,1,'2024-07-04 04:40:54','2024-07-04 04:40:54'),
(958,'10',240,0,'2024-07-04 04:40:54','2024-07-04 04:40:54'),
(959,'9',240,0,'2024-07-04 04:40:54','2024-07-04 04:40:54'),
(960,'20',240,0,'2024-07-04 04:40:54','2024-07-04 04:40:54'),
(961,'11',241,1,'2024-07-04 04:40:54','2024-07-04 04:40:54'),
(962,'10',241,0,'2024-07-04 04:40:54','2024-07-04 04:40:54'),
(963,'9',241,0,'2024-07-04 04:40:54','2024-07-04 04:40:54'),
(964,'20',241,0,'2024-07-04 04:40:54','2024-07-04 04:40:54'),
(965,'11',242,1,'2024-07-04 04:40:54','2024-07-04 04:40:54'),
(966,'10',242,0,'2024-07-04 04:40:54','2024-07-04 04:40:54'),
(967,'9',242,0,'2024-07-04 04:40:54','2024-07-04 04:40:54'),
(968,'20',242,0,'2024-07-04 04:40:54','2024-07-04 04:40:54'),
(969,'11',243,1,'2024-07-04 04:40:54','2024-07-04 04:40:54'),
(970,'10',243,0,'2024-07-04 04:40:54','2024-07-04 04:40:54'),
(971,'9',243,0,'2024-07-04 04:40:54','2024-07-04 04:40:54'),
(972,'20',243,0,'2024-07-04 04:40:54','2024-07-04 04:40:54'),
(973,'11',244,1,'2024-07-04 04:40:54','2024-07-04 04:40:54'),
(974,'10',244,0,'2024-07-04 04:40:54','2024-07-04 04:40:54'),
(975,'9',244,0,'2024-07-04 04:40:54','2024-07-04 04:40:54'),
(976,'20',244,0,'2024-07-04 04:40:54','2024-07-04 04:40:54'),
(977,'11',245,1,'2024-07-04 04:40:54','2024-07-04 04:40:54'),
(978,'10',245,0,'2024-07-04 04:40:54','2024-07-04 04:40:54'),
(979,'9',245,0,'2024-07-04 04:40:54','2024-07-04 04:40:54'),
(980,'20',245,0,'2024-07-04 04:40:54','2024-07-04 04:40:54'),
(981,'11',246,1,'2024-07-04 04:40:54','2024-07-04 04:40:54'),
(982,'10',246,0,'2024-07-04 04:40:54','2024-07-04 04:40:54'),
(983,'9',246,0,'2024-07-04 04:40:54','2024-07-04 04:40:54'),
(984,'20',246,0,'2024-07-04 04:40:54','2024-07-04 04:40:54'),
(985,'11',247,1,'2024-07-04 04:40:54','2024-07-04 04:40:54'),
(986,'10',247,0,'2024-07-04 04:40:54','2024-07-04 04:40:54'),
(987,'9',247,0,'2024-07-04 04:40:54','2024-07-04 04:40:54'),
(988,'20',247,0,'2024-07-04 04:40:54','2024-07-04 04:40:54'),
(989,'11',248,1,'2024-07-04 04:40:54','2024-07-04 04:40:54'),
(990,'10',248,0,'2024-07-04 04:40:54','2024-07-04 04:40:54'),
(991,'9',248,0,'2024-07-04 04:40:54','2024-07-04 04:40:54'),
(992,'20',248,0,'2024-07-04 04:40:54','2024-07-04 04:40:54'),
(993,'11',249,1,'2024-07-04 04:40:54','2024-07-04 04:40:54'),
(994,'10',249,0,'2024-07-04 04:40:54','2024-07-04 04:40:54'),
(995,'9',249,0,'2024-07-04 04:40:54','2024-07-04 04:40:54'),
(996,'20',249,0,'2024-07-04 04:40:54','2024-07-04 04:40:54'),
(997,'11',250,1,'2024-07-04 04:40:54','2024-07-04 04:40:54'),
(998,'10',250,0,'2024-07-04 04:40:54','2024-07-04 04:40:54'),
(999,'9',250,0,'2024-07-04 04:40:54','2024-07-04 04:40:54'),
(1000,'20',250,0,'2024-07-04 04:40:54','2024-07-04 04:40:54'),
(1001,'11',251,1,'2024-07-04 04:40:54','2024-07-04 04:40:54'),
(1002,'10',251,0,'2024-07-04 04:40:54','2024-07-04 04:40:54'),
(1003,'9',251,0,'2024-07-04 04:40:54','2024-07-04 04:40:54'),
(1004,'20',251,0,'2024-07-04 04:40:54','2024-07-04 04:40:54'),
(1005,'11',252,1,'2024-07-04 04:40:54','2024-07-04 04:40:54'),
(1006,'10',252,0,'2024-07-04 04:40:54','2024-07-04 04:40:54'),
(1007,'9',252,0,'2024-07-04 04:40:54','2024-07-04 04:40:54'),
(1008,'20',252,0,'2024-07-04 04:40:54','2024-07-04 04:40:54'),
(1009,'11',253,1,'2024-07-04 04:40:54','2024-07-04 04:40:54'),
(1010,'10',253,0,'2024-07-04 04:40:54','2024-07-04 04:40:54'),
(1011,'9',253,0,'2024-07-04 04:40:54','2024-07-04 04:40:54'),
(1012,'20',253,0,'2024-07-04 04:40:54','2024-07-04 04:40:54'),
(1013,'11',254,1,'2024-07-04 04:40:54','2024-07-04 04:40:54'),
(1014,'10',254,0,'2024-07-04 04:40:54','2024-07-04 04:40:54'),
(1015,'9',254,0,'2024-07-04 04:40:54','2024-07-04 04:40:54'),
(1016,'20',254,0,'2024-07-04 04:40:54','2024-07-04 04:40:54'),
(1017,'11',255,1,'2024-07-04 04:40:54','2024-07-04 04:40:54'),
(1018,'10',255,0,'2024-07-04 04:40:54','2024-07-04 04:40:54'),
(1019,'9',255,0,'2024-07-04 04:40:54','2024-07-04 04:40:54'),
(1020,'20',255,0,'2024-07-04 04:40:54','2024-07-04 04:40:54'),
(1021,'11',256,1,'2024-07-04 04:40:54','2024-07-04 04:40:54'),
(1022,'10',256,0,'2024-07-04 04:40:54','2024-07-04 04:40:54'),
(1023,'9',256,0,'2024-07-04 04:40:54','2024-07-04 04:40:54'),
(1024,'20',256,0,'2024-07-04 04:40:54','2024-07-04 04:40:54'),
(1025,'11',257,1,'2024-07-04 04:40:54','2024-07-04 04:40:54'),
(1026,'10',257,0,'2024-07-04 04:40:54','2024-07-04 04:40:54'),
(1027,'9',257,0,'2024-07-04 04:40:54','2024-07-04 04:40:54'),
(1028,'20',257,0,'2024-07-04 04:40:54','2024-07-04 04:40:54'),
(1029,'11',258,1,'2024-07-04 04:40:54','2024-07-04 04:40:54'),
(1030,'10',258,0,'2024-07-04 04:40:54','2024-07-04 04:40:54'),
(1031,'9',258,0,'2024-07-04 04:40:54','2024-07-04 04:40:54'),
(1032,'20',258,0,'2024-07-04 04:40:54','2024-07-04 04:40:54'),
(1033,'11',259,1,'2024-07-04 04:40:54','2024-07-04 04:40:54'),
(1034,'10',259,0,'2024-07-04 04:40:54','2024-07-04 04:40:54'),
(1035,'9',259,0,'2024-07-04 04:40:54','2024-07-04 04:40:54'),
(1036,'20',259,0,'2024-07-04 04:40:54','2024-07-04 04:40:54'),
(1037,'11',260,1,'2024-07-04 04:40:55','2024-07-04 04:40:55'),
(1038,'10',260,0,'2024-07-04 04:40:55','2024-07-04 04:40:55'),
(1039,'9',260,0,'2024-07-04 04:40:55','2024-07-04 04:40:55'),
(1040,'20',260,0,'2024-07-04 04:40:55','2024-07-04 04:40:55'),
(1041,'11',261,1,'2024-07-04 04:40:55','2024-07-04 04:40:55'),
(1042,'10',261,0,'2024-07-04 04:40:55','2024-07-04 04:40:55'),
(1043,'9',261,0,'2024-07-04 04:40:55','2024-07-04 04:40:55'),
(1044,'20',261,0,'2024-07-04 04:40:55','2024-07-04 04:40:55'),
(1045,'11',262,1,'2024-07-04 04:40:55','2024-07-04 04:40:55'),
(1046,'10',262,0,'2024-07-04 04:40:55','2024-07-04 04:40:55'),
(1047,'9',262,0,'2024-07-04 04:40:55','2024-07-04 04:40:55'),
(1048,'20',262,0,'2024-07-04 04:40:55','2024-07-04 04:40:55'),
(1049,'11',263,1,'2024-07-04 04:40:55','2024-07-04 04:40:55'),
(1050,'10',263,0,'2024-07-04 04:40:55','2024-07-04 04:40:55'),
(1051,'9',263,0,'2024-07-04 04:40:55','2024-07-04 04:40:55'),
(1052,'20',263,0,'2024-07-04 04:40:55','2024-07-04 04:40:55'),
(1053,'11',264,1,'2024-07-04 04:40:55','2024-07-04 04:40:55'),
(1054,'10',264,0,'2024-07-04 04:40:55','2024-07-04 04:40:55'),
(1055,'9',264,0,'2024-07-04 04:40:55','2024-07-04 04:40:55'),
(1056,'20',264,0,'2024-07-04 04:40:55','2024-07-04 04:40:55'),
(1057,'11',265,1,'2024-07-04 04:40:55','2024-07-04 04:40:55'),
(1058,'10',265,0,'2024-07-04 04:40:55','2024-07-04 04:40:55'),
(1059,'9',265,0,'2024-07-04 04:40:55','2024-07-04 04:40:55'),
(1060,'20',265,0,'2024-07-04 04:40:55','2024-07-04 04:40:55'),
(1061,'11',266,1,'2024-07-04 04:40:55','2024-07-04 04:40:55'),
(1062,'10',266,0,'2024-07-04 04:40:55','2024-07-04 04:40:55'),
(1063,'9',266,0,'2024-07-04 04:40:55','2024-07-04 04:40:55'),
(1064,'20',266,0,'2024-07-04 04:40:55','2024-07-04 04:40:55'),
(1065,'11',267,1,'2024-07-04 04:40:55','2024-07-04 04:40:55'),
(1066,'10',267,0,'2024-07-04 04:40:55','2024-07-04 04:40:55'),
(1067,'9',267,0,'2024-07-04 04:40:55','2024-07-04 04:40:55'),
(1068,'20',267,0,'2024-07-04 04:40:55','2024-07-04 04:40:55'),
(1069,'11',268,1,'2024-07-04 04:40:55','2024-07-04 04:40:55'),
(1070,'10',268,0,'2024-07-04 04:40:55','2024-07-04 04:40:55'),
(1071,'9',268,0,'2024-07-04 04:40:55','2024-07-04 04:40:55'),
(1072,'20',268,0,'2024-07-04 04:40:55','2024-07-04 04:40:55'),
(1073,'11',269,1,'2024-07-04 04:40:55','2024-07-04 04:40:55'),
(1074,'10',269,0,'2024-07-04 04:40:55','2024-07-04 04:40:55'),
(1075,'9',269,0,'2024-07-04 04:40:55','2024-07-04 04:40:55'),
(1076,'20',269,0,'2024-07-04 04:40:55','2024-07-04 04:40:55'),
(1077,'11',270,1,'2024-07-04 04:40:55','2024-07-04 04:40:55'),
(1078,'10',270,0,'2024-07-04 04:40:55','2024-07-04 04:40:55'),
(1079,'9',270,0,'2024-07-04 04:40:55','2024-07-04 04:40:55'),
(1080,'20',270,0,'2024-07-04 04:40:55','2024-07-04 04:40:55'),
(1081,'11',271,1,'2024-07-04 04:40:55','2024-07-04 04:40:55'),
(1082,'10',271,0,'2024-07-04 04:40:55','2024-07-04 04:40:55'),
(1083,'9',271,0,'2024-07-04 04:40:55','2024-07-04 04:40:55'),
(1084,'20',271,0,'2024-07-04 04:40:55','2024-07-04 04:40:55'),
(1085,'11',272,1,'2024-07-04 04:40:55','2024-07-04 04:40:55'),
(1086,'10',272,0,'2024-07-04 04:40:55','2024-07-04 04:40:55'),
(1087,'9',272,0,'2024-07-04 04:40:55','2024-07-04 04:40:55'),
(1088,'20',272,0,'2024-07-04 04:40:55','2024-07-04 04:40:55'),
(1089,'11',273,1,'2024-07-04 04:40:55','2024-07-04 04:40:55'),
(1090,'10',273,0,'2024-07-04 04:40:55','2024-07-04 04:40:55'),
(1091,'9',273,0,'2024-07-04 04:40:55','2024-07-04 04:40:55'),
(1092,'20',273,0,'2024-07-04 04:40:55','2024-07-04 04:40:55'),
(1093,'11',274,1,'2024-07-04 04:40:55','2024-07-04 04:40:55'),
(1094,'10',274,0,'2024-07-04 04:40:55','2024-07-04 04:40:55'),
(1095,'9',274,0,'2024-07-04 04:40:55','2024-07-04 04:40:55'),
(1096,'20',274,0,'2024-07-04 04:40:55','2024-07-04 04:40:55'),
(1097,'11',275,1,'2024-07-04 04:40:55','2024-07-04 04:40:55'),
(1098,'10',275,0,'2024-07-04 04:40:55','2024-07-04 04:40:55'),
(1099,'9',275,0,'2024-07-04 04:40:55','2024-07-04 04:40:55'),
(1100,'20',275,0,'2024-07-04 04:40:55','2024-07-04 04:40:55'),
(1101,'11',276,1,'2024-07-04 04:40:55','2024-07-04 04:40:55'),
(1102,'10',276,0,'2024-07-04 04:40:55','2024-07-04 04:40:55'),
(1103,'9',276,0,'2024-07-04 04:40:55','2024-07-04 04:40:55'),
(1104,'20',276,0,'2024-07-04 04:40:55','2024-07-04 04:40:55'),
(1105,'11',277,1,'2024-07-04 04:40:55','2024-07-04 04:40:55'),
(1106,'10',277,0,'2024-07-04 04:40:55','2024-07-04 04:40:55'),
(1107,'9',277,0,'2024-07-04 04:40:55','2024-07-04 04:40:55'),
(1108,'20',277,0,'2024-07-04 04:40:55','2024-07-04 04:40:55'),
(1109,'11',278,1,'2024-07-04 04:40:55','2024-07-04 04:40:55'),
(1110,'10',278,0,'2024-07-04 04:40:55','2024-07-04 04:40:55'),
(1111,'9',278,0,'2024-07-04 04:40:55','2024-07-04 04:40:55'),
(1112,'20',278,0,'2024-07-04 04:40:55','2024-07-04 04:40:55'),
(1113,'11',279,1,'2024-07-04 04:40:55','2024-07-04 04:40:55'),
(1114,'10',279,0,'2024-07-04 04:40:55','2024-07-04 04:40:55'),
(1115,'9',279,0,'2024-07-04 04:40:55','2024-07-04 04:40:55'),
(1116,'20',279,0,'2024-07-04 04:40:55','2024-07-04 04:40:55'),
(1117,'11',280,1,'2024-07-04 04:40:55','2024-07-04 04:40:55'),
(1118,'10',280,0,'2024-07-04 04:40:55','2024-07-04 04:40:55'),
(1119,'9',280,0,'2024-07-04 04:40:55','2024-07-04 04:40:55'),
(1120,'20',280,0,'2024-07-04 04:40:55','2024-07-04 04:40:55'),
(1121,'11',281,1,'2024-07-04 04:40:55','2024-07-04 04:40:55'),
(1122,'10',281,0,'2024-07-04 04:40:55','2024-07-04 04:40:55'),
(1123,'9',281,0,'2024-07-04 04:40:55','2024-07-04 04:40:55'),
(1124,'20',281,0,'2024-07-04 04:40:55','2024-07-04 04:40:55'),
(1125,'11',282,1,'2024-07-04 04:40:55','2024-07-04 04:40:55'),
(1126,'10',282,0,'2024-07-04 04:40:55','2024-07-04 04:40:55'),
(1127,'9',282,0,'2024-07-04 04:40:55','2024-07-04 04:40:55'),
(1128,'20',282,0,'2024-07-04 04:40:55','2024-07-04 04:40:55'),
(1129,'11',283,1,'2024-07-04 04:40:55','2024-07-04 04:40:55'),
(1130,'10',283,0,'2024-07-04 04:40:55','2024-07-04 04:40:55'),
(1131,'9',283,0,'2024-07-04 04:40:55','2024-07-04 04:40:55'),
(1132,'20',283,0,'2024-07-04 04:40:55','2024-07-04 04:40:55'),
(1133,'11',284,1,'2024-07-04 04:40:55','2024-07-04 04:40:55'),
(1134,'10',284,0,'2024-07-04 04:40:55','2024-07-04 04:40:55'),
(1135,'9',284,0,'2024-07-04 04:40:55','2024-07-04 04:40:55'),
(1136,'20',284,0,'2024-07-04 04:40:55','2024-07-04 04:40:55'),
(1137,'11',285,1,'2024-07-04 04:40:56','2024-07-04 04:40:56'),
(1138,'10',285,0,'2024-07-04 04:40:56','2024-07-04 04:40:56'),
(1139,'9',285,0,'2024-07-04 04:40:56','2024-07-04 04:40:56'),
(1140,'20',285,0,'2024-07-04 04:40:56','2024-07-04 04:40:56'),
(1141,'11',286,1,'2024-07-04 04:40:56','2024-07-04 04:40:56'),
(1142,'10',286,0,'2024-07-04 04:40:56','2024-07-04 04:40:56'),
(1143,'9',286,0,'2024-07-04 04:40:56','2024-07-04 04:40:56'),
(1144,'20',286,0,'2024-07-04 04:40:56','2024-07-04 04:40:56'),
(1145,'11',287,1,'2024-07-04 04:40:56','2024-07-04 04:40:56'),
(1146,'10',287,0,'2024-07-04 04:40:56','2024-07-04 04:40:56'),
(1147,'9',287,0,'2024-07-04 04:40:56','2024-07-04 04:40:56'),
(1148,'20',287,0,'2024-07-04 04:40:56','2024-07-04 04:40:56'),
(1149,'11',288,1,'2024-07-04 04:40:56','2024-07-04 04:40:56'),
(1150,'10',288,0,'2024-07-04 04:40:56','2024-07-04 04:40:56'),
(1151,'9',288,0,'2024-07-04 04:40:56','2024-07-04 04:40:56'),
(1152,'20',288,0,'2024-07-04 04:40:56','2024-07-04 04:40:56'),
(1153,'11',289,1,'2024-07-04 04:40:56','2024-07-04 04:40:56'),
(1154,'10',289,0,'2024-07-04 04:40:56','2024-07-04 04:40:56'),
(1155,'9',289,0,'2024-07-04 04:40:56','2024-07-04 04:40:56'),
(1156,'20',289,0,'2024-07-04 04:40:56','2024-07-04 04:40:56'),
(1157,'11',290,1,'2024-07-04 04:40:56','2024-07-04 04:40:56'),
(1158,'10',290,0,'2024-07-04 04:40:56','2024-07-04 04:40:56'),
(1159,'9',290,0,'2024-07-04 04:40:56','2024-07-04 04:40:56'),
(1160,'20',290,0,'2024-07-04 04:40:56','2024-07-04 04:40:56'),
(1161,'11',291,1,'2024-07-04 04:40:56','2024-07-04 04:40:56'),
(1162,'10',291,0,'2024-07-04 04:40:56','2024-07-04 04:40:56'),
(1163,'9',291,0,'2024-07-04 04:40:56','2024-07-04 04:40:56'),
(1164,'20',291,0,'2024-07-04 04:40:56','2024-07-04 04:40:56'),
(1165,'11',292,1,'2024-07-04 04:40:56','2024-07-04 04:40:56'),
(1166,'10',292,0,'2024-07-04 04:40:56','2024-07-04 04:40:56'),
(1167,'9',292,0,'2024-07-04 04:40:56','2024-07-04 04:40:56'),
(1168,'20',292,0,'2024-07-04 04:40:56','2024-07-04 04:40:56'),
(1169,'11',293,1,'2024-07-04 04:40:56','2024-07-04 04:40:56'),
(1170,'10',293,0,'2024-07-04 04:40:56','2024-07-04 04:40:56'),
(1171,'9',293,0,'2024-07-04 04:40:56','2024-07-04 04:40:56'),
(1172,'20',293,0,'2024-07-04 04:40:56','2024-07-04 04:40:56'),
(1173,'11',294,1,'2024-07-04 04:40:56','2024-07-04 04:40:56'),
(1174,'10',294,0,'2024-07-04 04:40:56','2024-07-04 04:40:56'),
(1175,'9',294,0,'2024-07-04 04:40:56','2024-07-04 04:40:56'),
(1176,'20',294,0,'2024-07-04 04:40:56','2024-07-04 04:40:56'),
(1177,'11',295,1,'2024-07-04 04:40:56','2024-07-04 04:40:56'),
(1178,'10',295,0,'2024-07-04 04:40:56','2024-07-04 04:40:56'),
(1179,'9',295,0,'2024-07-04 04:40:56','2024-07-04 04:40:56'),
(1180,'20',295,0,'2024-07-04 04:40:56','2024-07-04 04:40:56'),
(1181,'11',296,1,'2024-07-04 04:40:56','2024-07-04 04:40:56'),
(1182,'10',296,0,'2024-07-04 04:40:56','2024-07-04 04:40:56'),
(1183,'9',296,0,'2024-07-04 04:40:56','2024-07-04 04:40:56'),
(1184,'20',296,0,'2024-07-04 04:40:56','2024-07-04 04:40:56'),
(1185,'11',297,1,'2024-07-04 04:40:56','2024-07-04 04:40:56'),
(1186,'10',297,0,'2024-07-04 04:40:56','2024-07-04 04:40:56'),
(1187,'9',297,0,'2024-07-04 04:40:56','2024-07-04 04:40:56'),
(1188,'20',297,0,'2024-07-04 04:40:56','2024-07-04 04:40:56'),
(1189,'11',298,1,'2024-07-04 04:40:56','2024-07-04 04:40:56'),
(1190,'10',298,0,'2024-07-04 04:40:56','2024-07-04 04:40:56'),
(1191,'9',298,0,'2024-07-04 04:40:56','2024-07-04 04:40:56'),
(1192,'20',298,0,'2024-07-04 04:40:56','2024-07-04 04:40:56'),
(1193,'11',299,1,'2024-07-04 04:40:56','2024-07-04 04:40:56'),
(1194,'10',299,0,'2024-07-04 04:40:56','2024-07-04 04:40:56'),
(1195,'9',299,0,'2024-07-04 04:40:56','2024-07-04 04:40:56'),
(1196,'20',299,0,'2024-07-04 04:40:56','2024-07-04 04:40:56'),
(1197,'11',300,1,'2024-07-04 04:40:56','2024-07-04 04:40:56'),
(1198,'10',300,0,'2024-07-04 04:40:56','2024-07-04 04:40:56'),
(1199,'9',300,0,'2024-07-04 04:40:56','2024-07-04 04:40:56'),
(1200,'20',300,0,'2024-07-04 04:40:56','2024-07-04 04:40:56'),
(1201,'11',301,1,'2024-07-04 04:40:56','2024-07-04 04:40:56'),
(1202,'10',301,0,'2024-07-04 04:40:56','2024-07-04 04:40:56'),
(1203,'9',301,0,'2024-07-04 04:40:56','2024-07-04 04:40:56'),
(1204,'20',301,0,'2024-07-04 04:40:56','2024-07-04 04:40:56'),
(1205,'11',302,1,'2024-07-04 04:40:56','2024-07-04 04:40:56'),
(1206,'10',302,0,'2024-07-04 04:40:56','2024-07-04 04:40:56'),
(1207,'9',302,0,'2024-07-04 04:40:56','2024-07-04 04:40:56'),
(1208,'20',302,0,'2024-07-04 04:40:56','2024-07-04 04:40:56'),
(1209,'11',303,1,'2024-07-04 04:40:56','2024-07-04 04:40:56'),
(1210,'10',303,0,'2024-07-04 04:40:56','2024-07-04 04:40:56'),
(1211,'9',303,0,'2024-07-04 04:40:56','2024-07-04 04:40:56'),
(1212,'20',303,0,'2024-07-04 04:40:56','2024-07-04 04:40:56'),
(1213,'11',304,1,'2024-07-04 04:40:56','2024-07-04 04:40:56'),
(1214,'10',304,0,'2024-07-04 04:40:56','2024-07-04 04:40:56'),
(1215,'9',304,0,'2024-07-04 04:40:56','2024-07-04 04:40:56'),
(1216,'20',304,0,'2024-07-04 04:40:56','2024-07-04 04:40:56'),
(1217,'11',305,1,'2024-07-04 04:40:56','2024-07-04 04:40:56'),
(1218,'10',305,0,'2024-07-04 04:40:56','2024-07-04 04:40:56'),
(1219,'9',305,0,'2024-07-04 04:40:56','2024-07-04 04:40:56'),
(1220,'20',305,0,'2024-07-04 04:40:56','2024-07-04 04:40:56'),
(1221,'11',306,1,'2024-07-04 04:40:56','2024-07-04 04:40:56'),
(1222,'10',306,0,'2024-07-04 04:40:56','2024-07-04 04:40:56'),
(1223,'9',306,0,'2024-07-04 04:40:56','2024-07-04 04:40:56'),
(1224,'20',306,0,'2024-07-04 04:40:56','2024-07-04 04:40:56'),
(1225,'11',307,1,'2024-07-04 04:40:56','2024-07-04 04:40:56'),
(1226,'10',307,0,'2024-07-04 04:40:56','2024-07-04 04:40:56'),
(1227,'9',307,0,'2024-07-04 04:40:56','2024-07-04 04:40:56'),
(1228,'20',307,0,'2024-07-04 04:40:56','2024-07-04 04:40:56'),
(1229,'11',308,1,'2024-07-04 04:40:56','2024-07-04 04:40:56'),
(1230,'10',308,0,'2024-07-04 04:40:56','2024-07-04 04:40:56'),
(1231,'9',308,0,'2024-07-04 04:40:56','2024-07-04 04:40:56'),
(1232,'20',308,0,'2024-07-04 04:40:56','2024-07-04 04:40:56'),
(1233,'11',309,1,'2024-07-04 04:40:57','2024-07-04 04:40:57'),
(1234,'10',309,0,'2024-07-04 04:40:57','2024-07-04 04:40:57'),
(1235,'9',309,0,'2024-07-04 04:40:57','2024-07-04 04:40:57'),
(1236,'20',309,0,'2024-07-04 04:40:57','2024-07-04 04:40:57'),
(1237,'11',310,1,'2024-07-04 04:40:57','2024-07-04 04:40:57'),
(1238,'10',310,0,'2024-07-04 04:40:57','2024-07-04 04:40:57'),
(1239,'9',310,0,'2024-07-04 04:40:57','2024-07-04 04:40:57'),
(1240,'20',310,0,'2024-07-04 04:40:57','2024-07-04 04:40:57'),
(1241,'11',311,1,'2024-07-04 04:40:57','2024-07-04 04:40:57'),
(1242,'10',311,0,'2024-07-04 04:40:57','2024-07-04 04:40:57'),
(1243,'9',311,0,'2024-07-04 04:40:57','2024-07-04 04:40:57'),
(1244,'20',311,0,'2024-07-04 04:40:57','2024-07-04 04:40:57'),
(1245,'11',312,1,'2024-07-04 04:40:57','2024-07-04 04:40:57'),
(1246,'10',312,0,'2024-07-04 04:40:57','2024-07-04 04:40:57'),
(1247,'9',312,0,'2024-07-04 04:40:57','2024-07-04 04:40:57'),
(1248,'20',312,0,'2024-07-04 04:40:57','2024-07-04 04:40:57'),
(1249,'11',313,1,'2024-07-04 04:40:57','2024-07-04 04:40:57'),
(1250,'10',313,0,'2024-07-04 04:40:57','2024-07-04 04:40:57'),
(1251,'9',313,0,'2024-07-04 04:40:57','2024-07-04 04:40:57'),
(1252,'20',313,0,'2024-07-04 04:40:57','2024-07-04 04:40:57'),
(1253,'11',314,1,'2024-07-04 04:40:57','2024-07-04 04:40:57'),
(1254,'10',314,0,'2024-07-04 04:40:57','2024-07-04 04:40:57'),
(1255,'9',314,0,'2024-07-04 04:40:57','2024-07-04 04:40:57'),
(1256,'20',314,0,'2024-07-04 04:40:57','2024-07-04 04:40:57'),
(1257,'11',315,1,'2024-07-04 04:40:57','2024-07-04 04:40:57'),
(1258,'10',315,0,'2024-07-04 04:40:57','2024-07-04 04:40:57'),
(1259,'9',315,0,'2024-07-04 04:40:57','2024-07-04 04:40:57'),
(1260,'20',315,0,'2024-07-04 04:40:57','2024-07-04 04:40:57'),
(1261,'11',316,1,'2024-07-04 04:40:57','2024-07-04 04:40:57'),
(1262,'10',316,0,'2024-07-04 04:40:57','2024-07-04 04:40:57'),
(1263,'9',316,0,'2024-07-04 04:40:57','2024-07-04 04:40:57'),
(1264,'20',316,0,'2024-07-04 04:40:57','2024-07-04 04:40:57'),
(1265,'11',317,1,'2024-07-04 04:40:57','2024-07-04 04:40:57'),
(1266,'10',317,0,'2024-07-04 04:40:57','2024-07-04 04:40:57'),
(1267,'9',317,0,'2024-07-04 04:40:57','2024-07-04 04:40:57'),
(1268,'20',317,0,'2024-07-04 04:40:57','2024-07-04 04:40:57'),
(1269,'11',318,1,'2024-07-04 04:40:57','2024-07-04 04:40:57'),
(1270,'10',318,0,'2024-07-04 04:40:57','2024-07-04 04:40:57'),
(1271,'9',318,0,'2024-07-04 04:40:57','2024-07-04 04:40:57'),
(1272,'20',318,0,'2024-07-04 04:40:57','2024-07-04 04:40:57'),
(1273,'11',319,1,'2024-07-04 04:40:57','2024-07-04 04:40:57'),
(1274,'10',319,0,'2024-07-04 04:40:57','2024-07-04 04:40:57'),
(1275,'9',319,0,'2024-07-04 04:40:57','2024-07-04 04:40:57'),
(1276,'20',319,0,'2024-07-04 04:40:57','2024-07-04 04:40:57'),
(1277,'11',320,1,'2024-07-04 04:40:57','2024-07-04 04:40:57'),
(1278,'10',320,0,'2024-07-04 04:40:57','2024-07-04 04:40:57'),
(1279,'9',320,0,'2024-07-04 04:40:57','2024-07-04 04:40:57'),
(1280,'20',320,0,'2024-07-04 04:40:57','2024-07-04 04:40:57'),
(1281,'11',321,1,'2024-07-04 04:40:57','2024-07-04 04:40:57'),
(1282,'10',321,0,'2024-07-04 04:40:57','2024-07-04 04:40:57'),
(1283,'9',321,0,'2024-07-04 04:40:57','2024-07-04 04:40:57'),
(1284,'20',321,0,'2024-07-04 04:40:57','2024-07-04 04:40:57'),
(1285,'11',322,1,'2024-07-04 04:40:57','2024-07-04 04:40:57'),
(1286,'10',322,0,'2024-07-04 04:40:57','2024-07-04 04:40:57'),
(1287,'9',322,0,'2024-07-04 04:40:57','2024-07-04 04:40:57'),
(1288,'20',322,0,'2024-07-04 04:40:57','2024-07-04 04:40:57'),
(1289,'11',323,1,'2024-07-04 04:40:57','2024-07-04 04:40:57'),
(1290,'10',323,0,'2024-07-04 04:40:57','2024-07-04 04:40:57'),
(1291,'9',323,0,'2024-07-04 04:40:57','2024-07-04 04:40:57'),
(1292,'20',323,0,'2024-07-04 04:40:57','2024-07-04 04:40:57'),
(1293,'11',324,1,'2024-07-04 04:40:57','2024-07-04 04:40:57'),
(1294,'10',324,0,'2024-07-04 04:40:57','2024-07-04 04:40:57'),
(1295,'9',324,0,'2024-07-04 04:40:57','2024-07-04 04:40:57'),
(1296,'20',324,0,'2024-07-04 04:40:57','2024-07-04 04:40:57'),
(1297,'11',325,1,'2024-07-04 04:40:57','2024-07-04 04:40:57'),
(1298,'10',325,0,'2024-07-04 04:40:57','2024-07-04 04:40:57'),
(1299,'9',325,0,'2024-07-04 04:40:57','2024-07-04 04:40:57'),
(1300,'20',325,0,'2024-07-04 04:40:57','2024-07-04 04:40:57'),
(1301,'11',326,1,'2024-07-04 04:40:57','2024-07-04 04:40:57'),
(1302,'10',326,0,'2024-07-04 04:40:57','2024-07-04 04:40:57'),
(1303,'9',326,0,'2024-07-04 04:40:57','2024-07-04 04:40:57'),
(1304,'20',326,0,'2024-07-04 04:40:57','2024-07-04 04:40:57'),
(1305,'11',327,1,'2024-07-04 04:40:57','2024-07-04 04:40:57'),
(1306,'10',327,0,'2024-07-04 04:40:57','2024-07-04 04:40:57'),
(1307,'9',327,0,'2024-07-04 04:40:57','2024-07-04 04:40:57'),
(1308,'20',327,0,'2024-07-04 04:40:57','2024-07-04 04:40:57'),
(1309,'11',328,1,'2024-07-04 04:40:57','2024-07-04 04:40:57'),
(1310,'10',328,0,'2024-07-04 04:40:57','2024-07-04 04:40:57'),
(1311,'9',328,0,'2024-07-04 04:40:57','2024-07-04 04:40:57'),
(1312,'20',328,0,'2024-07-04 04:40:57','2024-07-04 04:40:57'),
(1313,'11',329,1,'2024-07-04 04:40:57','2024-07-04 04:40:57'),
(1314,'10',329,0,'2024-07-04 04:40:57','2024-07-04 04:40:57'),
(1315,'9',329,0,'2024-07-04 04:40:57','2024-07-04 04:40:57'),
(1316,'20',329,0,'2024-07-04 04:40:57','2024-07-04 04:40:57'),
(1317,'11',330,1,'2024-07-04 04:40:57','2024-07-04 04:40:57'),
(1318,'10',330,0,'2024-07-04 04:40:57','2024-07-04 04:40:57'),
(1319,'9',330,0,'2024-07-04 04:40:57','2024-07-04 04:40:57'),
(1320,'20',330,0,'2024-07-04 04:40:57','2024-07-04 04:40:57'),
(1321,'11',331,1,'2024-07-04 04:40:57','2024-07-04 04:40:57'),
(1322,'10',331,0,'2024-07-04 04:40:57','2024-07-04 04:40:57'),
(1323,'9',331,0,'2024-07-04 04:40:57','2024-07-04 04:40:57'),
(1324,'20',331,0,'2024-07-04 04:40:57','2024-07-04 04:40:57'),
(1325,'11',332,1,'2024-07-04 04:40:57','2024-07-04 04:40:57'),
(1326,'10',332,0,'2024-07-04 04:40:57','2024-07-04 04:40:57'),
(1327,'9',332,0,'2024-07-04 04:40:57','2024-07-04 04:40:57'),
(1328,'20',332,0,'2024-07-04 04:40:57','2024-07-04 04:40:57'),
(1329,'11',333,1,'2024-07-04 04:40:57','2024-07-04 04:40:57'),
(1330,'10',333,0,'2024-07-04 04:40:57','2024-07-04 04:40:57'),
(1331,'9',333,0,'2024-07-04 04:40:57','2024-07-04 04:40:57'),
(1332,'20',333,0,'2024-07-04 04:40:57','2024-07-04 04:40:57'),
(1333,'11',334,1,'2024-07-04 04:40:58','2024-07-04 04:40:58'),
(1334,'10',334,0,'2024-07-04 04:40:58','2024-07-04 04:40:58'),
(1335,'9',334,0,'2024-07-04 04:40:58','2024-07-04 04:40:58'),
(1336,'20',334,0,'2024-07-04 04:40:58','2024-07-04 04:40:58'),
(1337,'11',335,1,'2024-07-04 04:40:58','2024-07-04 04:40:58'),
(1338,'10',335,0,'2024-07-04 04:40:58','2024-07-04 04:40:58'),
(1339,'9',335,0,'2024-07-04 04:40:58','2024-07-04 04:40:58'),
(1340,'20',335,0,'2024-07-04 04:40:58','2024-07-04 04:40:58'),
(1341,'11',336,1,'2024-07-04 04:40:58','2024-07-04 04:40:58'),
(1342,'10',336,0,'2024-07-04 04:40:58','2024-07-04 04:40:58'),
(1343,'9',336,0,'2024-07-04 04:40:58','2024-07-04 04:40:58'),
(1344,'20',336,0,'2024-07-04 04:40:58','2024-07-04 04:40:58'),
(1345,'11',337,1,'2024-07-04 04:40:58','2024-07-04 04:40:58'),
(1346,'10',337,0,'2024-07-04 04:40:58','2024-07-04 04:40:58'),
(1347,'9',337,0,'2024-07-04 04:40:58','2024-07-04 04:40:58'),
(1348,'20',337,0,'2024-07-04 04:40:58','2024-07-04 04:40:58'),
(1349,'11',338,1,'2024-07-04 04:40:58','2024-07-04 04:40:58'),
(1350,'10',338,0,'2024-07-04 04:40:58','2024-07-04 04:40:58'),
(1351,'9',338,0,'2024-07-04 04:40:58','2024-07-04 04:40:58'),
(1352,'20',338,0,'2024-07-04 04:40:58','2024-07-04 04:40:58'),
(1353,'11',339,1,'2024-07-04 04:40:58','2024-07-04 04:40:58'),
(1354,'10',339,0,'2024-07-04 04:40:58','2024-07-04 04:40:58'),
(1355,'9',339,0,'2024-07-04 04:40:58','2024-07-04 04:40:58'),
(1356,'20',339,0,'2024-07-04 04:40:58','2024-07-04 04:40:58'),
(1357,'11',340,1,'2024-07-04 04:40:58','2024-07-04 04:40:58'),
(1358,'10',340,0,'2024-07-04 04:40:58','2024-07-04 04:40:58'),
(1359,'9',340,0,'2024-07-04 04:40:58','2024-07-04 04:40:58'),
(1360,'20',340,0,'2024-07-04 04:40:58','2024-07-04 04:40:58'),
(1361,'11',341,1,'2024-07-04 04:40:58','2024-07-04 04:40:58'),
(1362,'10',341,0,'2024-07-04 04:40:58','2024-07-04 04:40:58'),
(1363,'9',341,0,'2024-07-04 04:40:58','2024-07-04 04:40:58'),
(1364,'20',341,0,'2024-07-04 04:40:58','2024-07-04 04:40:58'),
(1365,'11',342,1,'2024-07-04 04:40:58','2024-07-04 04:40:58'),
(1366,'10',342,0,'2024-07-04 04:40:58','2024-07-04 04:40:58'),
(1367,'9',342,0,'2024-07-04 04:40:58','2024-07-04 04:40:58'),
(1368,'20',342,0,'2024-07-04 04:40:58','2024-07-04 04:40:58'),
(1369,'11',343,1,'2024-07-04 04:40:58','2024-07-04 04:40:58'),
(1370,'10',343,0,'2024-07-04 04:40:58','2024-07-04 04:40:58'),
(1371,'9',343,0,'2024-07-04 04:40:58','2024-07-04 04:40:58'),
(1372,'20',343,0,'2024-07-04 04:40:58','2024-07-04 04:40:58'),
(1373,'11',344,1,'2024-07-04 04:40:58','2024-07-04 04:40:58'),
(1374,'10',344,0,'2024-07-04 04:40:58','2024-07-04 04:40:58'),
(1375,'9',344,0,'2024-07-04 04:40:58','2024-07-04 04:40:58'),
(1376,'20',344,0,'2024-07-04 04:40:58','2024-07-04 04:40:58'),
(1377,'11',345,1,'2024-07-04 04:40:58','2024-07-04 04:40:58'),
(1378,'10',345,0,'2024-07-04 04:40:58','2024-07-04 04:40:58'),
(1379,'9',345,0,'2024-07-04 04:40:58','2024-07-04 04:40:58'),
(1380,'20',345,0,'2024-07-04 04:40:58','2024-07-04 04:40:58'),
(1381,'11',346,1,'2024-07-04 04:40:58','2024-07-04 04:40:58'),
(1382,'10',346,0,'2024-07-04 04:40:58','2024-07-04 04:40:58'),
(1383,'9',346,0,'2024-07-04 04:40:58','2024-07-04 04:40:58'),
(1384,'20',346,0,'2024-07-04 04:40:58','2024-07-04 04:40:58'),
(1385,'11',347,1,'2024-07-04 04:40:58','2024-07-04 04:40:58'),
(1386,'10',347,0,'2024-07-04 04:40:58','2024-07-04 04:40:58'),
(1387,'9',347,0,'2024-07-04 04:40:58','2024-07-04 04:40:58'),
(1388,'20',347,0,'2024-07-04 04:40:58','2024-07-04 04:40:58'),
(1389,'11',348,1,'2024-07-04 04:40:58','2024-07-04 04:40:58'),
(1390,'10',348,0,'2024-07-04 04:40:58','2024-07-04 04:40:58'),
(1391,'9',348,0,'2024-07-04 04:40:58','2024-07-04 04:40:58'),
(1392,'20',348,0,'2024-07-04 04:40:58','2024-07-04 04:40:58'),
(1393,'11',349,1,'2024-07-04 04:40:58','2024-07-04 04:40:58'),
(1394,'10',349,0,'2024-07-04 04:40:58','2024-07-04 04:40:58'),
(1395,'9',349,0,'2024-07-04 04:40:58','2024-07-04 04:40:58'),
(1396,'20',349,0,'2024-07-04 04:40:58','2024-07-04 04:40:58'),
(1397,'11',350,1,'2024-07-04 04:40:58','2024-07-04 04:40:58'),
(1398,'10',350,0,'2024-07-04 04:40:58','2024-07-04 04:40:58'),
(1399,'9',350,0,'2024-07-04 04:40:58','2024-07-04 04:40:58'),
(1400,'20',350,0,'2024-07-04 04:40:58','2024-07-04 04:40:58'),
(1401,'11',351,1,'2024-07-04 04:40:58','2024-07-04 04:40:58'),
(1402,'10',351,0,'2024-07-04 04:40:58','2024-07-04 04:40:58'),
(1403,'9',351,0,'2024-07-04 04:40:58','2024-07-04 04:40:58'),
(1404,'20',351,0,'2024-07-04 04:40:58','2024-07-04 04:40:58'),
(1405,'11',352,1,'2024-07-04 04:40:58','2024-07-04 04:40:58'),
(1406,'10',352,0,'2024-07-04 04:40:58','2024-07-04 04:40:58'),
(1407,'9',352,0,'2024-07-04 04:40:58','2024-07-04 04:40:58'),
(1408,'20',352,0,'2024-07-04 04:40:58','2024-07-04 04:40:58'),
(1409,'11',353,1,'2024-07-04 04:40:58','2024-07-04 04:40:58'),
(1410,'10',353,0,'2024-07-04 04:40:58','2024-07-04 04:40:58'),
(1411,'9',353,0,'2024-07-04 04:40:58','2024-07-04 04:40:58'),
(1412,'20',353,0,'2024-07-04 04:40:58','2024-07-04 04:40:58'),
(1413,'11',354,1,'2024-07-04 04:40:58','2024-07-04 04:40:58'),
(1414,'10',354,0,'2024-07-04 04:40:58','2024-07-04 04:40:58'),
(1415,'9',354,0,'2024-07-04 04:40:58','2024-07-04 04:40:58'),
(1416,'20',354,0,'2024-07-04 04:40:58','2024-07-04 04:40:58'),
(1417,'11',355,1,'2024-07-04 04:40:58','2024-07-04 04:40:58'),
(1418,'10',355,0,'2024-07-04 04:40:58','2024-07-04 04:40:58'),
(1419,'9',355,0,'2024-07-04 04:40:58','2024-07-04 04:40:58'),
(1420,'20',355,0,'2024-07-04 04:40:58','2024-07-04 04:40:58'),
(1421,'11',356,1,'2024-07-04 04:40:58','2024-07-04 04:40:58'),
(1422,'10',356,0,'2024-07-04 04:40:58','2024-07-04 04:40:58'),
(1423,'9',356,0,'2024-07-04 04:40:58','2024-07-04 04:40:58'),
(1424,'20',356,0,'2024-07-04 04:40:58','2024-07-04 04:40:58'),
(1425,'11',357,1,'2024-07-04 04:40:58','2024-07-04 04:40:58'),
(1426,'10',357,0,'2024-07-04 04:40:58','2024-07-04 04:40:58'),
(1427,'9',357,0,'2024-07-04 04:40:58','2024-07-04 04:40:58'),
(1428,'20',357,0,'2024-07-04 04:40:58','2024-07-04 04:40:58'),
(1429,'11',358,1,'2024-07-04 04:40:58','2024-07-04 04:40:58'),
(1430,'10',358,0,'2024-07-04 04:40:58','2024-07-04 04:40:58'),
(1431,'9',358,0,'2024-07-04 04:40:58','2024-07-04 04:40:58'),
(1432,'20',358,0,'2024-07-04 04:40:58','2024-07-04 04:40:58'),
(1433,'11',359,1,'2024-07-04 04:40:59','2024-07-04 04:40:59'),
(1434,'10',359,0,'2024-07-04 04:40:59','2024-07-04 04:40:59'),
(1435,'9',359,0,'2024-07-04 04:40:59','2024-07-04 04:40:59'),
(1436,'20',359,0,'2024-07-04 04:40:59','2024-07-04 04:40:59'),
(1437,'11',360,1,'2024-07-04 04:40:59','2024-07-04 04:40:59'),
(1438,'10',360,0,'2024-07-04 04:40:59','2024-07-04 04:40:59'),
(1439,'9',360,0,'2024-07-04 04:40:59','2024-07-04 04:40:59'),
(1440,'20',360,0,'2024-07-04 04:40:59','2024-07-04 04:40:59'),
(1441,'11',361,1,'2024-07-04 04:40:59','2024-07-04 04:40:59'),
(1442,'10',361,0,'2024-07-04 04:40:59','2024-07-04 04:40:59'),
(1443,'9',361,0,'2024-07-04 04:40:59','2024-07-04 04:40:59'),
(1444,'20',361,0,'2024-07-04 04:40:59','2024-07-04 04:40:59'),
(1445,'11',362,1,'2024-07-04 04:40:59','2024-07-04 04:40:59'),
(1446,'10',362,0,'2024-07-04 04:40:59','2024-07-04 04:40:59'),
(1447,'9',362,0,'2024-07-04 04:40:59','2024-07-04 04:40:59'),
(1448,'20',362,0,'2024-07-04 04:40:59','2024-07-04 04:40:59'),
(1449,'11',363,1,'2024-07-04 04:40:59','2024-07-04 04:40:59'),
(1450,'10',363,0,'2024-07-04 04:40:59','2024-07-04 04:40:59'),
(1451,'9',363,0,'2024-07-04 04:40:59','2024-07-04 04:40:59'),
(1452,'20',363,0,'2024-07-04 04:40:59','2024-07-04 04:40:59'),
(1453,'11',364,1,'2024-07-04 04:40:59','2024-07-04 04:40:59'),
(1454,'10',364,0,'2024-07-04 04:40:59','2024-07-04 04:40:59'),
(1455,'9',364,0,'2024-07-04 04:40:59','2024-07-04 04:40:59'),
(1456,'20',364,0,'2024-07-04 04:40:59','2024-07-04 04:40:59'),
(1457,'11',365,1,'2024-07-04 04:40:59','2024-07-04 04:40:59'),
(1458,'10',365,0,'2024-07-04 04:40:59','2024-07-04 04:40:59'),
(1459,'9',365,0,'2024-07-04 04:40:59','2024-07-04 04:40:59'),
(1460,'20',365,0,'2024-07-04 04:40:59','2024-07-04 04:40:59'),
(1461,'11',366,1,'2024-07-04 04:40:59','2024-07-04 04:40:59'),
(1462,'10',366,0,'2024-07-04 04:40:59','2024-07-04 04:40:59'),
(1463,'9',366,0,'2024-07-04 04:40:59','2024-07-04 04:40:59'),
(1464,'20',366,0,'2024-07-04 04:40:59','2024-07-04 04:40:59'),
(1465,'11',367,1,'2024-07-04 04:40:59','2024-07-04 04:40:59'),
(1466,'10',367,0,'2024-07-04 04:40:59','2024-07-04 04:40:59'),
(1467,'9',367,0,'2024-07-04 04:40:59','2024-07-04 04:40:59'),
(1468,'20',367,0,'2024-07-04 04:40:59','2024-07-04 04:40:59'),
(1469,'11',368,1,'2024-07-04 04:40:59','2024-07-04 04:40:59'),
(1470,'10',368,0,'2024-07-04 04:40:59','2024-07-04 04:40:59'),
(1471,'9',368,0,'2024-07-04 04:40:59','2024-07-04 04:40:59'),
(1472,'20',368,0,'2024-07-04 04:40:59','2024-07-04 04:40:59'),
(1473,'11',369,1,'2024-07-04 04:40:59','2024-07-04 04:40:59'),
(1474,'10',369,0,'2024-07-04 04:40:59','2024-07-04 04:40:59'),
(1475,'9',369,0,'2024-07-04 04:40:59','2024-07-04 04:40:59'),
(1476,'20',369,0,'2024-07-04 04:40:59','2024-07-04 04:40:59'),
(1477,'11',370,1,'2024-07-04 04:40:59','2024-07-04 04:40:59'),
(1478,'10',370,0,'2024-07-04 04:40:59','2024-07-04 04:40:59'),
(1479,'9',370,0,'2024-07-04 04:40:59','2024-07-04 04:40:59'),
(1480,'20',370,0,'2024-07-04 04:40:59','2024-07-04 04:40:59'),
(1481,'11',371,1,'2024-07-04 04:40:59','2024-07-04 04:40:59'),
(1482,'10',371,0,'2024-07-04 04:40:59','2024-07-04 04:40:59'),
(1483,'9',371,0,'2024-07-04 04:40:59','2024-07-04 04:40:59'),
(1484,'20',371,0,'2024-07-04 04:40:59','2024-07-04 04:40:59'),
(1485,'11',372,1,'2024-07-04 04:40:59','2024-07-04 04:40:59'),
(1486,'10',372,0,'2024-07-04 04:40:59','2024-07-04 04:40:59'),
(1487,'9',372,0,'2024-07-04 04:40:59','2024-07-04 04:40:59'),
(1488,'20',372,0,'2024-07-04 04:40:59','2024-07-04 04:40:59'),
(1489,'11',373,1,'2024-07-04 04:40:59','2024-07-04 04:40:59'),
(1490,'10',373,0,'2024-07-04 04:40:59','2024-07-04 04:40:59'),
(1491,'9',373,0,'2024-07-04 04:40:59','2024-07-04 04:40:59'),
(1492,'20',373,0,'2024-07-04 04:40:59','2024-07-04 04:40:59'),
(1493,'11',374,1,'2024-07-04 04:40:59','2024-07-04 04:40:59'),
(1494,'10',374,0,'2024-07-04 04:40:59','2024-07-04 04:40:59'),
(1495,'9',374,0,'2024-07-04 04:40:59','2024-07-04 04:40:59'),
(1496,'20',374,0,'2024-07-04 04:40:59','2024-07-04 04:40:59'),
(1497,'11',375,1,'2024-07-04 04:40:59','2024-07-04 04:40:59'),
(1498,'10',375,0,'2024-07-04 04:40:59','2024-07-04 04:40:59'),
(1499,'9',375,0,'2024-07-04 04:40:59','2024-07-04 04:40:59'),
(1500,'20',375,0,'2024-07-04 04:40:59','2024-07-04 04:40:59'),
(1501,'11',376,1,'2024-07-04 04:40:59','2024-07-04 04:40:59'),
(1502,'10',376,0,'2024-07-04 04:40:59','2024-07-04 04:40:59'),
(1503,'9',376,0,'2024-07-04 04:40:59','2024-07-04 04:40:59'),
(1504,'20',376,0,'2024-07-04 04:40:59','2024-07-04 04:40:59'),
(1505,'11',377,1,'2024-07-04 04:40:59','2024-07-04 04:40:59'),
(1506,'10',377,0,'2024-07-04 04:40:59','2024-07-04 04:40:59'),
(1507,'9',377,0,'2024-07-04 04:40:59','2024-07-04 04:40:59'),
(1508,'20',377,0,'2024-07-04 04:40:59','2024-07-04 04:40:59'),
(1509,'11',378,1,'2024-07-04 04:40:59','2024-07-04 04:40:59'),
(1510,'10',378,0,'2024-07-04 04:40:59','2024-07-04 04:40:59'),
(1511,'9',378,0,'2024-07-04 04:40:59','2024-07-04 04:40:59'),
(1512,'20',378,0,'2024-07-04 04:40:59','2024-07-04 04:40:59'),
(1513,'11',379,1,'2024-07-04 04:40:59','2024-07-04 04:40:59'),
(1514,'10',379,0,'2024-07-04 04:40:59','2024-07-04 04:40:59'),
(1515,'9',379,0,'2024-07-04 04:40:59','2024-07-04 04:40:59'),
(1516,'20',379,0,'2024-07-04 04:40:59','2024-07-04 04:40:59'),
(1517,'11',380,1,'2024-07-04 04:40:59','2024-07-04 04:40:59'),
(1518,'10',380,0,'2024-07-04 04:40:59','2024-07-04 04:40:59'),
(1519,'9',380,0,'2024-07-04 04:40:59','2024-07-04 04:40:59'),
(1520,'20',380,0,'2024-07-04 04:40:59','2024-07-04 04:40:59'),
(1521,'11',381,1,'2024-07-04 04:40:59','2024-07-04 04:40:59'),
(1522,'10',381,0,'2024-07-04 04:40:59','2024-07-04 04:40:59'),
(1523,'9',381,0,'2024-07-04 04:40:59','2024-07-04 04:40:59'),
(1524,'20',381,0,'2024-07-04 04:40:59','2024-07-04 04:40:59'),
(1525,'11',382,1,'2024-07-04 04:40:59','2024-07-04 04:40:59'),
(1526,'10',382,0,'2024-07-04 04:40:59','2024-07-04 04:40:59'),
(1527,'9',382,0,'2024-07-04 04:40:59','2024-07-04 04:40:59'),
(1528,'20',382,0,'2024-07-04 04:40:59','2024-07-04 04:40:59'),
(1529,'11',383,1,'2024-07-04 04:41:00','2024-07-04 04:41:00'),
(1530,'10',383,0,'2024-07-04 04:41:00','2024-07-04 04:41:00'),
(1531,'9',383,0,'2024-07-04 04:41:00','2024-07-04 04:41:00'),
(1532,'20',383,0,'2024-07-04 04:41:00','2024-07-04 04:41:00'),
(1533,'11',384,1,'2024-07-04 04:41:00','2024-07-04 04:41:00'),
(1534,'10',384,0,'2024-07-04 04:41:00','2024-07-04 04:41:00'),
(1535,'9',384,0,'2024-07-04 04:41:00','2024-07-04 04:41:00'),
(1536,'20',384,0,'2024-07-04 04:41:00','2024-07-04 04:41:00'),
(1537,'11',385,1,'2024-07-04 04:41:00','2024-07-04 04:41:00'),
(1538,'10',385,0,'2024-07-04 04:41:00','2024-07-04 04:41:00'),
(1539,'9',385,0,'2024-07-04 04:41:00','2024-07-04 04:41:00'),
(1540,'20',385,0,'2024-07-04 04:41:00','2024-07-04 04:41:00'),
(1541,'11',386,1,'2024-07-04 04:41:00','2024-07-04 04:41:00'),
(1542,'10',386,0,'2024-07-04 04:41:00','2024-07-04 04:41:00'),
(1543,'9',386,0,'2024-07-04 04:41:00','2024-07-04 04:41:00'),
(1544,'20',386,0,'2024-07-04 04:41:00','2024-07-04 04:41:00'),
(1545,'11',387,1,'2024-07-04 04:41:00','2024-07-04 04:41:00'),
(1546,'10',387,0,'2024-07-04 04:41:00','2024-07-04 04:41:00'),
(1547,'9',387,0,'2024-07-04 04:41:00','2024-07-04 04:41:00'),
(1548,'20',387,0,'2024-07-04 04:41:00','2024-07-04 04:41:00'),
(1549,'11',388,1,'2024-07-04 04:41:00','2024-07-04 04:41:00'),
(1550,'10',388,0,'2024-07-04 04:41:00','2024-07-04 04:41:00'),
(1551,'9',388,0,'2024-07-04 04:41:00','2024-07-04 04:41:00'),
(1552,'20',388,0,'2024-07-04 04:41:00','2024-07-04 04:41:00'),
(1553,'11',389,1,'2024-07-04 04:41:00','2024-07-04 04:41:00'),
(1554,'10',389,0,'2024-07-04 04:41:00','2024-07-04 04:41:00'),
(1555,'9',389,0,'2024-07-04 04:41:00','2024-07-04 04:41:00'),
(1556,'20',389,0,'2024-07-04 04:41:00','2024-07-04 04:41:00'),
(1557,'11',390,1,'2024-07-04 04:41:00','2024-07-04 04:41:00'),
(1558,'10',390,0,'2024-07-04 04:41:00','2024-07-04 04:41:00'),
(1559,'9',390,0,'2024-07-04 04:41:00','2024-07-04 04:41:00'),
(1560,'20',390,0,'2024-07-04 04:41:00','2024-07-04 04:41:00'),
(1561,'11',391,1,'2024-07-04 04:41:00','2024-07-04 04:41:00'),
(1562,'10',391,0,'2024-07-04 04:41:00','2024-07-04 04:41:00'),
(1563,'9',391,0,'2024-07-04 04:41:00','2024-07-04 04:41:00'),
(1564,'20',391,0,'2024-07-04 04:41:00','2024-07-04 04:41:00'),
(1565,'11',392,1,'2024-07-04 04:41:00','2024-07-04 04:41:00'),
(1566,'10',392,0,'2024-07-04 04:41:00','2024-07-04 04:41:00'),
(1567,'9',392,0,'2024-07-04 04:41:00','2024-07-04 04:41:00'),
(1568,'20',392,0,'2024-07-04 04:41:00','2024-07-04 04:41:00'),
(1569,'11',393,1,'2024-07-04 04:41:00','2024-07-04 04:41:00'),
(1570,'10',393,0,'2024-07-04 04:41:00','2024-07-04 04:41:00'),
(1571,'9',393,0,'2024-07-04 04:41:00','2024-07-04 04:41:00'),
(1572,'20',393,0,'2024-07-04 04:41:00','2024-07-04 04:41:00'),
(1573,'11',394,1,'2024-07-04 04:41:00','2024-07-04 04:41:00'),
(1574,'10',394,0,'2024-07-04 04:41:00','2024-07-04 04:41:00'),
(1575,'9',394,0,'2024-07-04 04:41:00','2024-07-04 04:41:00'),
(1576,'20',394,0,'2024-07-04 04:41:00','2024-07-04 04:41:00'),
(1577,'11',395,1,'2024-07-04 04:41:00','2024-07-04 04:41:00'),
(1578,'10',395,0,'2024-07-04 04:41:00','2024-07-04 04:41:00'),
(1579,'9',395,0,'2024-07-04 04:41:00','2024-07-04 04:41:00'),
(1580,'20',395,0,'2024-07-04 04:41:00','2024-07-04 04:41:00'),
(1581,'11',396,1,'2024-07-04 04:41:00','2024-07-04 04:41:00'),
(1582,'10',396,0,'2024-07-04 04:41:00','2024-07-04 04:41:00'),
(1583,'9',396,0,'2024-07-04 04:41:00','2024-07-04 04:41:00'),
(1584,'20',396,0,'2024-07-04 04:41:00','2024-07-04 04:41:00'),
(1585,'11',397,1,'2024-07-04 04:41:00','2024-07-04 04:41:00'),
(1586,'10',397,0,'2024-07-04 04:41:00','2024-07-04 04:41:00'),
(1587,'9',397,0,'2024-07-04 04:41:00','2024-07-04 04:41:00'),
(1588,'20',397,0,'2024-07-04 04:41:00','2024-07-04 04:41:00'),
(1589,'11',398,1,'2024-07-04 04:41:00','2024-07-04 04:41:00'),
(1590,'10',398,0,'2024-07-04 04:41:00','2024-07-04 04:41:00'),
(1591,'9',398,0,'2024-07-04 04:41:00','2024-07-04 04:41:00'),
(1592,'20',398,0,'2024-07-04 04:41:00','2024-07-04 04:41:00'),
(1593,'11',399,1,'2024-07-04 04:41:00','2024-07-04 04:41:00'),
(1594,'10',399,0,'2024-07-04 04:41:00','2024-07-04 04:41:00'),
(1595,'9',399,0,'2024-07-04 04:41:00','2024-07-04 04:41:00'),
(1596,'20',399,0,'2024-07-04 04:41:00','2024-07-04 04:41:00'),
(1597,'11',400,1,'2024-07-04 04:41:00','2024-07-04 04:41:00'),
(1598,'10',400,0,'2024-07-04 04:41:00','2024-07-04 04:41:00'),
(1599,'9',400,0,'2024-07-04 04:41:00','2024-07-04 04:41:00'),
(1600,'20',400,0,'2024-07-04 04:41:00','2024-07-04 04:41:00'),
(1601,'11',401,1,'2024-07-04 04:41:00','2024-07-04 04:41:00'),
(1602,'10',401,0,'2024-07-04 04:41:00','2024-07-04 04:41:00'),
(1603,'9',401,0,'2024-07-04 04:41:00','2024-07-04 04:41:00'),
(1604,'20',401,0,'2024-07-04 04:41:00','2024-07-04 04:41:00'),
(1605,'11',402,1,'2024-07-04 04:41:00','2024-07-04 04:41:00'),
(1606,'10',402,0,'2024-07-04 04:41:00','2024-07-04 04:41:00'),
(1607,'9',402,0,'2024-07-04 04:41:00','2024-07-04 04:41:00'),
(1608,'20',402,0,'2024-07-04 04:41:00','2024-07-04 04:41:00'),
(1609,'11',403,1,'2024-07-04 04:41:00','2024-07-04 04:41:00'),
(1610,'10',403,0,'2024-07-04 04:41:00','2024-07-04 04:41:00'),
(1611,'9',403,0,'2024-07-04 04:41:00','2024-07-04 04:41:00'),
(1612,'20',403,0,'2024-07-04 04:41:00','2024-07-04 04:41:00'),
(1613,'11',404,1,'2024-07-04 04:41:00','2024-07-04 04:41:00'),
(1614,'10',404,0,'2024-07-04 04:41:00','2024-07-04 04:41:00'),
(1615,'9',404,0,'2024-07-04 04:41:00','2024-07-04 04:41:00'),
(1616,'20',404,0,'2024-07-04 04:41:00','2024-07-04 04:41:00'),
(1617,'11',405,1,'2024-07-04 04:41:00','2024-07-04 04:41:00'),
(1618,'10',405,0,'2024-07-04 04:41:00','2024-07-04 04:41:00'),
(1619,'9',405,0,'2024-07-04 04:41:00','2024-07-04 04:41:00'),
(1620,'20',405,0,'2024-07-04 04:41:00','2024-07-04 04:41:00'),
(1621,'11',406,1,'2024-07-04 04:41:00','2024-07-04 04:41:00'),
(1622,'10',406,0,'2024-07-04 04:41:00','2024-07-04 04:41:00'),
(1623,'9',406,0,'2024-07-04 04:41:00','2024-07-04 04:41:00'),
(1624,'20',406,0,'2024-07-04 04:41:00','2024-07-04 04:41:00'),
(1625,'11',407,1,'2024-07-04 04:41:01','2024-07-04 04:41:01'),
(1626,'10',407,0,'2024-07-04 04:41:01','2024-07-04 04:41:01'),
(1627,'9',407,0,'2024-07-04 04:41:01','2024-07-04 04:41:01'),
(1628,'20',407,0,'2024-07-04 04:41:01','2024-07-04 04:41:01'),
(1629,'11',408,1,'2024-07-04 04:41:01','2024-07-04 04:41:01'),
(1630,'10',408,0,'2024-07-04 04:41:01','2024-07-04 04:41:01'),
(1631,'9',408,0,'2024-07-04 04:41:01','2024-07-04 04:41:01'),
(1632,'20',408,0,'2024-07-04 04:41:01','2024-07-04 04:41:01'),
(1633,'11',409,1,'2024-07-04 04:41:01','2024-07-04 04:41:01'),
(1634,'10',409,0,'2024-07-04 04:41:01','2024-07-04 04:41:01'),
(1635,'9',409,0,'2024-07-04 04:41:01','2024-07-04 04:41:01'),
(1636,'20',409,0,'2024-07-04 04:41:01','2024-07-04 04:41:01'),
(1637,'11',410,1,'2024-07-04 04:41:01','2024-07-04 04:41:01'),
(1638,'10',410,0,'2024-07-04 04:41:01','2024-07-04 04:41:01'),
(1639,'9',410,0,'2024-07-04 04:41:01','2024-07-04 04:41:01'),
(1640,'20',410,0,'2024-07-04 04:41:01','2024-07-04 04:41:01'),
(1641,'11',411,1,'2024-07-04 04:41:01','2024-07-04 04:41:01'),
(1642,'10',411,0,'2024-07-04 04:41:01','2024-07-04 04:41:01'),
(1643,'9',411,0,'2024-07-04 04:41:01','2024-07-04 04:41:01'),
(1644,'20',411,0,'2024-07-04 04:41:01','2024-07-04 04:41:01'),
(1645,'11',412,1,'2024-07-04 04:41:01','2024-07-04 04:41:01'),
(1646,'10',412,0,'2024-07-04 04:41:01','2024-07-04 04:41:01'),
(1647,'9',412,0,'2024-07-04 04:41:01','2024-07-04 04:41:01'),
(1648,'20',412,0,'2024-07-04 04:41:01','2024-07-04 04:41:01'),
(1649,'11',413,1,'2024-07-04 04:41:01','2024-07-04 04:41:01'),
(1650,'10',413,0,'2024-07-04 04:41:01','2024-07-04 04:41:01'),
(1651,'9',413,0,'2024-07-04 04:41:01','2024-07-04 04:41:01'),
(1652,'20',413,0,'2024-07-04 04:41:01','2024-07-04 04:41:01'),
(1653,'11',414,1,'2024-07-04 04:41:01','2024-07-04 04:41:01'),
(1654,'10',414,0,'2024-07-04 04:41:01','2024-07-04 04:41:01'),
(1655,'9',414,0,'2024-07-04 04:41:01','2024-07-04 04:41:01'),
(1656,'20',414,0,'2024-07-04 04:41:01','2024-07-04 04:41:01'),
(1657,'11',415,1,'2024-07-04 04:41:01','2024-07-04 04:41:01'),
(1658,'10',415,0,'2024-07-04 04:41:01','2024-07-04 04:41:01'),
(1659,'9',415,0,'2024-07-04 04:41:01','2024-07-04 04:41:01'),
(1660,'20',415,0,'2024-07-04 04:41:01','2024-07-04 04:41:01'),
(1661,'11',416,1,'2024-07-04 04:41:01','2024-07-04 04:41:01'),
(1662,'10',416,0,'2024-07-04 04:41:01','2024-07-04 04:41:01'),
(1663,'9',416,0,'2024-07-04 04:41:01','2024-07-04 04:41:01'),
(1664,'20',416,0,'2024-07-04 04:41:01','2024-07-04 04:41:01'),
(1665,'11',417,1,'2024-07-04 04:41:01','2024-07-04 04:41:01'),
(1666,'10',417,0,'2024-07-04 04:41:01','2024-07-04 04:41:01'),
(1667,'9',417,0,'2024-07-04 04:41:01','2024-07-04 04:41:01'),
(1668,'20',417,0,'2024-07-04 04:41:01','2024-07-04 04:41:01'),
(1669,'11',418,1,'2024-07-04 04:41:01','2024-07-04 04:41:01'),
(1670,'10',418,0,'2024-07-04 04:41:01','2024-07-04 04:41:01'),
(1671,'9',418,0,'2024-07-04 04:41:01','2024-07-04 04:41:01'),
(1672,'20',418,0,'2024-07-04 04:41:01','2024-07-04 04:41:01'),
(1673,'11',419,1,'2024-07-04 04:41:01','2024-07-04 04:41:01'),
(1674,'10',419,0,'2024-07-04 04:41:01','2024-07-04 04:41:01'),
(1675,'9',419,0,'2024-07-04 04:41:01','2024-07-04 04:41:01'),
(1676,'20',419,0,'2024-07-04 04:41:01','2024-07-04 04:41:01'),
(1677,'11',420,1,'2024-07-04 04:41:01','2024-07-04 04:41:01'),
(1678,'10',420,0,'2024-07-04 04:41:01','2024-07-04 04:41:01'),
(1679,'9',420,0,'2024-07-04 04:41:01','2024-07-04 04:41:01'),
(1680,'20',420,0,'2024-07-04 04:41:01','2024-07-04 04:41:01'),
(1681,'11',421,1,'2024-07-04 04:41:01','2024-07-04 04:41:01'),
(1682,'10',421,0,'2024-07-04 04:41:01','2024-07-04 04:41:01'),
(1683,'9',421,0,'2024-07-04 04:41:01','2024-07-04 04:41:01'),
(1684,'20',421,0,'2024-07-04 04:41:01','2024-07-04 04:41:01'),
(1685,'11',422,1,'2024-07-04 04:41:01','2024-07-04 04:41:01'),
(1686,'10',422,0,'2024-07-04 04:41:01','2024-07-04 04:41:01'),
(1687,'9',422,0,'2024-07-04 04:41:01','2024-07-04 04:41:01'),
(1688,'20',422,0,'2024-07-04 04:41:01','2024-07-04 04:41:01'),
(1689,'11',423,1,'2024-07-04 04:41:01','2024-07-04 04:41:01'),
(1690,'10',423,0,'2024-07-04 04:41:01','2024-07-04 04:41:01'),
(1691,'9',423,0,'2024-07-04 04:41:01','2024-07-04 04:41:01'),
(1692,'20',423,0,'2024-07-04 04:41:01','2024-07-04 04:41:01'),
(1693,'11',424,1,'2024-07-04 04:41:01','2024-07-04 04:41:01'),
(1694,'10',424,0,'2024-07-04 04:41:01','2024-07-04 04:41:01'),
(1695,'9',424,0,'2024-07-04 04:41:01','2024-07-04 04:41:01'),
(1696,'20',424,0,'2024-07-04 04:41:01','2024-07-04 04:41:01'),
(1697,'11',425,1,'2024-07-04 04:41:01','2024-07-04 04:41:01'),
(1698,'10',425,0,'2024-07-04 04:41:01','2024-07-04 04:41:01'),
(1699,'9',425,0,'2024-07-04 04:41:01','2024-07-04 04:41:01'),
(1700,'20',425,0,'2024-07-04 04:41:01','2024-07-04 04:41:01'),
(1701,'11',426,1,'2024-07-04 04:41:01','2024-07-04 04:41:01'),
(1702,'10',426,0,'2024-07-04 04:41:01','2024-07-04 04:41:01'),
(1703,'9',426,0,'2024-07-04 04:41:01','2024-07-04 04:41:01'),
(1704,'20',426,0,'2024-07-04 04:41:01','2024-07-04 04:41:01'),
(1705,'11',427,1,'2024-07-04 04:41:01','2024-07-04 04:41:01'),
(1706,'10',427,0,'2024-07-04 04:41:01','2024-07-04 04:41:01'),
(1707,'9',427,0,'2024-07-04 04:41:01','2024-07-04 04:41:01'),
(1708,'20',427,0,'2024-07-04 04:41:01','2024-07-04 04:41:01'),
(1709,'11',428,1,'2024-07-04 04:41:01','2024-07-04 04:41:01'),
(1710,'10',428,0,'2024-07-04 04:41:01','2024-07-04 04:41:01'),
(1711,'9',428,0,'2024-07-04 04:41:01','2024-07-04 04:41:01'),
(1712,'20',428,0,'2024-07-04 04:41:01','2024-07-04 04:41:01'),
(1713,'11',429,1,'2024-07-04 04:41:01','2024-07-04 04:41:01'),
(1714,'10',429,0,'2024-07-04 04:41:01','2024-07-04 04:41:01'),
(1715,'9',429,0,'2024-07-04 04:41:01','2024-07-04 04:41:01'),
(1716,'20',429,0,'2024-07-04 04:41:01','2024-07-04 04:41:01'),
(1717,'11',430,1,'2024-07-04 04:41:01','2024-07-04 04:41:01'),
(1718,'10',430,0,'2024-07-04 04:41:01','2024-07-04 04:41:01'),
(1719,'9',430,0,'2024-07-04 04:41:01','2024-07-04 04:41:01'),
(1720,'20',430,0,'2024-07-04 04:41:01','2024-07-04 04:41:01'),
(1721,'11',431,1,'2024-07-04 04:41:01','2024-07-04 04:41:01'),
(1722,'10',431,0,'2024-07-04 04:41:01','2024-07-04 04:41:01'),
(1723,'9',431,0,'2024-07-04 04:41:01','2024-07-04 04:41:01'),
(1724,'20',431,0,'2024-07-04 04:41:01','2024-07-04 04:41:01'),
(1725,'11',432,1,'2024-07-04 04:41:02','2024-07-04 04:41:02'),
(1726,'10',432,0,'2024-07-04 04:41:02','2024-07-04 04:41:02'),
(1727,'9',432,0,'2024-07-04 04:41:02','2024-07-04 04:41:02'),
(1728,'20',432,0,'2024-07-04 04:41:02','2024-07-04 04:41:02'),
(1729,'11',433,1,'2024-07-04 04:41:02','2024-07-04 04:41:02'),
(1730,'10',433,0,'2024-07-04 04:41:02','2024-07-04 04:41:02'),
(1731,'9',433,0,'2024-07-04 04:41:02','2024-07-04 04:41:02'),
(1732,'20',433,0,'2024-07-04 04:41:02','2024-07-04 04:41:02'),
(1733,'11',434,1,'2024-07-04 04:41:02','2024-07-04 04:41:02'),
(1734,'10',434,0,'2024-07-04 04:41:02','2024-07-04 04:41:02'),
(1735,'9',434,0,'2024-07-04 04:41:02','2024-07-04 04:41:02'),
(1736,'20',434,0,'2024-07-04 04:41:02','2024-07-04 04:41:02'),
(1737,'11',435,1,'2024-07-04 04:41:02','2024-07-04 04:41:02'),
(1738,'10',435,0,'2024-07-04 04:41:02','2024-07-04 04:41:02'),
(1739,'9',435,0,'2024-07-04 04:41:02','2024-07-04 04:41:02'),
(1740,'20',435,0,'2024-07-04 04:41:02','2024-07-04 04:41:02'),
(1741,'11',436,1,'2024-07-04 04:41:02','2024-07-04 04:41:02'),
(1742,'10',436,0,'2024-07-04 04:41:02','2024-07-04 04:41:02'),
(1743,'9',436,0,'2024-07-04 04:41:02','2024-07-04 04:41:02'),
(1744,'20',436,0,'2024-07-04 04:41:02','2024-07-04 04:41:02'),
(1745,'11',437,1,'2024-07-04 04:41:02','2024-07-04 04:41:02'),
(1746,'10',437,0,'2024-07-04 04:41:02','2024-07-04 04:41:02'),
(1747,'9',437,0,'2024-07-04 04:41:02','2024-07-04 04:41:02'),
(1748,'20',437,0,'2024-07-04 04:41:02','2024-07-04 04:41:02'),
(1749,'11',438,1,'2024-07-04 04:41:02','2024-07-04 04:41:02'),
(1750,'10',438,0,'2024-07-04 04:41:02','2024-07-04 04:41:02'),
(1751,'9',438,0,'2024-07-04 04:41:02','2024-07-04 04:41:02'),
(1752,'20',438,0,'2024-07-04 04:41:02','2024-07-04 04:41:02'),
(1753,'11',439,1,'2024-07-04 04:41:02','2024-07-04 04:41:02'),
(1754,'10',439,0,'2024-07-04 04:41:02','2024-07-04 04:41:02'),
(1755,'9',439,0,'2024-07-04 04:41:02','2024-07-04 04:41:02'),
(1756,'20',439,0,'2024-07-04 04:41:02','2024-07-04 04:41:02'),
(1757,'11',440,1,'2024-07-04 04:41:02','2024-07-04 04:41:02'),
(1758,'10',440,0,'2024-07-04 04:41:02','2024-07-04 04:41:02'),
(1759,'9',440,0,'2024-07-04 04:41:02','2024-07-04 04:41:02'),
(1760,'20',440,0,'2024-07-04 04:41:02','2024-07-04 04:41:02'),
(1761,'11',441,1,'2024-07-04 04:41:02','2024-07-04 04:41:02'),
(1762,'10',441,0,'2024-07-04 04:41:02','2024-07-04 04:41:02'),
(1763,'9',441,0,'2024-07-04 04:41:02','2024-07-04 04:41:02'),
(1764,'20',441,0,'2024-07-04 04:41:02','2024-07-04 04:41:02'),
(1765,'11',442,1,'2024-07-04 04:41:02','2024-07-04 04:41:02'),
(1766,'10',442,0,'2024-07-04 04:41:02','2024-07-04 04:41:02'),
(1767,'9',442,0,'2024-07-04 04:41:02','2024-07-04 04:41:02'),
(1768,'20',442,0,'2024-07-04 04:41:02','2024-07-04 04:41:02'),
(1769,'11',443,1,'2024-07-04 04:41:02','2024-07-04 04:41:02'),
(1770,'10',443,0,'2024-07-04 04:41:02','2024-07-04 04:41:02'),
(1771,'9',443,0,'2024-07-04 04:41:02','2024-07-04 04:41:02'),
(1772,'20',443,0,'2024-07-04 04:41:02','2024-07-04 04:41:02'),
(1773,'11',444,1,'2024-07-04 04:41:02','2024-07-04 04:41:02'),
(1774,'10',444,0,'2024-07-04 04:41:02','2024-07-04 04:41:02'),
(1775,'9',444,0,'2024-07-04 04:41:02','2024-07-04 04:41:02'),
(1776,'20',444,0,'2024-07-04 04:41:02','2024-07-04 04:41:02'),
(1777,'11',445,1,'2024-07-04 04:41:02','2024-07-04 04:41:02'),
(1778,'10',445,0,'2024-07-04 04:41:02','2024-07-04 04:41:02'),
(1779,'9',445,0,'2024-07-04 04:41:02','2024-07-04 04:41:02'),
(1780,'20',445,0,'2024-07-04 04:41:02','2024-07-04 04:41:02'),
(1781,'11',446,1,'2024-07-04 04:41:02','2024-07-04 04:41:02'),
(1782,'10',446,0,'2024-07-04 04:41:02','2024-07-04 04:41:02'),
(1783,'9',446,0,'2024-07-04 04:41:02','2024-07-04 04:41:02'),
(1784,'20',446,0,'2024-07-04 04:41:02','2024-07-04 04:41:02'),
(1785,'11',447,1,'2024-07-04 04:41:02','2024-07-04 04:41:02'),
(1786,'10',447,0,'2024-07-04 04:41:02','2024-07-04 04:41:02'),
(1787,'9',447,0,'2024-07-04 04:41:02','2024-07-04 04:41:02'),
(1788,'20',447,0,'2024-07-04 04:41:02','2024-07-04 04:41:02'),
(1789,'11',448,1,'2024-07-04 04:41:02','2024-07-04 04:41:02'),
(1790,'10',448,0,'2024-07-04 04:41:02','2024-07-04 04:41:02'),
(1791,'9',448,0,'2024-07-04 04:41:02','2024-07-04 04:41:02'),
(1792,'20',448,0,'2024-07-04 04:41:02','2024-07-04 04:41:02'),
(1793,'11',449,1,'2024-07-04 04:41:02','2024-07-04 04:41:02'),
(1794,'10',449,0,'2024-07-04 04:41:02','2024-07-04 04:41:02'),
(1795,'9',449,0,'2024-07-04 04:41:02','2024-07-04 04:41:02'),
(1796,'20',449,0,'2024-07-04 04:41:02','2024-07-04 04:41:02'),
(1797,'11',450,1,'2024-07-04 04:41:02','2024-07-04 04:41:02'),
(1798,'10',450,0,'2024-07-04 04:41:02','2024-07-04 04:41:02'),
(1799,'9',450,0,'2024-07-04 04:41:02','2024-07-04 04:41:02'),
(1800,'20',450,0,'2024-07-04 04:41:02','2024-07-04 04:41:02'),
(1801,'11',451,1,'2024-07-04 04:41:02','2024-07-04 04:41:02'),
(1802,'10',451,0,'2024-07-04 04:41:02','2024-07-04 04:41:02'),
(1803,'9',451,0,'2024-07-04 04:41:02','2024-07-04 04:41:02'),
(1804,'20',451,0,'2024-07-04 04:41:02','2024-07-04 04:41:02'),
(1805,'11',452,1,'2024-07-04 04:41:02','2024-07-04 04:41:02'),
(1806,'10',452,0,'2024-07-04 04:41:02','2024-07-04 04:41:02'),
(1807,'9',452,0,'2024-07-04 04:41:02','2024-07-04 04:41:02'),
(1808,'20',452,0,'2024-07-04 04:41:02','2024-07-04 04:41:02'),
(1809,'11',453,1,'2024-07-04 04:41:02','2024-07-04 04:41:02'),
(1810,'10',453,0,'2024-07-04 04:41:02','2024-07-04 04:41:02'),
(1811,'9',453,0,'2024-07-04 04:41:02','2024-07-04 04:41:02'),
(1812,'20',453,0,'2024-07-04 04:41:02','2024-07-04 04:41:02'),
(1813,'11',454,1,'2024-07-04 04:41:02','2024-07-04 04:41:02'),
(1814,'10',454,0,'2024-07-04 04:41:02','2024-07-04 04:41:02'),
(1815,'9',454,0,'2024-07-04 04:41:02','2024-07-04 04:41:02'),
(1816,'20',454,0,'2024-07-04 04:41:02','2024-07-04 04:41:02'),
(1817,'11',455,1,'2024-07-04 04:41:02','2024-07-04 04:41:02'),
(1818,'10',455,0,'2024-07-04 04:41:02','2024-07-04 04:41:02'),
(1819,'9',455,0,'2024-07-04 04:41:02','2024-07-04 04:41:02'),
(1820,'20',455,0,'2024-07-04 04:41:02','2024-07-04 04:41:02'),
(1821,'11',456,1,'2024-07-04 04:41:03','2024-07-04 04:41:03'),
(1822,'10',456,0,'2024-07-04 04:41:03','2024-07-04 04:41:03'),
(1823,'9',456,0,'2024-07-04 04:41:03','2024-07-04 04:41:03'),
(1824,'20',456,0,'2024-07-04 04:41:03','2024-07-04 04:41:03'),
(1825,'11',457,1,'2024-07-04 04:41:03','2024-07-04 04:41:03'),
(1826,'10',457,0,'2024-07-04 04:41:03','2024-07-04 04:41:03'),
(1827,'9',457,0,'2024-07-04 04:41:03','2024-07-04 04:41:03'),
(1828,'20',457,0,'2024-07-04 04:41:03','2024-07-04 04:41:03'),
(1829,'11',458,1,'2024-07-04 04:41:03','2024-07-04 04:41:03'),
(1830,'10',458,0,'2024-07-04 04:41:03','2024-07-04 04:41:03'),
(1831,'9',458,0,'2024-07-04 04:41:03','2024-07-04 04:41:03'),
(1832,'20',458,0,'2024-07-04 04:41:03','2024-07-04 04:41:03'),
(1833,'11',459,1,'2024-07-04 04:41:03','2024-07-04 04:41:03'),
(1834,'10',459,0,'2024-07-04 04:41:03','2024-07-04 04:41:03'),
(1835,'9',459,0,'2024-07-04 04:41:03','2024-07-04 04:41:03'),
(1836,'20',459,0,'2024-07-04 04:41:03','2024-07-04 04:41:03'),
(1837,'11',460,1,'2024-07-04 04:41:03','2024-07-04 04:41:03'),
(1838,'10',460,0,'2024-07-04 04:41:03','2024-07-04 04:41:03'),
(1839,'9',460,0,'2024-07-04 04:41:03','2024-07-04 04:41:03'),
(1840,'20',460,0,'2024-07-04 04:41:03','2024-07-04 04:41:03'),
(1841,'11',461,1,'2024-07-04 04:41:03','2024-07-04 04:41:03'),
(1842,'10',461,0,'2024-07-04 04:41:03','2024-07-04 04:41:03'),
(1843,'9',461,0,'2024-07-04 04:41:03','2024-07-04 04:41:03'),
(1844,'20',461,0,'2024-07-04 04:41:03','2024-07-04 04:41:03'),
(1845,'11',462,1,'2024-07-04 04:41:03','2024-07-04 04:41:03'),
(1846,'10',462,0,'2024-07-04 04:41:03','2024-07-04 04:41:03'),
(1847,'9',462,0,'2024-07-04 04:41:03','2024-07-04 04:41:03'),
(1848,'20',462,0,'2024-07-04 04:41:03','2024-07-04 04:41:03'),
(1849,'11',463,1,'2024-07-04 04:41:03','2024-07-04 04:41:03'),
(1850,'10',463,0,'2024-07-04 04:41:03','2024-07-04 04:41:03'),
(1851,'9',463,0,'2024-07-04 04:41:03','2024-07-04 04:41:03'),
(1852,'20',463,0,'2024-07-04 04:41:03','2024-07-04 04:41:03'),
(1853,'11',464,1,'2024-07-04 04:41:03','2024-07-04 04:41:03'),
(1854,'10',464,0,'2024-07-04 04:41:03','2024-07-04 04:41:03'),
(1855,'9',464,0,'2024-07-04 04:41:03','2024-07-04 04:41:03'),
(1856,'20',464,0,'2024-07-04 04:41:03','2024-07-04 04:41:03'),
(1857,'11',465,1,'2024-07-04 04:41:03','2024-07-04 04:41:03'),
(1858,'10',465,0,'2024-07-04 04:41:03','2024-07-04 04:41:03'),
(1859,'9',465,0,'2024-07-04 04:41:03','2024-07-04 04:41:03'),
(1860,'20',465,0,'2024-07-04 04:41:03','2024-07-04 04:41:03'),
(1861,'11',466,1,'2024-07-04 04:41:03','2024-07-04 04:41:03'),
(1862,'10',466,0,'2024-07-04 04:41:03','2024-07-04 04:41:03'),
(1863,'9',466,0,'2024-07-04 04:41:03','2024-07-04 04:41:03'),
(1864,'20',466,0,'2024-07-04 04:41:03','2024-07-04 04:41:03'),
(1865,'11',467,1,'2024-07-04 04:41:03','2024-07-04 04:41:03'),
(1866,'10',467,0,'2024-07-04 04:41:03','2024-07-04 04:41:03'),
(1867,'9',467,0,'2024-07-04 04:41:03','2024-07-04 04:41:03'),
(1868,'20',467,0,'2024-07-04 04:41:03','2024-07-04 04:41:03'),
(1869,'11',468,1,'2024-07-04 04:41:03','2024-07-04 04:41:03'),
(1870,'10',468,0,'2024-07-04 04:41:03','2024-07-04 04:41:03'),
(1871,'9',468,0,'2024-07-04 04:41:03','2024-07-04 04:41:03'),
(1872,'20',468,0,'2024-07-04 04:41:03','2024-07-04 04:41:03'),
(1873,'11',469,1,'2024-07-04 04:41:03','2024-07-04 04:41:03'),
(1874,'10',469,0,'2024-07-04 04:41:03','2024-07-04 04:41:03'),
(1875,'9',469,0,'2024-07-04 04:41:03','2024-07-04 04:41:03'),
(1876,'20',469,0,'2024-07-04 04:41:03','2024-07-04 04:41:03'),
(1877,'11',470,1,'2024-07-04 04:41:03','2024-07-04 04:41:03'),
(1878,'10',470,0,'2024-07-04 04:41:03','2024-07-04 04:41:03'),
(1879,'9',470,0,'2024-07-04 04:41:03','2024-07-04 04:41:03'),
(1880,'20',470,0,'2024-07-04 04:41:03','2024-07-04 04:41:03'),
(1881,'11',471,1,'2024-07-04 04:41:03','2024-07-04 04:41:03'),
(1882,'10',471,0,'2024-07-04 04:41:03','2024-07-04 04:41:03'),
(1883,'9',471,0,'2024-07-04 04:41:03','2024-07-04 04:41:03'),
(1884,'20',471,0,'2024-07-04 04:41:03','2024-07-04 04:41:03'),
(1885,'11',472,1,'2024-07-04 04:41:03','2024-07-04 04:41:03'),
(1886,'10',472,0,'2024-07-04 04:41:03','2024-07-04 04:41:03'),
(1887,'9',472,0,'2024-07-04 04:41:03','2024-07-04 04:41:03'),
(1888,'20',472,0,'2024-07-04 04:41:03','2024-07-04 04:41:03'),
(1889,'11',473,1,'2024-07-04 04:41:03','2024-07-04 04:41:03'),
(1890,'10',473,0,'2024-07-04 04:41:03','2024-07-04 04:41:03'),
(1891,'9',473,0,'2024-07-04 04:41:03','2024-07-04 04:41:03'),
(1892,'20',473,0,'2024-07-04 04:41:03','2024-07-04 04:41:03'),
(1893,'11',474,1,'2024-07-04 04:41:03','2024-07-04 04:41:03'),
(1894,'10',474,0,'2024-07-04 04:41:03','2024-07-04 04:41:03'),
(1895,'9',474,0,'2024-07-04 04:41:03','2024-07-04 04:41:03'),
(1896,'20',474,0,'2024-07-04 04:41:03','2024-07-04 04:41:03'),
(1897,'11',475,1,'2024-07-04 04:41:03','2024-07-04 04:41:03'),
(1898,'10',475,0,'2024-07-04 04:41:03','2024-07-04 04:41:03'),
(1899,'9',475,0,'2024-07-04 04:41:03','2024-07-04 04:41:03'),
(1900,'20',475,0,'2024-07-04 04:41:03','2024-07-04 04:41:03'),
(1901,'11',476,1,'2024-07-04 04:41:03','2024-07-04 04:41:03'),
(1902,'10',476,0,'2024-07-04 04:41:03','2024-07-04 04:41:03'),
(1903,'9',476,0,'2024-07-04 04:41:03','2024-07-04 04:41:03'),
(1904,'20',476,0,'2024-07-04 04:41:03','2024-07-04 04:41:03'),
(1905,'11',477,1,'2024-07-04 04:41:03','2024-07-04 04:41:03'),
(1906,'10',477,0,'2024-07-04 04:41:03','2024-07-04 04:41:03'),
(1907,'9',477,0,'2024-07-04 04:41:03','2024-07-04 04:41:03'),
(1908,'20',477,0,'2024-07-04 04:41:03','2024-07-04 04:41:03'),
(1909,'11',478,1,'2024-07-04 04:41:03','2024-07-04 04:41:03'),
(1910,'10',478,0,'2024-07-04 04:41:03','2024-07-04 04:41:03'),
(1911,'9',478,0,'2024-07-04 04:41:03','2024-07-04 04:41:03'),
(1912,'20',478,0,'2024-07-04 04:41:03','2024-07-04 04:41:03'),
(1913,'11',479,1,'2024-07-04 04:41:03','2024-07-04 04:41:03'),
(1914,'10',479,0,'2024-07-04 04:41:03','2024-07-04 04:41:03'),
(1915,'9',479,0,'2024-07-04 04:41:03','2024-07-04 04:41:03'),
(1916,'20',479,0,'2024-07-04 04:41:03','2024-07-04 04:41:03'),
(1917,'11',480,1,'2024-07-04 04:41:04','2024-07-04 04:41:04'),
(1918,'10',480,0,'2024-07-04 04:41:04','2024-07-04 04:41:04'),
(1919,'9',480,0,'2024-07-04 04:41:04','2024-07-04 04:41:04'),
(1920,'20',480,0,'2024-07-04 04:41:04','2024-07-04 04:41:04'),
(1921,'11',481,1,'2024-07-04 04:41:04','2024-07-04 04:41:04'),
(1922,'10',481,0,'2024-07-04 04:41:04','2024-07-04 04:41:04'),
(1923,'9',481,0,'2024-07-04 04:41:04','2024-07-04 04:41:04'),
(1924,'20',481,0,'2024-07-04 04:41:04','2024-07-04 04:41:04'),
(1925,'11',482,1,'2024-07-04 04:41:04','2024-07-04 04:41:04'),
(1926,'10',482,0,'2024-07-04 04:41:04','2024-07-04 04:41:04'),
(1927,'9',482,0,'2024-07-04 04:41:04','2024-07-04 04:41:04'),
(1928,'20',482,0,'2024-07-04 04:41:04','2024-07-04 04:41:04'),
(1929,'11',483,1,'2024-07-04 04:41:04','2024-07-04 04:41:04'),
(1930,'10',483,0,'2024-07-04 04:41:04','2024-07-04 04:41:04'),
(1931,'9',483,0,'2024-07-04 04:41:04','2024-07-04 04:41:04'),
(1932,'20',483,0,'2024-07-04 04:41:04','2024-07-04 04:41:04'),
(1933,'11',484,1,'2024-07-04 04:41:04','2024-07-04 04:41:04'),
(1934,'10',484,0,'2024-07-04 04:41:04','2024-07-04 04:41:04'),
(1935,'9',484,0,'2024-07-04 04:41:04','2024-07-04 04:41:04'),
(1936,'20',484,0,'2024-07-04 04:41:04','2024-07-04 04:41:04'),
(1937,'11',485,1,'2024-07-04 04:41:04','2024-07-04 04:41:04'),
(1938,'10',485,0,'2024-07-04 04:41:04','2024-07-04 04:41:04'),
(1939,'9',485,0,'2024-07-04 04:41:04','2024-07-04 04:41:04'),
(1940,'20',485,0,'2024-07-04 04:41:04','2024-07-04 04:41:04'),
(1941,'11',486,1,'2024-07-04 04:41:04','2024-07-04 04:41:04'),
(1942,'10',486,0,'2024-07-04 04:41:04','2024-07-04 04:41:04'),
(1943,'9',486,0,'2024-07-04 04:41:04','2024-07-04 04:41:04'),
(1944,'20',486,0,'2024-07-04 04:41:04','2024-07-04 04:41:04'),
(1945,'11',487,1,'2024-07-04 04:41:04','2024-07-04 04:41:04'),
(1946,'10',487,0,'2024-07-04 04:41:04','2024-07-04 04:41:04'),
(1947,'9',487,0,'2024-07-04 04:41:04','2024-07-04 04:41:04'),
(1948,'20',487,0,'2024-07-04 04:41:04','2024-07-04 04:41:04'),
(1949,'11',488,1,'2024-07-04 04:41:04','2024-07-04 04:41:04'),
(1950,'10',488,0,'2024-07-04 04:41:04','2024-07-04 04:41:04'),
(1951,'9',488,0,'2024-07-04 04:41:04','2024-07-04 04:41:04'),
(1952,'20',488,0,'2024-07-04 04:41:04','2024-07-04 04:41:04'),
(1953,'11',489,1,'2024-07-04 04:41:04','2024-07-04 04:41:04'),
(1954,'10',489,0,'2024-07-04 04:41:04','2024-07-04 04:41:04'),
(1955,'9',489,0,'2024-07-04 04:41:04','2024-07-04 04:41:04'),
(1956,'20',489,0,'2024-07-04 04:41:04','2024-07-04 04:41:04'),
(1957,'11',490,1,'2024-07-04 04:41:04','2024-07-04 04:41:04'),
(1958,'10',490,0,'2024-07-04 04:41:04','2024-07-04 04:41:04'),
(1959,'9',490,0,'2024-07-04 04:41:04','2024-07-04 04:41:04'),
(1960,'20',490,0,'2024-07-04 04:41:04','2024-07-04 04:41:04');

/*Table structure for table `quiz_questions` */


CREATE TABLE `quiz_questions` (
  `id` bigint(20) unsigned NOT NULL AUTO_INCREMENT,
  `quiz_id` bigint(20) unsigned NOT NULL,
  `title` varchar(255) NOT NULL,
  `type` enum('descriptive','multiple') NOT NULL DEFAULT 'multiple',
  `grade` int(11) DEFAULT NULL,
  `created_at` timestamp NULL DEFAULT NULL,
  `updated_at` timestamp NULL DEFAULT NULL,
  PRIMARY KEY (`id`),
  KEY `quiz_questions_quiz_id_foreign` (`quiz_id`),
  CONSTRAINT `quiz_questions_quiz_id_foreign` FOREIGN KEY (`quiz_id`) REFERENCES `quizzes` (`id`) ON DELETE CASCADE
) ENGINE=InnoDB AUTO_INCREMENT=491 DEFAULT CHARSET=utf8mb4;

/*Data for the table `quiz_questions` */

insert  into `quiz_questions`(`id`,`quiz_id`,`title`,`type`,`grade`,`created_at`,`updated_at`) values 
(1,1,'What is Current Version of Laravel?','multiple',50,'2024-07-04 04:40:44','2024-07-04 04:40:44'),
(2,2,'What is Current Version of Laravel?','multiple',50,'2024-07-04 04:40:44','2024-07-04 04:40:44'),
(3,3,'What is Current Version of Laravel?','multiple',50,'2024-07-04 04:40:44','2024-07-04 04:40:44'),
(4,4,'What is Current Version of Laravel?','multiple',50,'2024-07-04 04:40:44','2024-07-04 04:40:44'),
(5,5,'What is Current Version of Laravel?','multiple',50,'2024-07-04 04:40:44','2024-07-04 04:40:44'),
(6,6,'What is Current Version of Laravel?','multiple',50,'2024-07-04 04:40:44','2024-07-04 04:40:44'),
(7,7,'What is Current Version of Laravel?','multiple',50,'2024-07-04 04:40:44','2024-07-04 04:40:44'),
(8,8,'What is Current Version of Laravel?','multiple',50,'2024-07-04 04:40:44','2024-07-04 04:40:44'),
(9,9,'What is Current Version of Laravel?','multiple',50,'2024-07-04 04:40:44','2024-07-04 04:40:44'),
(10,10,'What is Current Version of Laravel?','multiple',50,'2024-07-04 04:40:44','2024-07-04 04:40:44'),
(11,11,'What is Current Version of Laravel?','multiple',50,'2024-07-04 04:40:44','2024-07-04 04:40:44'),
(12,12,'What is Current Version of Laravel?','multiple',50,'2024-07-04 04:40:44','2024-07-04 04:40:44'),
(13,13,'What is Current Version of Laravel?','multiple',50,'2024-07-04 04:40:44','2024-07-04 04:40:44'),
(14,14,'What is Current Version of Laravel?','multiple',50,'2024-07-04 04:40:44','2024-07-04 04:40:44'),
(15,15,'What is Current Version of Laravel?','multiple',50,'2024-07-04 04:40:44','2024-07-04 04:40:44'),
(16,16,'What is Current Version of Laravel?','multiple',50,'2024-07-04 04:40:44','2024-07-04 04:40:44'),
(17,17,'What is Current Version of Laravel?','multiple',50,'2024-07-04 04:40:45','2024-07-04 04:40:45'),
(18,18,'What is Current Version of Laravel?','multiple',50,'2024-07-04 04:40:45','2024-07-04 04:40:45'),
(19,19,'What is Current Version of Laravel?','multiple',50,'2024-07-04 04:40:45','2024-07-04 04:40:45'),
(20,20,'What is Current Version of Laravel?','multiple',50,'2024-07-04 04:40:45','2024-07-04 04:40:45'),
(21,21,'What is Current Version of Laravel?','multiple',50,'2024-07-04 04:40:45','2024-07-04 04:40:45'),
(22,22,'What is Current Version of Laravel?','multiple',50,'2024-07-04 04:40:45','2024-07-04 04:40:45'),
(23,23,'What is Current Version of Laravel?','multiple',50,'2024-07-04 04:40:45','2024-07-04 04:40:45'),
(24,24,'What is Current Version of Laravel?','multiple',50,'2024-07-04 04:40:45','2024-07-04 04:40:45'),
(25,25,'What is Current Version of Laravel?','multiple',50,'2024-07-04 04:40:45','2024-07-04 04:40:45'),
(26,26,'What is Current Version of Laravel?','multiple',50,'2024-07-04 04:40:45','2024-07-04 04:40:45'),
(27,27,'What is Current Version of Laravel?','multiple',50,'2024-07-04 04:40:45','2024-07-04 04:40:45'),
(28,28,'What is Current Version of Laravel?','multiple',50,'2024-07-04 04:40:45','2024-07-04 04:40:45'),
(29,29,'What is Current Version of Laravel?','multiple',50,'2024-07-04 04:40:45','2024-07-04 04:40:45'),
(30,30,'What is Current Version of Laravel?','multiple',50,'2024-07-04 04:40:45','2024-07-04 04:40:45'),
(31,31,'What is Current Version of Laravel?','multiple',50,'2024-07-04 04:40:45','2024-07-04 04:40:45'),
(32,32,'What is Current Version of Laravel?','multiple',50,'2024-07-04 04:40:45','2024-07-04 04:40:45'),
(33,33,'What is Current Version of Laravel?','multiple',50,'2024-07-04 04:40:45','2024-07-04 04:40:45'),
(34,34,'What is Current Version of Laravel?','multiple',50,'2024-07-04 04:40:45','2024-07-04 04:40:45'),
(35,35,'What is Current Version of Laravel?','multiple',50,'2024-07-04 04:40:45','2024-07-04 04:40:45'),
(36,36,'What is Current Version of Laravel?','multiple',50,'2024-07-04 04:40:45','2024-07-04 04:40:45'),
(37,37,'What is Current Version of Laravel?','multiple',50,'2024-07-04 04:40:45','2024-07-04 04:40:45'),
(38,38,'What is Current Version of Laravel?','multiple',50,'2024-07-04 04:40:45','2024-07-04 04:40:45'),
(39,39,'What is Current Version of Laravel?','multiple',50,'2024-07-04 04:40:45','2024-07-04 04:40:45'),
(40,40,'What is Current Version of Laravel?','multiple',50,'2024-07-04 04:40:45','2024-07-04 04:40:45'),
(41,41,'What is Current Version of Laravel?','multiple',50,'2024-07-04 04:40:45','2024-07-04 04:40:45'),
(42,42,'What is Current Version of Laravel?','multiple',50,'2024-07-04 04:40:46','2024-07-04 04:40:46'),
(43,43,'What is Current Version of Laravel?','multiple',50,'2024-07-04 04:40:46','2024-07-04 04:40:46'),
(44,44,'What is Current Version of Laravel?','multiple',50,'2024-07-04 04:40:46','2024-07-04 04:40:46'),
(45,45,'What is Current Version of Laravel?','multiple',50,'2024-07-04 04:40:46','2024-07-04 04:40:46'),
(46,46,'What is Current Version of Laravel?','multiple',50,'2024-07-04 04:40:46','2024-07-04 04:40:46'),
(47,47,'What is Current Version of Laravel?','multiple',50,'2024-07-04 04:40:46','2024-07-04 04:40:46'),
(48,48,'What is Current Version of Laravel?','multiple',50,'2024-07-04 04:40:46','2024-07-04 04:40:46'),
(49,49,'What is Current Version of Laravel?','multiple',50,'2024-07-04 04:40:46','2024-07-04 04:40:46'),
(50,50,'What is Current Version of Laravel?','multiple',50,'2024-07-04 04:40:46','2024-07-04 04:40:46'),
(51,51,'What is Current Version of Laravel?','multiple',50,'2024-07-04 04:40:46','2024-07-04 04:40:46'),
(52,52,'What is Current Version of Laravel?','multiple',50,'2024-07-04 04:40:46','2024-07-04 04:40:46'),
(53,53,'What is Current Version of Laravel?','multiple',50,'2024-07-04 04:40:46','2024-07-04 04:40:46'),
(54,54,'What is Current Version of Laravel?','multiple',50,'2024-07-04 04:40:46','2024-07-04 04:40:46'),
(55,55,'What is Current Version of Laravel?','multiple',50,'2024-07-04 04:40:46','2024-07-04 04:40:46'),
(56,56,'What is Current Version of Laravel?','multiple',50,'2024-07-04 04:40:46','2024-07-04 04:40:46'),
(57,57,'What is Current Version of Laravel?','multiple',50,'2024-07-04 04:40:46','2024-07-04 04:40:46'),
(58,58,'What is Current Version of Laravel?','multiple',50,'2024-07-04 04:40:46','2024-07-04 04:40:46'),
(59,59,'What is Current Version of Laravel?','multiple',50,'2024-07-04 04:40:46','2024-07-04 04:40:46'),
(60,60,'What is Current Version of Laravel?','multiple',50,'2024-07-04 04:40:46','2024-07-04 04:40:46'),
(61,61,'What is Current Version of Laravel?','multiple',50,'2024-07-04 04:40:46','2024-07-04 04:40:46'),
(62,62,'What is Current Version of Laravel?','multiple',50,'2024-07-04 04:40:46','2024-07-04 04:40:46'),
(63,63,'What is Current Version of Laravel?','multiple',50,'2024-07-04 04:40:46','2024-07-04 04:40:46'),
(64,64,'What is Current Version of Laravel?','multiple',50,'2024-07-04 04:40:46','2024-07-04 04:40:46'),
(65,65,'What is Current Version of Laravel?','multiple',50,'2024-07-04 04:40:46','2024-07-04 04:40:46'),
(66,66,'What is Current Version of Laravel?','multiple',50,'2024-07-04 04:40:47','2024-07-04 04:40:47'),
(67,67,'What is Current Version of Laravel?','multiple',50,'2024-07-04 04:40:47','2024-07-04 04:40:47'),
(68,68,'What is Current Version of Laravel?','multiple',50,'2024-07-04 04:40:47','2024-07-04 04:40:47'),
(69,69,'What is Current Version of Laravel?','multiple',50,'2024-07-04 04:40:47','2024-07-04 04:40:47'),
(70,70,'What is Current Version of Laravel?','multiple',50,'2024-07-04 04:40:47','2024-07-04 04:40:47'),
(71,71,'What is Current Version of Laravel?','multiple',50,'2024-07-04 04:40:47','2024-07-04 04:40:47'),
(72,72,'What is Current Version of Laravel?','multiple',50,'2024-07-04 04:40:47','2024-07-04 04:40:47'),
(73,73,'What is Current Version of Laravel?','multiple',50,'2024-07-04 04:40:47','2024-07-04 04:40:47'),
(74,74,'What is Current Version of Laravel?','multiple',50,'2024-07-04 04:40:47','2024-07-04 04:40:47'),
(75,75,'What is Current Version of Laravel?','multiple',50,'2024-07-04 04:40:47','2024-07-04 04:40:47'),
(76,76,'What is Current Version of Laravel?','multiple',50,'2024-07-04 04:40:47','2024-07-04 04:40:47'),
(77,77,'What is Current Version of Laravel?','multiple',50,'2024-07-04 04:40:47','2024-07-04 04:40:47'),
(78,78,'What is Current Version of Laravel?','multiple',50,'2024-07-04 04:40:47','2024-07-04 04:40:47'),
(79,79,'What is Current Version of Laravel?','multiple',50,'2024-07-04 04:40:47','2024-07-04 04:40:47'),
(80,80,'What is Current Version of Laravel?','multiple',50,'2024-07-04 04:40:47','2024-07-04 04:40:47'),
(81,81,'What is Current Version of Laravel?','multiple',50,'2024-07-04 04:40:47','2024-07-04 04:40:47'),
(82,82,'What is Current Version of Laravel?','multiple',50,'2024-07-04 04:40:47','2024-07-04 04:40:47'),
(83,83,'What is Current Version of Laravel?','multiple',50,'2024-07-04 04:40:47','2024-07-04 04:40:47'),
(84,84,'What is Current Version of Laravel?','multiple',50,'2024-07-04 04:40:47','2024-07-04 04:40:47'),
(85,85,'What is Current Version of Laravel?','multiple',50,'2024-07-04 04:40:47','2024-07-04 04:40:47'),
(86,86,'What is Current Version of Laravel?','multiple',50,'2024-07-04 04:40:47','2024-07-04 04:40:47'),
(87,87,'What is Current Version of Laravel?','multiple',50,'2024-07-04 04:40:47','2024-07-04 04:40:47'),
(88,88,'What is Current Version of Laravel?','multiple',50,'2024-07-04 04:40:47','2024-07-04 04:40:47'),
(89,89,'What is Current Version of Laravel?','multiple',50,'2024-07-04 04:40:47','2024-07-04 04:40:47'),
(90,90,'What is Current Version of Laravel?','multiple',50,'2024-07-04 04:40:48','2024-07-04 04:40:48'),
(91,91,'What is Current Version of Laravel?','multiple',50,'2024-07-04 04:40:48','2024-07-04 04:40:48'),
(92,92,'What is Current Version of Laravel?','multiple',50,'2024-07-04 04:40:48','2024-07-04 04:40:48'),
(93,93,'What is Current Version of Laravel?','multiple',50,'2024-07-04 04:40:48','2024-07-04 04:40:48'),
(94,94,'What is Current Version of Laravel?','multiple',50,'2024-07-04 04:40:48','2024-07-04 04:40:48'),
(95,95,'What is Current Version of Laravel?','multiple',50,'2024-07-04 04:40:48','2024-07-04 04:40:48'),
(96,96,'What is Current Version of Laravel?','multiple',50,'2024-07-04 04:40:48','2024-07-04 04:40:48'),
(97,97,'What is Current Version of Laravel?','multiple',50,'2024-07-04 04:40:48','2024-07-04 04:40:48'),
(98,98,'What is Current Version of Laravel?','multiple',50,'2024-07-04 04:40:48','2024-07-04 04:40:48'),
(99,99,'What is Current Version of Laravel?','multiple',50,'2024-07-04 04:40:48','2024-07-04 04:40:48'),
(100,100,'What is Current Version of Laravel?','multiple',50,'2024-07-04 04:40:48','2024-07-04 04:40:48'),
(101,101,'What is Current Version of Laravel?','multiple',50,'2024-07-04 04:40:48','2024-07-04 04:40:48'),
(102,102,'What is Current Version of Laravel?','multiple',50,'2024-07-04 04:40:48','2024-07-04 04:40:48'),
(103,103,'What is Current Version of Laravel?','multiple',50,'2024-07-04 04:40:48','2024-07-04 04:40:48'),
(104,104,'What is Current Version of Laravel?','multiple',50,'2024-07-04 04:40:48','2024-07-04 04:40:48'),
(105,105,'What is Current Version of Laravel?','multiple',50,'2024-07-04 04:40:48','2024-07-04 04:40:48'),
(106,106,'What is Current Version of Laravel?','multiple',50,'2024-07-04 04:40:48','2024-07-04 04:40:48'),
(107,107,'What is Current Version of Laravel?','multiple',50,'2024-07-04 04:40:48','2024-07-04 04:40:48'),
(108,108,'What is Current Version of Laravel?','multiple',50,'2024-07-04 04:40:48','2024-07-04 04:40:48'),
(109,109,'What is Current Version of Laravel?','multiple',50,'2024-07-04 04:40:48','2024-07-04 04:40:48'),
(110,110,'What is Current Version of Laravel?','multiple',50,'2024-07-04 04:40:48','2024-07-04 04:40:48'),
(111,111,'What is Current Version of Laravel?','multiple',50,'2024-07-04 04:40:48','2024-07-04 04:40:48'),
(112,112,'What is Current Version of Laravel?','multiple',50,'2024-07-04 04:40:48','2024-07-04 04:40:48'),
(113,113,'What is Current Version of Laravel?','multiple',50,'2024-07-04 04:40:48','2024-07-04 04:40:48'),
(114,114,'What is Current Version of Laravel?','multiple',50,'2024-07-04 04:40:48','2024-07-04 04:40:48'),
(115,115,'What is Current Version of Laravel?','multiple',50,'2024-07-04 04:40:49','2024-07-04 04:40:49'),
(116,116,'What is Current Version of Laravel?','multiple',50,'2024-07-04 04:40:49','2024-07-04 04:40:49'),
(117,117,'What is Current Version of Laravel?','multiple',50,'2024-07-04 04:40:49','2024-07-04 04:40:49'),
(118,118,'What is Current Version of Laravel?','multiple',50,'2024-07-04 04:40:49','2024-07-04 04:40:49'),
(119,119,'What is Current Version of Laravel?','multiple',50,'2024-07-04 04:40:49','2024-07-04 04:40:49'),
(120,120,'What is Current Version of Laravel?','multiple',50,'2024-07-04 04:40:49','2024-07-04 04:40:49'),
(121,121,'What is Current Version of Laravel?','multiple',50,'2024-07-04 04:40:49','2024-07-04 04:40:49'),
(122,122,'What is Current Version of Laravel?','multiple',50,'2024-07-04 04:40:49','2024-07-04 04:40:49'),
(123,123,'What is Current Version of Laravel?','multiple',50,'2024-07-04 04:40:49','2024-07-04 04:40:49'),
(124,124,'What is Current Version of Laravel?','multiple',50,'2024-07-04 04:40:49','2024-07-04 04:40:49'),
(125,125,'What is Current Version of Laravel?','multiple',50,'2024-07-04 04:40:49','2024-07-04 04:40:49'),
(126,126,'What is Current Version of Laravel?','multiple',50,'2024-07-04 04:40:49','2024-07-04 04:40:49'),
(127,127,'What is Current Version of Laravel?','multiple',50,'2024-07-04 04:40:49','2024-07-04 04:40:49'),
(128,128,'What is Current Version of Laravel?','multiple',50,'2024-07-04 04:40:49','2024-07-04 04:40:49'),
(129,129,'What is Current Version of Laravel?','multiple',50,'2024-07-04 04:40:49','2024-07-04 04:40:49'),
(130,130,'What is Current Version of Laravel?','multiple',50,'2024-07-04 04:40:49','2024-07-04 04:40:49'),
(131,131,'What is Current Version of Laravel?','multiple',50,'2024-07-04 04:40:49','2024-07-04 04:40:49'),
(132,132,'What is Current Version of Laravel?','multiple',50,'2024-07-04 04:40:49','2024-07-04 04:40:49'),
(133,133,'What is Current Version of Laravel?','multiple',50,'2024-07-04 04:40:49','2024-07-04 04:40:49'),
(134,134,'What is Current Version of Laravel?','multiple',50,'2024-07-04 04:40:49','2024-07-04 04:40:49'),
(135,135,'What is Current Version of Laravel?','multiple',50,'2024-07-04 04:40:49','2024-07-04 04:40:49'),
(136,136,'What is Current Version of Laravel?','multiple',50,'2024-07-04 04:40:49','2024-07-04 04:40:49'),
(137,137,'What is Current Version of Laravel?','multiple',50,'2024-07-04 04:40:49','2024-07-04 04:40:49'),
(138,138,'What is Current Version of Laravel?','multiple',50,'2024-07-04 04:40:49','2024-07-04 04:40:49'),
(139,139,'What is Current Version of Laravel?','multiple',50,'2024-07-04 04:40:49','2024-07-04 04:40:49'),
(140,140,'What is Current Version of Laravel?','multiple',50,'2024-07-04 04:40:50','2024-07-04 04:40:50'),
(141,141,'What is Current Version of Laravel?','multiple',50,'2024-07-04 04:40:50','2024-07-04 04:40:50'),
(142,142,'What is Current Version of Laravel?','multiple',50,'2024-07-04 04:40:50','2024-07-04 04:40:50'),
(143,143,'What is Current Version of Laravel?','multiple',50,'2024-07-04 04:40:50','2024-07-04 04:40:50'),
(144,144,'What is Current Version of Laravel?','multiple',50,'2024-07-04 04:40:50','2024-07-04 04:40:50'),
(145,145,'What is Current Version of Laravel?','multiple',50,'2024-07-04 04:40:50','2024-07-04 04:40:50'),
(146,146,'What is Current Version of Laravel?','multiple',50,'2024-07-04 04:40:50','2024-07-04 04:40:50'),
(147,147,'What is Current Version of Laravel?','multiple',50,'2024-07-04 04:40:50','2024-07-04 04:40:50'),
(148,148,'What is Current Version of Laravel?','multiple',50,'2024-07-04 04:40:50','2024-07-04 04:40:50'),
(149,149,'What is Current Version of Laravel?','multiple',50,'2024-07-04 04:40:50','2024-07-04 04:40:50'),
(150,150,'What is Current Version of Laravel?','multiple',50,'2024-07-04 04:40:50','2024-07-04 04:40:50'),
(151,151,'What is Current Version of Laravel?','multiple',50,'2024-07-04 04:40:50','2024-07-04 04:40:50'),
(152,152,'What is Current Version of Laravel?','multiple',50,'2024-07-04 04:40:50','2024-07-04 04:40:50'),
(153,153,'What is Current Version of Laravel?','multiple',50,'2024-07-04 04:40:50','2024-07-04 04:40:50'),
(154,154,'What is Current Version of Laravel?','multiple',50,'2024-07-04 04:40:50','2024-07-04 04:40:50'),
(155,155,'What is Current Version of Laravel?','multiple',50,'2024-07-04 04:40:50','2024-07-04 04:40:50'),
(156,156,'What is Current Version of Laravel?','multiple',50,'2024-07-04 04:40:50','2024-07-04 04:40:50'),
(157,157,'What is Current Version of Laravel?','multiple',50,'2024-07-04 04:40:50','2024-07-04 04:40:50'),
(158,158,'What is Current Version of Laravel?','multiple',50,'2024-07-04 04:40:50','2024-07-04 04:40:50'),
(159,159,'What is Current Version of Laravel?','multiple',50,'2024-07-04 04:40:50','2024-07-04 04:40:50'),
(160,160,'What is Current Version of Laravel?','multiple',50,'2024-07-04 04:40:50','2024-07-04 04:40:50'),
(161,161,'What is Current Version of Laravel?','multiple',50,'2024-07-04 04:40:50','2024-07-04 04:40:50'),
(162,162,'What is Current Version of Laravel?','multiple',50,'2024-07-04 04:40:50','2024-07-04 04:40:50'),
(163,163,'What is Current Version of Laravel?','multiple',50,'2024-07-04 04:40:50','2024-07-04 04:40:50'),
(164,164,'What is Current Version of Laravel?','multiple',50,'2024-07-04 04:40:51','2024-07-04 04:40:51'),
(165,165,'What is Current Version of Laravel?','multiple',50,'2024-07-04 04:40:51','2024-07-04 04:40:51'),
(166,166,'What is Current Version of Laravel?','multiple',50,'2024-07-04 04:40:51','2024-07-04 04:40:51'),
(167,167,'What is Current Version of Laravel?','multiple',50,'2024-07-04 04:40:51','2024-07-04 04:40:51'),
(168,168,'What is Current Version of Laravel?','multiple',50,'2024-07-04 04:40:51','2024-07-04 04:40:51'),
(169,169,'What is Current Version of Laravel?','multiple',50,'2024-07-04 04:40:51','2024-07-04 04:40:51'),
(170,170,'What is Current Version of Laravel?','multiple',50,'2024-07-04 04:40:51','2024-07-04 04:40:51'),
(171,171,'What is Current Version of Laravel?','multiple',50,'2024-07-04 04:40:51','2024-07-04 04:40:51'),
(172,172,'What is Current Version of Laravel?','multiple',50,'2024-07-04 04:40:51','2024-07-04 04:40:51'),
(173,173,'What is Current Version of Laravel?','multiple',50,'2024-07-04 04:40:51','2024-07-04 04:40:51'),
(174,174,'What is Current Version of Laravel?','multiple',50,'2024-07-04 04:40:51','2024-07-04 04:40:51'),
(175,175,'What is Current Version of Laravel?','multiple',50,'2024-07-04 04:40:51','2024-07-04 04:40:51'),
(176,176,'What is Current Version of Laravel?','multiple',50,'2024-07-04 04:40:51','2024-07-04 04:40:51'),
(177,177,'What is Current Version of Laravel?','multiple',50,'2024-07-04 04:40:51','2024-07-04 04:40:51'),
(178,178,'What is Current Version of Laravel?','multiple',50,'2024-07-04 04:40:51','2024-07-04 04:40:51'),
(179,179,'What is Current Version of Laravel?','multiple',50,'2024-07-04 04:40:51','2024-07-04 04:40:51'),
(180,180,'What is Current Version of Laravel?','multiple',50,'2024-07-04 04:40:51','2024-07-04 04:40:51'),
(181,181,'What is Current Version of Laravel?','multiple',50,'2024-07-04 04:40:51','2024-07-04 04:40:51'),
(182,182,'What is Current Version of Laravel?','multiple',50,'2024-07-04 04:40:51','2024-07-04 04:40:51'),
(183,183,'What is Current Version of Laravel?','multiple',50,'2024-07-04 04:40:51','2024-07-04 04:40:51'),
(184,184,'What is Current Version of Laravel?','multiple',50,'2024-07-04 04:40:51','2024-07-04 04:40:51'),
(185,185,'What is Current Version of Laravel?','multiple',50,'2024-07-04 04:40:51','2024-07-04 04:40:51'),
(186,186,'What is Current Version of Laravel?','multiple',50,'2024-07-04 04:40:51','2024-07-04 04:40:51'),
(187,187,'What is Current Version of Laravel?','multiple',50,'2024-07-04 04:40:51','2024-07-04 04:40:51'),
(188,188,'What is Current Version of Laravel?','multiple',50,'2024-07-04 04:40:52','2024-07-04 04:40:52'),
(189,189,'What is Current Version of Laravel?','multiple',50,'2024-07-04 04:40:52','2024-07-04 04:40:52'),
(190,190,'What is Current Version of Laravel?','multiple',50,'2024-07-04 04:40:52','2024-07-04 04:40:52'),
(191,191,'What is Current Version of Laravel?','multiple',50,'2024-07-04 04:40:52','2024-07-04 04:40:52'),
(192,192,'What is Current Version of Laravel?','multiple',50,'2024-07-04 04:40:52','2024-07-04 04:40:52'),
(193,193,'What is Current Version of Laravel?','multiple',50,'2024-07-04 04:40:52','2024-07-04 04:40:52'),
(194,194,'What is Current Version of Laravel?','multiple',50,'2024-07-04 04:40:52','2024-07-04 04:40:52'),
(195,195,'What is Current Version of Laravel?','multiple',50,'2024-07-04 04:40:52','2024-07-04 04:40:52'),
(196,196,'What is Current Version of Laravel?','multiple',50,'2024-07-04 04:40:52','2024-07-04 04:40:52'),
(197,197,'What is Current Version of Laravel?','multiple',50,'2024-07-04 04:40:52','2024-07-04 04:40:52'),
(198,198,'What is Current Version of Laravel?','multiple',50,'2024-07-04 04:40:52','2024-07-04 04:40:52'),
(199,199,'What is Current Version of Laravel?','multiple',50,'2024-07-04 04:40:52','2024-07-04 04:40:52'),
(200,200,'What is Current Version of Laravel?','multiple',50,'2024-07-04 04:40:52','2024-07-04 04:40:52'),
(201,201,'What is Current Version of Laravel?','multiple',50,'2024-07-04 04:40:52','2024-07-04 04:40:52'),
(202,202,'What is Current Version of Laravel?','multiple',50,'2024-07-04 04:40:52','2024-07-04 04:40:52'),
(203,203,'What is Current Version of Laravel?','multiple',50,'2024-07-04 04:40:52','2024-07-04 04:40:52'),
(204,204,'What is Current Version of Laravel?','multiple',50,'2024-07-04 04:40:52','2024-07-04 04:40:52'),
(205,205,'What is Current Version of Laravel?','multiple',50,'2024-07-04 04:40:52','2024-07-04 04:40:52'),
(206,206,'What is Current Version of Laravel?','multiple',50,'2024-07-04 04:40:52','2024-07-04 04:40:52'),
(207,207,'What is Current Version of Laravel?','multiple',50,'2024-07-04 04:40:52','2024-07-04 04:40:52'),
(208,208,'What is Current Version of Laravel?','multiple',50,'2024-07-04 04:40:52','2024-07-04 04:40:52'),
(209,209,'What is Current Version of Laravel?','multiple',50,'2024-07-04 04:40:52','2024-07-04 04:40:52'),
(210,210,'What is Current Version of Laravel?','multiple',50,'2024-07-04 04:40:52','2024-07-04 04:40:52'),
(211,211,'What is Current Version of Laravel?','multiple',50,'2024-07-04 04:40:52','2024-07-04 04:40:52'),
(212,212,'What is Current Version of Laravel?','multiple',50,'2024-07-04 04:40:53','2024-07-04 04:40:53'),
(213,213,'What is Current Version of Laravel?','multiple',50,'2024-07-04 04:40:53','2024-07-04 04:40:53'),
(214,214,'What is Current Version of Laravel?','multiple',50,'2024-07-04 04:40:53','2024-07-04 04:40:53'),
(215,215,'What is Current Version of Laravel?','multiple',50,'2024-07-04 04:40:53','2024-07-04 04:40:53'),
(216,216,'What is Current Version of Laravel?','multiple',50,'2024-07-04 04:40:53','2024-07-04 04:40:53'),
(217,217,'What is Current Version of Laravel?','multiple',50,'2024-07-04 04:40:53','2024-07-04 04:40:53'),
(218,218,'What is Current Version of Laravel?','multiple',50,'2024-07-04 04:40:53','2024-07-04 04:40:53'),
(219,219,'What is Current Version of Laravel?','multiple',50,'2024-07-04 04:40:53','2024-07-04 04:40:53'),
(220,220,'What is Current Version of Laravel?','multiple',50,'2024-07-04 04:40:53','2024-07-04 04:40:53'),
(221,221,'What is Current Version of Laravel?','multiple',50,'2024-07-04 04:40:53','2024-07-04 04:40:53'),
(222,222,'What is Current Version of Laravel?','multiple',50,'2024-07-04 04:40:53','2024-07-04 04:40:53'),
(223,223,'What is Current Version of Laravel?','multiple',50,'2024-07-04 04:40:53','2024-07-04 04:40:53'),
(224,224,'What is Current Version of Laravel?','multiple',50,'2024-07-04 04:40:53','2024-07-04 04:40:53'),
(225,225,'What is Current Version of Laravel?','multiple',50,'2024-07-04 04:40:53','2024-07-04 04:40:53'),
(226,226,'What is Current Version of Laravel?','multiple',50,'2024-07-04 04:40:53','2024-07-04 04:40:53'),
(227,227,'What is Current Version of Laravel?','multiple',50,'2024-07-04 04:40:53','2024-07-04 04:40:53'),
(228,228,'What is Current Version of Laravel?','multiple',50,'2024-07-04 04:40:53','2024-07-04 04:40:53'),
(229,229,'What is Current Version of Laravel?','multiple',50,'2024-07-04 04:40:53','2024-07-04 04:40:53'),
(230,230,'What is Current Version of Laravel?','multiple',50,'2024-07-04 04:40:53','2024-07-04 04:40:53'),
(231,231,'What is Current Version of Laravel?','multiple',50,'2024-07-04 04:40:53','2024-07-04 04:40:53'),
(232,232,'What is Current Version of Laravel?','multiple',50,'2024-07-04 04:40:53','2024-07-04 04:40:53'),
(233,233,'What is Current Version of Laravel?','multiple',50,'2024-07-04 04:40:53','2024-07-04 04:40:53'),
(234,234,'What is Current Version of Laravel?','multiple',50,'2024-07-04 04:40:53','2024-07-04 04:40:53'),
(235,235,'What is Current Version of Laravel?','multiple',50,'2024-07-04 04:40:53','2024-07-04 04:40:53'),
(236,236,'What is Current Version of Laravel?','multiple',50,'2024-07-04 04:40:53','2024-07-04 04:40:53'),
(237,237,'What is Current Version of Laravel?','multiple',50,'2024-07-04 04:40:54','2024-07-04 04:40:54'),
(238,238,'What is Current Version of Laravel?','multiple',50,'2024-07-04 04:40:54','2024-07-04 04:40:54'),
(239,239,'What is Current Version of Laravel?','multiple',50,'2024-07-04 04:40:54','2024-07-04 04:40:54'),
(240,240,'What is Current Version of Laravel?','multiple',50,'2024-07-04 04:40:54','2024-07-04 04:40:54'),
(241,241,'What is Current Version of Laravel?','multiple',50,'2024-07-04 04:40:54','2024-07-04 04:40:54'),
(242,242,'What is Current Version of Laravel?','multiple',50,'2024-07-04 04:40:54','2024-07-04 04:40:54'),
(243,243,'What is Current Version of Laravel?','multiple',50,'2024-07-04 04:40:54','2024-07-04 04:40:54'),
(244,244,'What is Current Version of Laravel?','multiple',50,'2024-07-04 04:40:54','2024-07-04 04:40:54'),
(245,245,'What is Current Version of Laravel?','multiple',50,'2024-07-04 04:40:54','2024-07-04 04:40:54'),
(246,246,'What is Current Version of Laravel?','multiple',50,'2024-07-04 04:40:54','2024-07-04 04:40:54'),
(247,247,'What is Current Version of Laravel?','multiple',50,'2024-07-04 04:40:54','2024-07-04 04:40:54'),
(248,248,'What is Current Version of Laravel?','multiple',50,'2024-07-04 04:40:54','2024-07-04 04:40:54'),
(249,249,'What is Current Version of Laravel?','multiple',50,'2024-07-04 04:40:54','2024-07-04 04:40:54'),
(250,250,'What is Current Version of Laravel?','multiple',50,'2024-07-04 04:40:54','2024-07-04 04:40:54'),
(251,251,'What is Current Version of Laravel?','multiple',50,'2024-07-04 04:40:54','2024-07-04 04:40:54'),
(252,252,'What is Current Version of Laravel?','multiple',50,'2024-07-04 04:40:54','2024-07-04 04:40:54'),
(253,253,'What is Current Version of Laravel?','multiple',50,'2024-07-04 04:40:54','2024-07-04 04:40:54'),
(254,254,'What is Current Version of Laravel?','multiple',50,'2024-07-04 04:40:54','2024-07-04 04:40:54'),
(255,255,'What is Current Version of Laravel?','multiple',50,'2024-07-04 04:40:54','2024-07-04 04:40:54'),
(256,256,'What is Current Version of Laravel?','multiple',50,'2024-07-04 04:40:54','2024-07-04 04:40:54'),
(257,257,'What is Current Version of Laravel?','multiple',50,'2024-07-04 04:40:54','2024-07-04 04:40:54'),
(258,258,'What is Current Version of Laravel?','multiple',50,'2024-07-04 04:40:54','2024-07-04 04:40:54'),
(259,259,'What is Current Version of Laravel?','multiple',50,'2024-07-04 04:40:54','2024-07-04 04:40:54'),
(260,260,'What is Current Version of Laravel?','multiple',50,'2024-07-04 04:40:55','2024-07-04 04:40:55'),
(261,261,'What is Current Version of Laravel?','multiple',50,'2024-07-04 04:40:55','2024-07-04 04:40:55'),
(262,262,'What is Current Version of Laravel?','multiple',50,'2024-07-04 04:40:55','2024-07-04 04:40:55'),
(263,263,'What is Current Version of Laravel?','multiple',50,'2024-07-04 04:40:55','2024-07-04 04:40:55'),
(264,264,'What is Current Version of Laravel?','multiple',50,'2024-07-04 04:40:55','2024-07-04 04:40:55'),
(265,265,'What is Current Version of Laravel?','multiple',50,'2024-07-04 04:40:55','2024-07-04 04:40:55'),
(266,266,'What is Current Version of Laravel?','multiple',50,'2024-07-04 04:40:55','2024-07-04 04:40:55'),
(267,267,'What is Current Version of Laravel?','multiple',50,'2024-07-04 04:40:55','2024-07-04 04:40:55'),
(268,268,'What is Current Version of Laravel?','multiple',50,'2024-07-04 04:40:55','2024-07-04 04:40:55'),
(269,269,'What is Current Version of Laravel?','multiple',50,'2024-07-04 04:40:55','2024-07-04 04:40:55'),
(270,270,'What is Current Version of Laravel?','multiple',50,'2024-07-04 04:40:55','2024-07-04 04:40:55'),
(271,271,'What is Current Version of Laravel?','multiple',50,'2024-07-04 04:40:55','2024-07-04 04:40:55'),
(272,272,'What is Current Version of Laravel?','multiple',50,'2024-07-04 04:40:55','2024-07-04 04:40:55'),
(273,273,'What is Current Version of Laravel?','multiple',50,'2024-07-04 04:40:55','2024-07-04 04:40:55'),
(274,274,'What is Current Version of Laravel?','multiple',50,'2024-07-04 04:40:55','2024-07-04 04:40:55'),
(275,275,'What is Current Version of Laravel?','multiple',50,'2024-07-04 04:40:55','2024-07-04 04:40:55'),
(276,276,'What is Current Version of Laravel?','multiple',50,'2024-07-04 04:40:55','2024-07-04 04:40:55'),
(277,277,'What is Current Version of Laravel?','multiple',50,'2024-07-04 04:40:55','2024-07-04 04:40:55'),
(278,278,'What is Current Version of Laravel?','multiple',50,'2024-07-04 04:40:55','2024-07-04 04:40:55'),
(279,279,'What is Current Version of Laravel?','multiple',50,'2024-07-04 04:40:55','2024-07-04 04:40:55'),
(280,280,'What is Current Version of Laravel?','multiple',50,'2024-07-04 04:40:55','2024-07-04 04:40:55'),
(281,281,'What is Current Version of Laravel?','multiple',50,'2024-07-04 04:40:55','2024-07-04 04:40:55'),
(282,282,'What is Current Version of Laravel?','multiple',50,'2024-07-04 04:40:55','2024-07-04 04:40:55'),
(283,283,'What is Current Version of Laravel?','multiple',50,'2024-07-04 04:40:55','2024-07-04 04:40:55'),
(284,284,'What is Current Version of Laravel?','multiple',50,'2024-07-04 04:40:55','2024-07-04 04:40:55'),
(285,285,'What is Current Version of Laravel?','multiple',50,'2024-07-04 04:40:56','2024-07-04 04:40:56'),
(286,286,'What is Current Version of Laravel?','multiple',50,'2024-07-04 04:40:56','2024-07-04 04:40:56'),
(287,287,'What is Current Version of Laravel?','multiple',50,'2024-07-04 04:40:56','2024-07-04 04:40:56'),
(288,288,'What is Current Version of Laravel?','multiple',50,'2024-07-04 04:40:56','2024-07-04 04:40:56'),
(289,289,'What is Current Version of Laravel?','multiple',50,'2024-07-04 04:40:56','2024-07-04 04:40:56'),
(290,290,'What is Current Version of Laravel?','multiple',50,'2024-07-04 04:40:56','2024-07-04 04:40:56'),
(291,291,'What is Current Version of Laravel?','multiple',50,'2024-07-04 04:40:56','2024-07-04 04:40:56'),
(292,292,'What is Current Version of Laravel?','multiple',50,'2024-07-04 04:40:56','2024-07-04 04:40:56'),
(293,293,'What is Current Version of Laravel?','multiple',50,'2024-07-04 04:40:56','2024-07-04 04:40:56'),
(294,294,'What is Current Version of Laravel?','multiple',50,'2024-07-04 04:40:56','2024-07-04 04:40:56'),
(295,295,'What is Current Version of Laravel?','multiple',50,'2024-07-04 04:40:56','2024-07-04 04:40:56'),
(296,296,'What is Current Version of Laravel?','multiple',50,'2024-07-04 04:40:56','2024-07-04 04:40:56'),
(297,297,'What is Current Version of Laravel?','multiple',50,'2024-07-04 04:40:56','2024-07-04 04:40:56'),
(298,298,'What is Current Version of Laravel?','multiple',50,'2024-07-04 04:40:56','2024-07-04 04:40:56'),
(299,299,'What is Current Version of Laravel?','multiple',50,'2024-07-04 04:40:56','2024-07-04 04:40:56'),
(300,300,'What is Current Version of Laravel?','multiple',50,'2024-07-04 04:40:56','2024-07-04 04:40:56'),
(301,301,'What is Current Version of Laravel?','multiple',50,'2024-07-04 04:40:56','2024-07-04 04:40:56'),
(302,302,'What is Current Version of Laravel?','multiple',50,'2024-07-04 04:40:56','2024-07-04 04:40:56'),
(303,303,'What is Current Version of Laravel?','multiple',50,'2024-07-04 04:40:56','2024-07-04 04:40:56'),
(304,304,'What is Current Version of Laravel?','multiple',50,'2024-07-04 04:40:56','2024-07-04 04:40:56'),
(305,305,'What is Current Version of Laravel?','multiple',50,'2024-07-04 04:40:56','2024-07-04 04:40:56'),
(306,306,'What is Current Version of Laravel?','multiple',50,'2024-07-04 04:40:56','2024-07-04 04:40:56'),
(307,307,'What is Current Version of Laravel?','multiple',50,'2024-07-04 04:40:56','2024-07-04 04:40:56'),
(308,308,'What is Current Version of Laravel?','multiple',50,'2024-07-04 04:40:56','2024-07-04 04:40:56'),
(309,309,'What is Current Version of Laravel?','multiple',50,'2024-07-04 04:40:57','2024-07-04 04:40:57'),
(310,310,'What is Current Version of Laravel?','multiple',50,'2024-07-04 04:40:57','2024-07-04 04:40:57'),
(311,311,'What is Current Version of Laravel?','multiple',50,'2024-07-04 04:40:57','2024-07-04 04:40:57'),
(312,312,'What is Current Version of Laravel?','multiple',50,'2024-07-04 04:40:57','2024-07-04 04:40:57'),
(313,313,'What is Current Version of Laravel?','multiple',50,'2024-07-04 04:40:57','2024-07-04 04:40:57'),
(314,314,'What is Current Version of Laravel?','multiple',50,'2024-07-04 04:40:57','2024-07-04 04:40:57'),
(315,315,'What is Current Version of Laravel?','multiple',50,'2024-07-04 04:40:57','2024-07-04 04:40:57'),
(316,316,'What is Current Version of Laravel?','multiple',50,'2024-07-04 04:40:57','2024-07-04 04:40:57'),
(317,317,'What is Current Version of Laravel?','multiple',50,'2024-07-04 04:40:57','2024-07-04 04:40:57'),
(318,318,'What is Current Version of Laravel?','multiple',50,'2024-07-04 04:40:57','2024-07-04 04:40:57'),
(319,319,'What is Current Version of Laravel?','multiple',50,'2024-07-04 04:40:57','2024-07-04 04:40:57'),
(320,320,'What is Current Version of Laravel?','multiple',50,'2024-07-04 04:40:57','2024-07-04 04:40:57'),
(321,321,'What is Current Version of Laravel?','multiple',50,'2024-07-04 04:40:57','2024-07-04 04:40:57'),
(322,322,'What is Current Version of Laravel?','multiple',50,'2024-07-04 04:40:57','2024-07-04 04:40:57'),
(323,323,'What is Current Version of Laravel?','multiple',50,'2024-07-04 04:40:57','2024-07-04 04:40:57'),
(324,324,'What is Current Version of Laravel?','multiple',50,'2024-07-04 04:40:57','2024-07-04 04:40:57'),
(325,325,'What is Current Version of Laravel?','multiple',50,'2024-07-04 04:40:57','2024-07-04 04:40:57'),
(326,326,'What is Current Version of Laravel?','multiple',50,'2024-07-04 04:40:57','2024-07-04 04:40:57'),
(327,327,'What is Current Version of Laravel?','multiple',50,'2024-07-04 04:40:57','2024-07-04 04:40:57'),
(328,328,'What is Current Version of Laravel?','multiple',50,'2024-07-04 04:40:57','2024-07-04 04:40:57'),
(329,329,'What is Current Version of Laravel?','multiple',50,'2024-07-04 04:40:57','2024-07-04 04:40:57'),
(330,330,'What is Current Version of Laravel?','multiple',50,'2024-07-04 04:40:57','2024-07-04 04:40:57'),
(331,331,'What is Current Version of Laravel?','multiple',50,'2024-07-04 04:40:57','2024-07-04 04:40:57'),
(332,332,'What is Current Version of Laravel?','multiple',50,'2024-07-04 04:40:57','2024-07-04 04:40:57'),
(333,333,'What is Current Version of Laravel?','multiple',50,'2024-07-04 04:40:57','2024-07-04 04:40:57'),
(334,334,'What is Current Version of Laravel?','multiple',50,'2024-07-04 04:40:57','2024-07-04 04:40:57'),
(335,335,'What is Current Version of Laravel?','multiple',50,'2024-07-04 04:40:58','2024-07-04 04:40:58'),
(336,336,'What is Current Version of Laravel?','multiple',50,'2024-07-04 04:40:58','2024-07-04 04:40:58'),
(337,337,'What is Current Version of Laravel?','multiple',50,'2024-07-04 04:40:58','2024-07-04 04:40:58'),
(338,338,'What is Current Version of Laravel?','multiple',50,'2024-07-04 04:40:58','2024-07-04 04:40:58'),
(339,339,'What is Current Version of Laravel?','multiple',50,'2024-07-04 04:40:58','2024-07-04 04:40:58'),
(340,340,'What is Current Version of Laravel?','multiple',50,'2024-07-04 04:40:58','2024-07-04 04:40:58'),
(341,341,'What is Current Version of Laravel?','multiple',50,'2024-07-04 04:40:58','2024-07-04 04:40:58'),
(342,342,'What is Current Version of Laravel?','multiple',50,'2024-07-04 04:40:58','2024-07-04 04:40:58'),
(343,343,'What is Current Version of Laravel?','multiple',50,'2024-07-04 04:40:58','2024-07-04 04:40:58'),
(344,344,'What is Current Version of Laravel?','multiple',50,'2024-07-04 04:40:58','2024-07-04 04:40:58'),
(345,345,'What is Current Version of Laravel?','multiple',50,'2024-07-04 04:40:58','2024-07-04 04:40:58'),
(346,346,'What is Current Version of Laravel?','multiple',50,'2024-07-04 04:40:58','2024-07-04 04:40:58'),
(347,347,'What is Current Version of Laravel?','multiple',50,'2024-07-04 04:40:58','2024-07-04 04:40:58'),
(348,348,'What is Current Version of Laravel?','multiple',50,'2024-07-04 04:40:58','2024-07-04 04:40:58'),
(349,349,'What is Current Version of Laravel?','multiple',50,'2024-07-04 04:40:58','2024-07-04 04:40:58'),
(350,350,'What is Current Version of Laravel?','multiple',50,'2024-07-04 04:40:58','2024-07-04 04:40:58'),
(351,351,'What is Current Version of Laravel?','multiple',50,'2024-07-04 04:40:58','2024-07-04 04:40:58'),
(352,352,'What is Current Version of Laravel?','multiple',50,'2024-07-04 04:40:58','2024-07-04 04:40:58'),
(353,353,'What is Current Version of Laravel?','multiple',50,'2024-07-04 04:40:58','2024-07-04 04:40:58'),
(354,354,'What is Current Version of Laravel?','multiple',50,'2024-07-04 04:40:58','2024-07-04 04:40:58'),
(355,355,'What is Current Version of Laravel?','multiple',50,'2024-07-04 04:40:58','2024-07-04 04:40:58'),
(356,356,'What is Current Version of Laravel?','multiple',50,'2024-07-04 04:40:58','2024-07-04 04:40:58'),
(357,357,'What is Current Version of Laravel?','multiple',50,'2024-07-04 04:40:58','2024-07-04 04:40:58'),
(358,358,'What is Current Version of Laravel?','multiple',50,'2024-07-04 04:40:58','2024-07-04 04:40:58'),
(359,359,'What is Current Version of Laravel?','multiple',50,'2024-07-04 04:40:59','2024-07-04 04:40:59'),
(360,360,'What is Current Version of Laravel?','multiple',50,'2024-07-04 04:40:59','2024-07-04 04:40:59'),
(361,361,'What is Current Version of Laravel?','multiple',50,'2024-07-04 04:40:59','2024-07-04 04:40:59'),
(362,362,'What is Current Version of Laravel?','multiple',50,'2024-07-04 04:40:59','2024-07-04 04:40:59'),
(363,363,'What is Current Version of Laravel?','multiple',50,'2024-07-04 04:40:59','2024-07-04 04:40:59'),
(364,364,'What is Current Version of Laravel?','multiple',50,'2024-07-04 04:40:59','2024-07-04 04:40:59'),
(365,365,'What is Current Version of Laravel?','multiple',50,'2024-07-04 04:40:59','2024-07-04 04:40:59'),
(366,366,'What is Current Version of Laravel?','multiple',50,'2024-07-04 04:40:59','2024-07-04 04:40:59'),
(367,367,'What is Current Version of Laravel?','multiple',50,'2024-07-04 04:40:59','2024-07-04 04:40:59'),
(368,368,'What is Current Version of Laravel?','multiple',50,'2024-07-04 04:40:59','2024-07-04 04:40:59'),
(369,369,'What is Current Version of Laravel?','multiple',50,'2024-07-04 04:40:59','2024-07-04 04:40:59'),
(370,370,'What is Current Version of Laravel?','multiple',50,'2024-07-04 04:40:59','2024-07-04 04:40:59'),
(371,371,'What is Current Version of Laravel?','multiple',50,'2024-07-04 04:40:59','2024-07-04 04:40:59'),
(372,372,'What is Current Version of Laravel?','multiple',50,'2024-07-04 04:40:59','2024-07-04 04:40:59'),
(373,373,'What is Current Version of Laravel?','multiple',50,'2024-07-04 04:40:59','2024-07-04 04:40:59'),
(374,374,'What is Current Version of Laravel?','multiple',50,'2024-07-04 04:40:59','2024-07-04 04:40:59'),
(375,375,'What is Current Version of Laravel?','multiple',50,'2024-07-04 04:40:59','2024-07-04 04:40:59'),
(376,376,'What is Current Version of Laravel?','multiple',50,'2024-07-04 04:40:59','2024-07-04 04:40:59'),
(377,377,'What is Current Version of Laravel?','multiple',50,'2024-07-04 04:40:59','2024-07-04 04:40:59'),
(378,378,'What is Current Version of Laravel?','multiple',50,'2024-07-04 04:40:59','2024-07-04 04:40:59'),
(379,379,'What is Current Version of Laravel?','multiple',50,'2024-07-04 04:40:59','2024-07-04 04:40:59'),
(380,380,'What is Current Version of Laravel?','multiple',50,'2024-07-04 04:40:59','2024-07-04 04:40:59'),
(381,381,'What is Current Version of Laravel?','multiple',50,'2024-07-04 04:40:59','2024-07-04 04:40:59'),
(382,382,'What is Current Version of Laravel?','multiple',50,'2024-07-04 04:40:59','2024-07-04 04:40:59'),
(383,383,'What is Current Version of Laravel?','multiple',50,'2024-07-04 04:40:59','2024-07-04 04:40:59'),
(384,384,'What is Current Version of Laravel?','multiple',50,'2024-07-04 04:41:00','2024-07-04 04:41:00'),
(385,385,'What is Current Version of Laravel?','multiple',50,'2024-07-04 04:41:00','2024-07-04 04:41:00'),
(386,386,'What is Current Version of Laravel?','multiple',50,'2024-07-04 04:41:00','2024-07-04 04:41:00'),
(387,387,'What is Current Version of Laravel?','multiple',50,'2024-07-04 04:41:00','2024-07-04 04:41:00'),
(388,388,'What is Current Version of Laravel?','multiple',50,'2024-07-04 04:41:00','2024-07-04 04:41:00'),
(389,389,'What is Current Version of Laravel?','multiple',50,'2024-07-04 04:41:00','2024-07-04 04:41:00'),
(390,390,'What is Current Version of Laravel?','multiple',50,'2024-07-04 04:41:00','2024-07-04 04:41:00'),
(391,391,'What is Current Version of Laravel?','multiple',50,'2024-07-04 04:41:00','2024-07-04 04:41:00'),
(392,392,'What is Current Version of Laravel?','multiple',50,'2024-07-04 04:41:00','2024-07-04 04:41:00'),
(393,393,'What is Current Version of Laravel?','multiple',50,'2024-07-04 04:41:00','2024-07-04 04:41:00'),
(394,394,'What is Current Version of Laravel?','multiple',50,'2024-07-04 04:41:00','2024-07-04 04:41:00'),
(395,395,'What is Current Version of Laravel?','multiple',50,'2024-07-04 04:41:00','2024-07-04 04:41:00'),
(396,396,'What is Current Version of Laravel?','multiple',50,'2024-07-04 04:41:00','2024-07-04 04:41:00'),
(397,397,'What is Current Version of Laravel?','multiple',50,'2024-07-04 04:41:00','2024-07-04 04:41:00'),
(398,398,'What is Current Version of Laravel?','multiple',50,'2024-07-04 04:41:00','2024-07-04 04:41:00'),
(399,399,'What is Current Version of Laravel?','multiple',50,'2024-07-04 04:41:00','2024-07-04 04:41:00'),
(400,400,'What is Current Version of Laravel?','multiple',50,'2024-07-04 04:41:00','2024-07-04 04:41:00'),
(401,401,'What is Current Version of Laravel?','multiple',50,'2024-07-04 04:41:00','2024-07-04 04:41:00'),
(402,402,'What is Current Version of Laravel?','multiple',50,'2024-07-04 04:41:00','2024-07-04 04:41:00'),
(403,403,'What is Current Version of Laravel?','multiple',50,'2024-07-04 04:41:00','2024-07-04 04:41:00'),
(404,404,'What is Current Version of Laravel?','multiple',50,'2024-07-04 04:41:00','2024-07-04 04:41:00'),
(405,405,'What is Current Version of Laravel?','multiple',50,'2024-07-04 04:41:00','2024-07-04 04:41:00'),
(406,406,'What is Current Version of Laravel?','multiple',50,'2024-07-04 04:41:00','2024-07-04 04:41:00'),
(407,407,'What is Current Version of Laravel?','multiple',50,'2024-07-04 04:41:01','2024-07-04 04:41:01'),
(408,408,'What is Current Version of Laravel?','multiple',50,'2024-07-04 04:41:01','2024-07-04 04:41:01'),
(409,409,'What is Current Version of Laravel?','multiple',50,'2024-07-04 04:41:01','2024-07-04 04:41:01'),
(410,410,'What is Current Version of Laravel?','multiple',50,'2024-07-04 04:41:01','2024-07-04 04:41:01'),
(411,411,'What is Current Version of Laravel?','multiple',50,'2024-07-04 04:41:01','2024-07-04 04:41:01'),
(412,412,'What is Current Version of Laravel?','multiple',50,'2024-07-04 04:41:01','2024-07-04 04:41:01'),
(413,413,'What is Current Version of Laravel?','multiple',50,'2024-07-04 04:41:01','2024-07-04 04:41:01'),
(414,414,'What is Current Version of Laravel?','multiple',50,'2024-07-04 04:41:01','2024-07-04 04:41:01'),
(415,415,'What is Current Version of Laravel?','multiple',50,'2024-07-04 04:41:01','2024-07-04 04:41:01'),
(416,416,'What is Current Version of Laravel?','multiple',50,'2024-07-04 04:41:01','2024-07-04 04:41:01'),
(417,417,'What is Current Version of Laravel?','multiple',50,'2024-07-04 04:41:01','2024-07-04 04:41:01'),
(418,418,'What is Current Version of Laravel?','multiple',50,'2024-07-04 04:41:01','2024-07-04 04:41:01'),
(419,419,'What is Current Version of Laravel?','multiple',50,'2024-07-04 04:41:01','2024-07-04 04:41:01'),
(420,420,'What is Current Version of Laravel?','multiple',50,'2024-07-04 04:41:01','2024-07-04 04:41:01'),
(421,421,'What is Current Version of Laravel?','multiple',50,'2024-07-04 04:41:01','2024-07-04 04:41:01'),
(422,422,'What is Current Version of Laravel?','multiple',50,'2024-07-04 04:41:01','2024-07-04 04:41:01'),
(423,423,'What is Current Version of Laravel?','multiple',50,'2024-07-04 04:41:01','2024-07-04 04:41:01'),
(424,424,'What is Current Version of Laravel?','multiple',50,'2024-07-04 04:41:01','2024-07-04 04:41:01'),
(425,425,'What is Current Version of Laravel?','multiple',50,'2024-07-04 04:41:01','2024-07-04 04:41:01'),
(426,426,'What is Current Version of Laravel?','multiple',50,'2024-07-04 04:41:01','2024-07-04 04:41:01'),
(427,427,'What is Current Version of Laravel?','multiple',50,'2024-07-04 04:41:01','2024-07-04 04:41:01'),
(428,428,'What is Current Version of Laravel?','multiple',50,'2024-07-04 04:41:01','2024-07-04 04:41:01'),
(429,429,'What is Current Version of Laravel?','multiple',50,'2024-07-04 04:41:01','2024-07-04 04:41:01'),
(430,430,'What is Current Version of Laravel?','multiple',50,'2024-07-04 04:41:01','2024-07-04 04:41:01'),
(431,431,'What is Current Version of Laravel?','multiple',50,'2024-07-04 04:41:01','2024-07-04 04:41:01'),
(432,432,'What is Current Version of Laravel?','multiple',50,'2024-07-04 04:41:02','2024-07-04 04:41:02'),
(433,433,'What is Current Version of Laravel?','multiple',50,'2024-07-04 04:41:02','2024-07-04 04:41:02'),
(434,434,'What is Current Version of Laravel?','multiple',50,'2024-07-04 04:41:02','2024-07-04 04:41:02'),
(435,435,'What is Current Version of Laravel?','multiple',50,'2024-07-04 04:41:02','2024-07-04 04:41:02'),
(436,436,'What is Current Version of Laravel?','multiple',50,'2024-07-04 04:41:02','2024-07-04 04:41:02'),
(437,437,'What is Current Version of Laravel?','multiple',50,'2024-07-04 04:41:02','2024-07-04 04:41:02'),
(438,438,'What is Current Version of Laravel?','multiple',50,'2024-07-04 04:41:02','2024-07-04 04:41:02'),
(439,439,'What is Current Version of Laravel?','multiple',50,'2024-07-04 04:41:02','2024-07-04 04:41:02'),
(440,440,'What is Current Version of Laravel?','multiple',50,'2024-07-04 04:41:02','2024-07-04 04:41:02'),
(441,441,'What is Current Version of Laravel?','multiple',50,'2024-07-04 04:41:02','2024-07-04 04:41:02'),
(442,442,'What is Current Version of Laravel?','multiple',50,'2024-07-04 04:41:02','2024-07-04 04:41:02'),
(443,443,'What is Current Version of Laravel?','multiple',50,'2024-07-04 04:41:02','2024-07-04 04:41:02'),
(444,444,'What is Current Version of Laravel?','multiple',50,'2024-07-04 04:41:02','2024-07-04 04:41:02'),
(445,445,'What is Current Version of Laravel?','multiple',50,'2024-07-04 04:41:02','2024-07-04 04:41:02'),
(446,446,'What is Current Version of Laravel?','multiple',50,'2024-07-04 04:41:02','2024-07-04 04:41:02'),
(447,447,'What is Current Version of Laravel?','multiple',50,'2024-07-04 04:41:02','2024-07-04 04:41:02'),
(448,448,'What is Current Version of Laravel?','multiple',50,'2024-07-04 04:41:02','2024-07-04 04:41:02'),
(449,449,'What is Current Version of Laravel?','multiple',50,'2024-07-04 04:41:02','2024-07-04 04:41:02'),
(450,450,'What is Current Version of Laravel?','multiple',50,'2024-07-04 04:41:02','2024-07-04 04:41:02'),
(451,451,'What is Current Version of Laravel?','multiple',50,'2024-07-04 04:41:02','2024-07-04 04:41:02'),
(452,452,'What is Current Version of Laravel?','multiple',50,'2024-07-04 04:41:02','2024-07-04 04:41:02'),
(453,453,'What is Current Version of Laravel?','multiple',50,'2024-07-04 04:41:02','2024-07-04 04:41:02'),
(454,454,'What is Current Version of Laravel?','multiple',50,'2024-07-04 04:41:02','2024-07-04 04:41:02'),
(455,455,'What is Current Version of Laravel?','multiple',50,'2024-07-04 04:41:02','2024-07-04 04:41:02'),
(456,456,'What is Current Version of Laravel?','multiple',50,'2024-07-04 04:41:03','2024-07-04 04:41:03'),
(457,457,'What is Current Version of Laravel?','multiple',50,'2024-07-04 04:41:03','2024-07-04 04:41:03'),
(458,458,'What is Current Version of Laravel?','multiple',50,'2024-07-04 04:41:03','2024-07-04 04:41:03'),
(459,459,'What is Current Version of Laravel?','multiple',50,'2024-07-04 04:41:03','2024-07-04 04:41:03'),
(460,460,'What is Current Version of Laravel?','multiple',50,'2024-07-04 04:41:03','2024-07-04 04:41:03'),
(461,461,'What is Current Version of Laravel?','multiple',50,'2024-07-04 04:41:03','2024-07-04 04:41:03'),
(462,462,'What is Current Version of Laravel?','multiple',50,'2024-07-04 04:41:03','2024-07-04 04:41:03'),
(463,463,'What is Current Version of Laravel?','multiple',50,'2024-07-04 04:41:03','2024-07-04 04:41:03'),
(464,464,'What is Current Version of Laravel?','multiple',50,'2024-07-04 04:41:03','2024-07-04 04:41:03'),
(465,465,'What is Current Version of Laravel?','multiple',50,'2024-07-04 04:41:03','2024-07-04 04:41:03'),
(466,466,'What is Current Version of Laravel?','multiple',50,'2024-07-04 04:41:03','2024-07-04 04:41:03'),
(467,467,'What is Current Version of Laravel?','multiple',50,'2024-07-04 04:41:03','2024-07-04 04:41:03'),
(468,468,'What is Current Version of Laravel?','multiple',50,'2024-07-04 04:41:03','2024-07-04 04:41:03'),
(469,469,'What is Current Version of Laravel?','multiple',50,'2024-07-04 04:41:03','2024-07-04 04:41:03'),
(470,470,'What is Current Version of Laravel?','multiple',50,'2024-07-04 04:41:03','2024-07-04 04:41:03'),
(471,471,'What is Current Version of Laravel?','multiple',50,'2024-07-04 04:41:03','2024-07-04 04:41:03'),
(472,472,'What is Current Version of Laravel?','multiple',50,'2024-07-04 04:41:03','2024-07-04 04:41:03'),
(473,473,'What is Current Version of Laravel?','multiple',50,'2024-07-04 04:41:03','2024-07-04 04:41:03'),
(474,474,'What is Current Version of Laravel?','multiple',50,'2024-07-04 04:41:03','2024-07-04 04:41:03'),
(475,475,'What is Current Version of Laravel?','multiple',50,'2024-07-04 04:41:03','2024-07-04 04:41:03'),
(476,476,'What is Current Version of Laravel?','multiple',50,'2024-07-04 04:41:03','2024-07-04 04:41:03'),
(477,477,'What is Current Version of Laravel?','multiple',50,'2024-07-04 04:41:03','2024-07-04 04:41:03'),
(478,478,'What is Current Version of Laravel?','multiple',50,'2024-07-04 04:41:03','2024-07-04 04:41:03'),
(479,479,'What is Current Version of Laravel?','multiple',50,'2024-07-04 04:41:03','2024-07-04 04:41:03'),
(480,480,'What is Current Version of Laravel?','multiple',50,'2024-07-04 04:41:04','2024-07-04 04:41:04'),
(481,481,'What is Current Version of Laravel?','multiple',50,'2024-07-04 04:41:04','2024-07-04 04:41:04'),
(482,482,'What is Current Version of Laravel?','multiple',50,'2024-07-04 04:41:04','2024-07-04 04:41:04'),
(483,483,'What is Current Version of Laravel?','multiple',50,'2024-07-04 04:41:04','2024-07-04 04:41:04'),
(484,484,'What is Current Version of Laravel?','multiple',50,'2024-07-04 04:41:04','2024-07-04 04:41:04'),
(485,485,'What is Current Version of Laravel?','multiple',50,'2024-07-04 04:41:04','2024-07-04 04:41:04'),
(486,486,'What is Current Version of Laravel?','multiple',50,'2024-07-04 04:41:04','2024-07-04 04:41:04'),
(487,487,'What is Current Version of Laravel?','multiple',50,'2024-07-04 04:41:04','2024-07-04 04:41:04'),
(488,488,'What is Current Version of Laravel?','multiple',50,'2024-07-04 04:41:04','2024-07-04 04:41:04'),
(489,489,'What is Current Version of Laravel?','multiple',50,'2024-07-04 04:41:04','2024-07-04 04:41:04'),
(490,490,'What is Current Version of Laravel?','multiple',50,'2024-07-04 04:41:04','2024-07-04 04:41:04');

/*Table structure for table `quiz_results` */


CREATE TABLE `quiz_results` (
  `id` bigint(20) unsigned NOT NULL AUTO_INCREMENT,
  `user_id` bigint(20) unsigned NOT NULL,
  `quiz_id` bigint(20) unsigned NOT NULL,
  `result` json DEFAULT NULL,
  `user_grade` int(11) DEFAULT NULL,
  `status` enum('pass','failed') DEFAULT NULL,
  `created_at` timestamp NULL DEFAULT NULL,
  `updated_at` timestamp NULL DEFAULT NULL,
  PRIMARY KEY (`id`)
) ENGINE=InnoDB AUTO_INCREMENT=2 DEFAULT CHARSET=utf8mb4;

/*Data for the table `quiz_results` */

insert  into `quiz_results`(`id`,`user_id`,`quiz_id`,`result`,`user_grade`,`status`,`created_at`,`updated_at`) values 
(1,1000,176,'{\"176\": {\"answer\": \"701\", \"correct\": true}}',50,'pass','2024-06-11 07:13:43','2024-06-11 07:13:43');

/*Table structure for table `quizzes` */


CREATE TABLE `quizzes` (
  `id` bigint(20) unsigned NOT NULL AUTO_INCREMENT,
  `chapter_item_id` bigint(20) unsigned NOT NULL,
  `instructor_id` bigint(20) unsigned NOT NULL,
  `chapter_id` bigint(20) unsigned NOT NULL,
  `course_id` bigint(20) unsigned NOT NULL,
  `title` varchar(255) NOT NULL,
  `time` varchar(255) DEFAULT NULL,
  `attempt` varchar(255) DEFAULT NULL,
  `pass_mark` varchar(255) DEFAULT NULL,
  `total_mark` varchar(255) DEFAULT NULL,
  `status` enum('active','inactive') NOT NULL DEFAULT 'active',
  `created_at` timestamp NULL DEFAULT NULL,
  `updated_at` timestamp NULL DEFAULT NULL,
  PRIMARY KEY (`id`)
) ENGINE=InnoDB AUTO_INCREMENT=491 DEFAULT CHARSET=utf8mb4;

/*Data for the table `quizzes` */

insert  into `quizzes`(`id`,`chapter_item_id`,`instructor_id`,`chapter_id`,`course_id`,`title`,`time`,`attempt`,`pass_mark`,`total_mark`,`status`,`created_at`,`updated_at`) values 
(1,4,1001,1,1,'QUIZ: This is a demo quiz test','10','10','50','100','active','2024-07-04 04:40:44','2024-07-04 04:40:44'),
(2,9,1001,2,1,'Cum debitis eius nisi voluptatem.','10','10','50','100','active','2024-07-04 04:40:44','2024-07-04 04:40:44'),
(3,14,1001,3,1,'Asperiores autem voluptatem qui recusandae dolorem.','10','10','50','100','active','2024-07-04 04:40:44','2024-07-04 04:40:44'),
(4,19,1001,4,1,'Ut tempora unde ut.','10','10','50','100','active','2024-07-04 04:40:44','2024-07-04 04:40:44'),
(5,24,1001,5,1,'Est nulla ab dolorem sed aut.','10','10','50','100','active','2024-07-04 04:40:44','2024-07-04 04:40:44'),
(6,29,1001,6,1,'Cum totam officiis excepturi molestias.','10','10','50','100','active','2024-07-04 04:40:44','2024-07-04 04:40:44'),
(7,34,1001,7,1,'Veniam neque unde dolor officia.','10','10','50','100','active','2024-07-04 04:40:44','2024-07-04 04:40:44'),
(8,39,1011,8,2,'QUIZ: This is a demo quiz test','10','10','50','100','active','2024-07-04 04:40:44','2024-07-04 04:40:44'),
(9,44,1011,9,2,'Quis ipsum nesciunt consequuntur modi itaque laboriosam.','10','10','50','100','active','2024-07-04 04:40:44','2024-07-04 04:40:44'),
(10,49,1011,10,2,'Id praesentium et non iste qui.','10','10','50','100','active','2024-07-04 04:40:44','2024-07-04 04:40:44'),
(11,54,1011,11,2,'Molestiae temporibus dolorum non quaerat non.','10','10','50','100','active','2024-07-04 04:40:44','2024-07-04 04:40:44'),
(12,59,1011,12,2,'Iure consequatur qui ducimus eum dolorem unde.','10','10','50','100','active','2024-07-04 04:40:44','2024-07-04 04:40:44'),
(13,64,1011,13,2,'Corrupti quod eum aut vitae rerum.','10','10','50','100','active','2024-07-04 04:40:44','2024-07-04 04:40:44'),
(14,69,1011,14,2,'Minima quia et nostrum at ullam.','10','10','50','100','active','2024-07-04 04:40:44','2024-07-04 04:40:44'),
(15,74,1001,15,3,'QUIZ: This is a demo quiz test','10','10','50','100','active','2024-07-04 04:40:44','2024-07-04 04:40:44'),
(16,79,1001,16,3,'Omnis fugiat voluptatum tempora aliquam ea.','10','10','50','100','active','2024-07-04 04:40:44','2024-07-04 04:40:44'),
(17,84,1001,17,3,'Nemo ex ducimus laudantium.','10','10','50','100','active','2024-07-04 04:40:45','2024-07-04 04:40:45'),
(18,89,1001,18,3,'Eos quae est modi asperiores.','10','10','50','100','active','2024-07-04 04:40:45','2024-07-04 04:40:45'),
(19,94,1001,19,3,'Corporis sit dolorum possimus velit.','10','10','50','100','active','2024-07-04 04:40:45','2024-07-04 04:40:45'),
(20,99,1001,20,3,'Autem itaque perferendis ducimus commodi corrupti.','10','10','50','100','active','2024-07-04 04:40:45','2024-07-04 04:40:45'),
(21,104,1001,21,3,'Voluptas quidem aliquid et.','10','10','50','100','active','2024-07-04 04:40:45','2024-07-04 04:40:45'),
(22,109,1003,22,4,'QUIZ: This is a demo quiz test','10','10','50','100','active','2024-07-04 04:40:45','2024-07-04 04:40:45'),
(23,114,1003,23,4,'Non incidunt labore vel distinctio at.','10','10','50','100','active','2024-07-04 04:40:45','2024-07-04 04:40:45'),
(24,119,1003,24,4,'Ut harum suscipit accusantium.','10','10','50','100','active','2024-07-04 04:40:45','2024-07-04 04:40:45'),
(25,124,1003,25,4,'Aperiam voluptatum tempore autem.','10','10','50','100','active','2024-07-04 04:40:45','2024-07-04 04:40:45'),
(26,129,1003,26,4,'Tenetur dolorem sunt quia.','10','10','50','100','active','2024-07-04 04:40:45','2024-07-04 04:40:45'),
(27,134,1003,27,4,'Ut iste dicta ut reprehenderit.','10','10','50','100','active','2024-07-04 04:40:45','2024-07-04 04:40:45'),
(28,139,1003,28,4,'Eos enim eveniet qui nemo et maxime.','10','10','50','100','active','2024-07-04 04:40:45','2024-07-04 04:40:45'),
(29,144,1003,29,5,'QUIZ: This is a demo quiz test','10','10','50','100','active','2024-07-04 04:40:45','2024-07-04 04:40:45'),
(30,149,1003,30,5,'Fugit sapiente nam eos distinctio ipsa.','10','10','50','100','active','2024-07-04 04:40:45','2024-07-04 04:40:45'),
(31,154,1003,31,5,'Autem voluptatem eius quaerat.','10','10','50','100','active','2024-07-04 04:40:45','2024-07-04 04:40:45'),
(32,159,1003,32,5,'Aperiam blanditiis iusto dolor doloremque aspernatur.','10','10','50','100','active','2024-07-04 04:40:45','2024-07-04 04:40:45'),
(33,164,1003,33,5,'Repellendus et quasi molestiae accusamus recusandae.','10','10','50','100','active','2024-07-04 04:40:45','2024-07-04 04:40:45'),
(34,169,1003,34,5,'Molestias perferendis in aut commodi non.','10','10','50','100','active','2024-07-04 04:40:45','2024-07-04 04:40:45'),
(35,174,1003,35,5,'Accusamus rerum esse sunt iusto vel quas.','10','10','50','100','active','2024-07-04 04:40:45','2024-07-04 04:40:45'),
(36,179,1002,36,6,'QUIZ: This is a demo quiz test','10','10','50','100','active','2024-07-04 04:40:45','2024-07-04 04:40:45'),
(37,184,1002,37,6,'Nulla eveniet veniam doloremque sunt quos.','10','10','50','100','active','2024-07-04 04:40:45','2024-07-04 04:40:45'),
(38,189,1002,38,6,'Laboriosam enim voluptate repudiandae quasi aut.','10','10','50','100','active','2024-07-04 04:40:45','2024-07-04 04:40:45'),
(39,194,1002,39,6,'A tempore maxime aperiam amet omnis rerum.','10','10','50','100','active','2024-07-04 04:40:45','2024-07-04 04:40:45'),
(40,199,1002,40,6,'Officiis quae et tenetur suscipit deserunt.','10','10','50','100','active','2024-07-04 04:40:45','2024-07-04 04:40:45'),
(41,204,1002,41,6,'Iste minus illo eum consequatur qui.','10','10','50','100','active','2024-07-04 04:40:45','2024-07-04 04:40:45'),
(42,209,1002,42,6,'Cumque harum expedita vitae.','10','10','50','100','active','2024-07-04 04:40:46','2024-07-04 04:40:46'),
(43,214,1011,43,7,'QUIZ: This is a demo quiz test','10','10','50','100','active','2024-07-04 04:40:46','2024-07-04 04:40:46'),
(44,219,1011,44,7,'Id ut consequuntur ullam consectetur enim aut aut.','10','10','50','100','active','2024-07-04 04:40:46','2024-07-04 04:40:46'),
(45,224,1011,45,7,'Ipsam dolores maiores enim hic veniam.','10','10','50','100','active','2024-07-04 04:40:46','2024-07-04 04:40:46'),
(46,229,1011,46,7,'Cupiditate quo rerum sit et.','10','10','50','100','active','2024-07-04 04:40:46','2024-07-04 04:40:46'),
(47,234,1011,47,7,'Molestiae dicta qui quia vel ut.','10','10','50','100','active','2024-07-04 04:40:46','2024-07-04 04:40:46'),
(48,239,1011,48,7,'Soluta numquam dignissimos quaerat ut quia.','10','10','50','100','active','2024-07-04 04:40:46','2024-07-04 04:40:46'),
(49,244,1011,49,7,'Quo error eius reprehenderit nihil nihil consequatur.','10','10','50','100','active','2024-07-04 04:40:46','2024-07-04 04:40:46'),
(50,249,1001,50,8,'QUIZ: This is a demo quiz test','10','10','50','100','active','2024-07-04 04:40:46','2024-07-04 04:40:46'),
(51,254,1001,51,8,'Nobis doloremque cumque eum repellat sed consequatur.','10','10','50','100','active','2024-07-04 04:40:46','2024-07-04 04:40:46'),
(52,259,1001,52,8,'Quibusdam quisquam quo recusandae id sapiente.','10','10','50','100','active','2024-07-04 04:40:46','2024-07-04 04:40:46'),
(53,264,1001,53,8,'Dolor sequi reiciendis iusto suscipit.','10','10','50','100','active','2024-07-04 04:40:46','2024-07-04 04:40:46'),
(54,269,1001,54,8,'Ipsam aut explicabo accusantium repellat.','10','10','50','100','active','2024-07-04 04:40:46','2024-07-04 04:40:46'),
(55,274,1001,55,8,'Reiciendis voluptatem occaecati dolores aut a dicta.','10','10','50','100','active','2024-07-04 04:40:46','2024-07-04 04:40:46'),
(56,279,1001,56,8,'Qui qui id vel quas.','10','10','50','100','active','2024-07-04 04:40:46','2024-07-04 04:40:46'),
(57,284,1004,57,9,'QUIZ: This is a demo quiz test','10','10','50','100','active','2024-07-04 04:40:46','2024-07-04 04:40:46'),
(58,289,1004,58,9,'Ea minima odit libero.','10','10','50','100','active','2024-07-04 04:40:46','2024-07-04 04:40:46'),
(59,294,1004,59,9,'Repellendus laborum officia enim quidem ad dolorum.','10','10','50','100','active','2024-07-04 04:40:46','2024-07-04 04:40:46'),
(60,299,1004,60,9,'Nostrum consequatur possimus deserunt natus atque voluptas.','10','10','50','100','active','2024-07-04 04:40:46','2024-07-04 04:40:46'),
(61,304,1004,61,9,'Quibusdam provident sequi qui.','10','10','50','100','active','2024-07-04 04:40:46','2024-07-04 04:40:46'),
(62,309,1004,62,9,'Sit ipsa non quas inventore aspernatur.','10','10','50','100','active','2024-07-04 04:40:46','2024-07-04 04:40:46'),
(63,314,1004,63,9,'Dolore molestiae consequuntur quia.','10','10','50','100','active','2024-07-04 04:40:46','2024-07-04 04:40:46'),
(64,319,1012,64,10,'QUIZ: This is a demo quiz test','10','10','50','100','active','2024-07-04 04:40:46','2024-07-04 04:40:46'),
(65,324,1012,65,10,'Sequi saepe debitis aut et nulla aspernatur.','10','10','50','100','active','2024-07-04 04:40:46','2024-07-04 04:40:46'),
(66,329,1012,66,10,'Earum minus voluptatum et dolorum doloribus.','10','10','50','100','active','2024-07-04 04:40:47','2024-07-04 04:40:47'),
(67,334,1012,67,10,'Nam esse tempore architecto et.','10','10','50','100','active','2024-07-04 04:40:47','2024-07-04 04:40:47'),
(68,339,1012,68,10,'Quaerat ut minima veniam.','10','10','50','100','active','2024-07-04 04:40:47','2024-07-04 04:40:47'),
(69,344,1012,69,10,'Voluptas maiores necessitatibus eaque eum asperiores aliquid.','10','10','50','100','active','2024-07-04 04:40:47','2024-07-04 04:40:47'),
(70,349,1012,70,10,'Beatae est sit corrupti voluptatem nobis.','10','10','50','100','active','2024-07-04 04:40:47','2024-07-04 04:40:47'),
(71,354,1006,71,11,'QUIZ: This is a demo quiz test','10','10','50','100','active','2024-07-04 04:40:47','2024-07-04 04:40:47'),
(72,359,1006,72,11,'Sed et earum laborum.','10','10','50','100','active','2024-07-04 04:40:47','2024-07-04 04:40:47'),
(73,364,1006,73,11,'Id tempora voluptas laborum vel numquam facere.','10','10','50','100','active','2024-07-04 04:40:47','2024-07-04 04:40:47'),
(74,369,1006,74,11,'Omnis non dolor dolore debitis aut.','10','10','50','100','active','2024-07-04 04:40:47','2024-07-04 04:40:47'),
(75,374,1006,75,11,'Maxime nam et ducimus explicabo eligendi asperiores.','10','10','50','100','active','2024-07-04 04:40:47','2024-07-04 04:40:47'),
(76,379,1006,76,11,'Ut incidunt sint animi expedita optio veniam.','10','10','50','100','active','2024-07-04 04:40:47','2024-07-04 04:40:47'),
(77,384,1006,77,11,'Ullam pariatur nobis qui sint.','10','10','50','100','active','2024-07-04 04:40:47','2024-07-04 04:40:47'),
(78,389,1004,78,12,'QUIZ: This is a demo quiz test','10','10','50','100','active','2024-07-04 04:40:47','2024-07-04 04:40:47'),
(79,394,1004,79,12,'Illo itaque aut molestiae labore.','10','10','50','100','active','2024-07-04 04:40:47','2024-07-04 04:40:47'),
(80,399,1004,80,12,'Quod possimus nesciunt architecto aliquam non aliquam.','10','10','50','100','active','2024-07-04 04:40:47','2024-07-04 04:40:47'),
(81,404,1004,81,12,'Vel maxime accusantium iusto sint et.','10','10','50','100','active','2024-07-04 04:40:47','2024-07-04 04:40:47'),
(82,409,1004,82,12,'Omnis mollitia ex asperiores aut.','10','10','50','100','active','2024-07-04 04:40:47','2024-07-04 04:40:47'),
(83,414,1004,83,12,'Sapiente esse recusandae et voluptas quo ut.','10','10','50','100','active','2024-07-04 04:40:47','2024-07-04 04:40:47'),
(84,419,1004,84,12,'Hic consequatur veniam a.','10','10','50','100','active','2024-07-04 04:40:47','2024-07-04 04:40:47'),
(85,424,1001,85,13,'QUIZ: This is a demo quiz test','10','10','50','100','active','2024-07-04 04:40:47','2024-07-04 04:40:47'),
(86,429,1001,86,13,'Fugiat facere debitis voluptas eius pariatur.','10','10','50','100','active','2024-07-04 04:40:47','2024-07-04 04:40:47'),
(87,434,1001,87,13,'Fugiat quia illo sapiente.','10','10','50','100','active','2024-07-04 04:40:47','2024-07-04 04:40:47'),
(88,439,1001,88,13,'Voluptas nesciunt optio et ut provident.','10','10','50','100','active','2024-07-04 04:40:47','2024-07-04 04:40:47'),
(89,444,1001,89,13,'Vel expedita et ratione facilis.','10','10','50','100','active','2024-07-04 04:40:47','2024-07-04 04:40:47'),
(90,449,1001,90,13,'Atque inventore cupiditate debitis ducimus neque ad.','10','10','50','100','active','2024-07-04 04:40:48','2024-07-04 04:40:48'),
(91,454,1001,91,13,'Ad eius consequatur autem corporis tenetur assumenda.','10','10','50','100','active','2024-07-04 04:40:48','2024-07-04 04:40:48'),
(92,459,1004,92,14,'QUIZ: This is a demo quiz test','10','10','50','100','active','2024-07-04 04:40:48','2024-07-04 04:40:48'),
(93,464,1004,93,14,'Sed dolore unde magnam reiciendis assumenda.','10','10','50','100','active','2024-07-04 04:40:48','2024-07-04 04:40:48'),
(94,469,1004,94,14,'Nesciunt nobis itaque soluta maxime.','10','10','50','100','active','2024-07-04 04:40:48','2024-07-04 04:40:48'),
(95,474,1004,95,14,'Maxime sit sequi qui.','10','10','50','100','active','2024-07-04 04:40:48','2024-07-04 04:40:48'),
(96,479,1004,96,14,'Porro ipsum ea qui voluptatem ipsa.','10','10','50','100','active','2024-07-04 04:40:48','2024-07-04 04:40:48'),
(97,484,1004,97,14,'Nobis est itaque et veritatis.','10','10','50','100','active','2024-07-04 04:40:48','2024-07-04 04:40:48'),
(98,489,1004,98,14,'Eos molestias placeat veritatis magni.','10','10','50','100','active','2024-07-04 04:40:48','2024-07-04 04:40:48'),
(99,494,1002,99,15,'QUIZ: This is a demo quiz test','10','10','50','100','active','2024-07-04 04:40:48','2024-07-04 04:40:48'),
(100,499,1002,100,15,'Est quasi iste ut.','10','10','50','100','active','2024-07-04 04:40:48','2024-07-04 04:40:48'),
(101,504,1002,101,15,'Quisquam unde voluptate sint nihil.','10','10','50','100','active','2024-07-04 04:40:48','2024-07-04 04:40:48'),
(102,509,1002,102,15,'Est quae maxime sit quo natus eaque.','10','10','50','100','active','2024-07-04 04:40:48','2024-07-04 04:40:48'),
(103,514,1002,103,15,'Et hic quia rerum.','10','10','50','100','active','2024-07-04 04:40:48','2024-07-04 04:40:48'),
(104,519,1002,104,15,'Enim quia quaerat dolores sit laudantium.','10','10','50','100','active','2024-07-04 04:40:48','2024-07-04 04:40:48'),
(105,524,1002,105,15,'Incidunt autem libero ipsum.','10','10','50','100','active','2024-07-04 04:40:48','2024-07-04 04:40:48'),
(106,529,1002,106,16,'QUIZ: This is a demo quiz test','10','10','50','100','active','2024-07-04 04:40:48','2024-07-04 04:40:48'),
(107,534,1002,107,16,'Et voluptatem sed minus.','10','10','50','100','active','2024-07-04 04:40:48','2024-07-04 04:40:48'),
(108,539,1002,108,16,'Aut architecto ut cum.','10','10','50','100','active','2024-07-04 04:40:48','2024-07-04 04:40:48'),
(109,544,1002,109,16,'Aperiam rerum unde porro quia hic corporis.','10','10','50','100','active','2024-07-04 04:40:48','2024-07-04 04:40:48'),
(110,549,1002,110,16,'Fugit accusamus eum ea.','10','10','50','100','active','2024-07-04 04:40:48','2024-07-04 04:40:48'),
(111,554,1002,111,16,'Consequatur quibusdam suscipit aliquid nemo nobis.','10','10','50','100','active','2024-07-04 04:40:48','2024-07-04 04:40:48'),
(112,559,1002,112,16,'Maxime voluptas est officiis.','10','10','50','100','active','2024-07-04 04:40:48','2024-07-04 04:40:48'),
(113,564,1012,113,17,'QUIZ: This is a demo quiz test','10','10','50','100','active','2024-07-04 04:40:48','2024-07-04 04:40:48'),
(114,569,1012,114,17,'Libero ad laudantium voluptatibus quo.','10','10','50','100','active','2024-07-04 04:40:48','2024-07-04 04:40:48'),
(115,574,1012,115,17,'Voluptatem ullam ipsa aut rerum amet inventore.','10','10','50','100','active','2024-07-04 04:40:49','2024-07-04 04:40:49'),
(116,579,1012,116,17,'Nihil deserunt omnis qui amet incidunt ipsa.','10','10','50','100','active','2024-07-04 04:40:49','2024-07-04 04:40:49'),
(117,584,1012,117,17,'Nisi itaque ea consequatur.','10','10','50','100','active','2024-07-04 04:40:49','2024-07-04 04:40:49'),
(118,589,1012,118,17,'Dolorem optio velit quibusdam sed.','10','10','50','100','active','2024-07-04 04:40:49','2024-07-04 04:40:49'),
(119,594,1012,119,17,'Non a consequuntur consequatur sint odit.','10','10','50','100','active','2024-07-04 04:40:49','2024-07-04 04:40:49'),
(120,599,1009,120,18,'QUIZ: This is a demo quiz test','10','10','50','100','active','2024-07-04 04:40:49','2024-07-04 04:40:49'),
(121,604,1009,121,18,'Sit qui vero ad.','10','10','50','100','active','2024-07-04 04:40:49','2024-07-04 04:40:49'),
(122,609,1009,122,18,'Soluta voluptatem eum cumque dolore.','10','10','50','100','active','2024-07-04 04:40:49','2024-07-04 04:40:49'),
(123,614,1009,123,18,'Qui ut voluptas omnis esse ut veritatis.','10','10','50','100','active','2024-07-04 04:40:49','2024-07-04 04:40:49'),
(124,619,1009,124,18,'Dignissimos aliquam ut a fugiat rerum non.','10','10','50','100','active','2024-07-04 04:40:49','2024-07-04 04:40:49'),
(125,624,1009,125,18,'Et laborum reiciendis nemo quisquam qui.','10','10','50','100','active','2024-07-04 04:40:49','2024-07-04 04:40:49'),
(126,629,1009,126,18,'Fuga esse minus natus exercitationem quas.','10','10','50','100','active','2024-07-04 04:40:49','2024-07-04 04:40:49'),
(127,634,1012,127,19,'QUIZ: This is a demo quiz test','10','10','50','100','active','2024-07-04 04:40:49','2024-07-04 04:40:49'),
(128,639,1012,128,19,'Illum dolorum temporibus qui beatae dolore.','10','10','50','100','active','2024-07-04 04:40:49','2024-07-04 04:40:49'),
(129,644,1012,129,19,'Dolores dolor dolorem magni qui exercitationem nam.','10','10','50','100','active','2024-07-04 04:40:49','2024-07-04 04:40:49'),
(130,649,1012,130,19,'Ipsum velit et laudantium quas perferendis repellat.','10','10','50','100','active','2024-07-04 04:40:49','2024-07-04 04:40:49'),
(131,654,1012,131,19,'Veniam est quod non deserunt quo ratione.','10','10','50','100','active','2024-07-04 04:40:49','2024-07-04 04:40:49'),
(132,659,1012,132,19,'Perspiciatis enim vitae voluptatem harum assumenda.','10','10','50','100','active','2024-07-04 04:40:49','2024-07-04 04:40:49'),
(133,664,1012,133,19,'Sunt et eum fugit.','10','10','50','100','active','2024-07-04 04:40:49','2024-07-04 04:40:49'),
(134,669,1003,134,20,'QUIZ: This is a demo quiz test','10','10','50','100','active','2024-07-04 04:40:49','2024-07-04 04:40:49'),
(135,674,1003,135,20,'Odio voluptas nihil ut exercitationem qui sint.','10','10','50','100','active','2024-07-04 04:40:49','2024-07-04 04:40:49'),
(136,679,1003,136,20,'Rerum cupiditate excepturi sapiente fugiat.','10','10','50','100','active','2024-07-04 04:40:49','2024-07-04 04:40:49'),
(137,684,1003,137,20,'Nostrum commodi et necessitatibus quam modi.','10','10','50','100','active','2024-07-04 04:40:49','2024-07-04 04:40:49'),
(138,689,1003,138,20,'Vitae itaque repellat molestias odio.','10','10','50','100','active','2024-07-04 04:40:49','2024-07-04 04:40:49'),
(139,694,1003,139,20,'Harum doloribus est tempore perspiciatis sint.','10','10','50','100','active','2024-07-04 04:40:49','2024-07-04 04:40:49'),
(140,699,1003,140,20,'Distinctio at ut dicta dicta nobis et.','10','10','50','100','active','2024-07-04 04:40:50','2024-07-04 04:40:50'),
(141,704,1012,141,21,'QUIZ: This is a demo quiz test','10','10','50','100','active','2024-07-04 04:40:50','2024-07-04 04:40:50'),
(142,709,1012,142,21,'Sed in odio similique in ut.','10','10','50','100','active','2024-07-04 04:40:50','2024-07-04 04:40:50'),
(143,714,1012,143,21,'Sequi aut est iure.','10','10','50','100','active','2024-07-04 04:40:50','2024-07-04 04:40:50'),
(144,719,1012,144,21,'Eveniet ut beatae natus voluptas.','10','10','50','100','active','2024-07-04 04:40:50','2024-07-04 04:40:50'),
(145,724,1012,145,21,'Voluptas ducimus aut nisi sint.','10','10','50','100','active','2024-07-04 04:40:50','2024-07-04 04:40:50'),
(146,729,1012,146,21,'Nesciunt aut culpa a.','10','10','50','100','active','2024-07-04 04:40:50','2024-07-04 04:40:50'),
(147,734,1012,147,21,'Facere veritatis omnis soluta.','10','10','50','100','active','2024-07-04 04:40:50','2024-07-04 04:40:50'),
(148,739,1012,148,22,'QUIZ: This is a demo quiz test','10','10','50','100','active','2024-07-04 04:40:50','2024-07-04 04:40:50'),
(149,744,1012,149,22,'Accusamus velit dolore ut possimus vero ut.','10','10','50','100','active','2024-07-04 04:40:50','2024-07-04 04:40:50'),
(150,749,1012,150,22,'Beatae consequuntur odit voluptates.','10','10','50','100','active','2024-07-04 04:40:50','2024-07-04 04:40:50'),
(151,754,1012,151,22,'Est eius dignissimos est.','10','10','50','100','active','2024-07-04 04:40:50','2024-07-04 04:40:50'),
(152,759,1012,152,22,'Vitae qui eum quisquam consequatur.','10','10','50','100','active','2024-07-04 04:40:50','2024-07-04 04:40:50'),
(153,764,1012,153,22,'Commodi alias quibusdam corrupti.','10','10','50','100','active','2024-07-04 04:40:50','2024-07-04 04:40:50'),
(154,769,1012,154,22,'Excepturi cupiditate facere distinctio error voluptatem.','10','10','50','100','active','2024-07-04 04:40:50','2024-07-04 04:40:50'),
(155,774,1012,155,23,'QUIZ: This is a demo quiz test','10','10','50','100','active','2024-07-04 04:40:50','2024-07-04 04:40:50'),
(156,779,1012,156,23,'Culpa nihil maxime quaerat est omnis.','10','10','50','100','active','2024-07-04 04:40:50','2024-07-04 04:40:50'),
(157,784,1012,157,23,'Omnis mollitia perferendis architecto minus.','10','10','50','100','active','2024-07-04 04:40:50','2024-07-04 04:40:50'),
(158,789,1012,158,23,'Ut earum consequatur cumque ipsum dolor magnam.','10','10','50','100','active','2024-07-04 04:40:50','2024-07-04 04:40:50'),
(159,794,1012,159,23,'Dolor laborum voluptates qui omnis ab voluptatem.','10','10','50','100','active','2024-07-04 04:40:50','2024-07-04 04:40:50'),
(160,799,1012,160,23,'Non facere esse et eaque.','10','10','50','100','active','2024-07-04 04:40:50','2024-07-04 04:40:50'),
(161,804,1012,161,23,'Itaque odio voluptas ut.','10','10','50','100','active','2024-07-04 04:40:50','2024-07-04 04:40:50'),
(162,809,1002,162,24,'QUIZ: This is a demo quiz test','10','10','50','100','active','2024-07-04 04:40:50','2024-07-04 04:40:50'),
(163,814,1002,163,24,'Accusamus totam deserunt non.','10','10','50','100','active','2024-07-04 04:40:50','2024-07-04 04:40:50'),
(164,819,1002,164,24,'Sit corrupti qui est similique facilis et.','10','10','50','100','active','2024-07-04 04:40:51','2024-07-04 04:40:51'),
(165,824,1002,165,24,'Distinctio vitae eligendi temporibus.','10','10','50','100','active','2024-07-04 04:40:51','2024-07-04 04:40:51'),
(166,829,1002,166,24,'Blanditiis eligendi cumque voluptatem maxime minima possimus.','10','10','50','100','active','2024-07-04 04:40:51','2024-07-04 04:40:51'),
(167,834,1002,167,24,'Accusantium eum ab quo.','10','10','50','100','active','2024-07-04 04:40:51','2024-07-04 04:40:51'),
(168,839,1002,168,24,'Temporibus possimus omnis quae.','10','10','50','100','active','2024-07-04 04:40:51','2024-07-04 04:40:51'),
(169,844,1011,169,25,'QUIZ: This is a demo quiz test','10','10','50','100','active','2024-07-04 04:40:51','2024-07-04 04:40:51'),
(170,849,1011,170,25,'Amet ducimus exercitationem dolores cum.','10','10','50','100','active','2024-07-04 04:40:51','2024-07-04 04:40:51'),
(171,854,1011,171,25,'Expedita repellat sunt maiores aliquam.','10','10','50','100','active','2024-07-04 04:40:51','2024-07-04 04:40:51'),
(172,859,1011,172,25,'Eos molestiae id tempora.','10','10','50','100','active','2024-07-04 04:40:51','2024-07-04 04:40:51'),
(173,864,1011,173,25,'Tempore quis odio soluta.','10','10','50','100','active','2024-07-04 04:40:51','2024-07-04 04:40:51'),
(174,869,1011,174,25,'Quo voluptas expedita enim.','10','10','50','100','active','2024-07-04 04:40:51','2024-07-04 04:40:51'),
(175,874,1011,175,25,'Quis optio quam esse dolorum.','10','10','50','100','active','2024-07-04 04:40:51','2024-07-04 04:40:51'),
(176,879,1005,176,26,'QUIZ: This is a demo quiz test','10','10','50','100','active','2024-07-04 04:40:51','2024-07-04 04:40:51'),
(177,884,1005,177,26,'Voluptatem minus repellendus eum velit perspiciatis.','10','10','50','100','active','2024-07-04 04:40:51','2024-07-04 04:40:51'),
(178,889,1005,178,26,'Quod molestiae alias dolores nesciunt est.','10','10','50','100','active','2024-07-04 04:40:51','2024-07-04 04:40:51'),
(179,894,1005,179,26,'Voluptatem veritatis sunt et.','10','10','50','100','active','2024-07-04 04:40:51','2024-07-04 04:40:51'),
(180,899,1005,180,26,'Rerum voluptate fugit non explicabo.','10','10','50','100','active','2024-07-04 04:40:51','2024-07-04 04:40:51'),
(181,904,1005,181,26,'Itaque quis facere voluptatem magnam numquam voluptatibus veritatis.','10','10','50','100','active','2024-07-04 04:40:51','2024-07-04 04:40:51'),
(182,909,1005,182,26,'Consequuntur velit molestiae ex est.','10','10','50','100','active','2024-07-04 04:40:51','2024-07-04 04:40:51'),
(183,914,1005,183,27,'QUIZ: This is a demo quiz test','10','10','50','100','active','2024-07-04 04:40:51','2024-07-04 04:40:51'),
(184,919,1005,184,27,'Rerum commodi quis odit deleniti error.','10','10','50','100','active','2024-07-04 04:40:51','2024-07-04 04:40:51'),
(185,924,1005,185,27,'Quisquam est corrupti qui a et corporis.','10','10','50','100','active','2024-07-04 04:40:51','2024-07-04 04:40:51'),
(186,929,1005,186,27,'Autem optio iure harum nemo optio.','10','10','50','100','active','2024-07-04 04:40:51','2024-07-04 04:40:51'),
(187,934,1005,187,27,'Et animi pariatur sunt.','10','10','50','100','active','2024-07-04 04:40:51','2024-07-04 04:40:51'),
(188,939,1005,188,27,'Quia natus exercitationem voluptatem quam debitis.','10','10','50','100','active','2024-07-04 04:40:51','2024-07-04 04:40:51'),
(189,944,1005,189,27,'Rerum quae quia in odit quaerat aspernatur.','10','10','50','100','active','2024-07-04 04:40:52','2024-07-04 04:40:52'),
(190,949,1005,190,28,'QUIZ: This is a demo quiz test','10','10','50','100','active','2024-07-04 04:40:52','2024-07-04 04:40:52'),
(191,954,1005,191,28,'Temporibus dignissimos laboriosam ad.','10','10','50','100','active','2024-07-04 04:40:52','2024-07-04 04:40:52'),
(192,959,1005,192,28,'Cupiditate sapiente error id voluptate quam dicta.','10','10','50','100','active','2024-07-04 04:40:52','2024-07-04 04:40:52'),
(193,964,1005,193,28,'Consectetur impedit voluptas distinctio corrupti.','10','10','50','100','active','2024-07-04 04:40:52','2024-07-04 04:40:52'),
(194,969,1005,194,28,'Eos eaque molestias ab.','10','10','50','100','active','2024-07-04 04:40:52','2024-07-04 04:40:52'),
(195,974,1005,195,28,'Eius fugiat eos consequuntur vero.','10','10','50','100','active','2024-07-04 04:40:52','2024-07-04 04:40:52'),
(196,979,1005,196,28,'Officiis id qui rem sequi ipsum.','10','10','50','100','active','2024-07-04 04:40:52','2024-07-04 04:40:52'),
(197,984,1004,197,29,'QUIZ: This is a demo quiz test','10','10','50','100','active','2024-07-04 04:40:52','2024-07-04 04:40:52'),
(198,989,1004,198,29,'Incidunt aut odio libero fuga necessitatibus.','10','10','50','100','active','2024-07-04 04:40:52','2024-07-04 04:40:52'),
(199,994,1004,199,29,'Accusamus incidunt amet ut voluptatibus commodi.','10','10','50','100','active','2024-07-04 04:40:52','2024-07-04 04:40:52'),
(200,999,1004,200,29,'Consequatur nisi soluta aperiam.','10','10','50','100','active','2024-07-04 04:40:52','2024-07-04 04:40:52'),
(201,1004,1004,201,29,'In numquam ea aspernatur fugiat tempora incidunt.','10','10','50','100','active','2024-07-04 04:40:52','2024-07-04 04:40:52'),
(202,1009,1004,202,29,'Aliquam cum saepe omnis ut omnis.','10','10','50','100','active','2024-07-04 04:40:52','2024-07-04 04:40:52'),
(203,1014,1004,203,29,'Aut esse iste dolorem placeat.','10','10','50','100','active','2024-07-04 04:40:52','2024-07-04 04:40:52'),
(204,1019,1011,204,30,'QUIZ: This is a demo quiz test','10','10','50','100','active','2024-07-04 04:40:52','2024-07-04 04:40:52'),
(205,1024,1011,205,30,'Qui laudantium fugiat quam repellendus sit totam.','10','10','50','100','active','2024-07-04 04:40:52','2024-07-04 04:40:52'),
(206,1029,1011,206,30,'Vel sed corrupti dolor et.','10','10','50','100','active','2024-07-04 04:40:52','2024-07-04 04:40:52'),
(207,1034,1011,207,30,'Vitae quae cum eaque velit.','10','10','50','100','active','2024-07-04 04:40:52','2024-07-04 04:40:52'),
(208,1039,1011,208,30,'Ratione cumque adipisci modi voluptatem voluptas dolor.','10','10','50','100','active','2024-07-04 04:40:52','2024-07-04 04:40:52'),
(209,1044,1011,209,30,'Vel sequi ab est.','10','10','50','100','active','2024-07-04 04:40:52','2024-07-04 04:40:52'),
(210,1049,1011,210,30,'Molestiae incidunt praesentium dolores.','10','10','50','100','active','2024-07-04 04:40:52','2024-07-04 04:40:52'),
(211,1054,1004,211,31,'QUIZ: This is a demo quiz test','10','10','50','100','active','2024-07-04 04:40:52','2024-07-04 04:40:52'),
(212,1059,1004,212,31,'Quis illum nesciunt nemo aperiam dolorem.','10','10','50','100','active','2024-07-04 04:40:53','2024-07-04 04:40:53'),
(213,1064,1004,213,31,'Esse voluptas aut ullam.','10','10','50','100','active','2024-07-04 04:40:53','2024-07-04 04:40:53'),
(214,1069,1004,214,31,'Molestiae unde omnis dolorem.','10','10','50','100','active','2024-07-04 04:40:53','2024-07-04 04:40:53'),
(215,1074,1004,215,31,'Officiis nemo quaerat aut nihil.','10','10','50','100','active','2024-07-04 04:40:53','2024-07-04 04:40:53'),
(216,1079,1004,216,31,'Est deserunt consequatur illo sed.','10','10','50','100','active','2024-07-04 04:40:53','2024-07-04 04:40:53'),
(217,1084,1004,217,31,'Dolor non rerum cumque voluptates at earum.','10','10','50','100','active','2024-07-04 04:40:53','2024-07-04 04:40:53'),
(218,1089,1009,218,32,'QUIZ: This is a demo quiz test','10','10','50','100','active','2024-07-04 04:40:53','2024-07-04 04:40:53'),
(219,1094,1009,219,32,'Porro suscipit inventore et similique.','10','10','50','100','active','2024-07-04 04:40:53','2024-07-04 04:40:53'),
(220,1099,1009,220,32,'Fugit et ducimus aut maiores autem eum.','10','10','50','100','active','2024-07-04 04:40:53','2024-07-04 04:40:53'),
(221,1104,1009,221,32,'Ea voluptates eos error mollitia.','10','10','50','100','active','2024-07-04 04:40:53','2024-07-04 04:40:53'),
(222,1109,1009,222,32,'Blanditiis nihil ut qui.','10','10','50','100','active','2024-07-04 04:40:53','2024-07-04 04:40:53'),
(223,1114,1009,223,32,'Ea praesentium quo sunt sint.','10','10','50','100','active','2024-07-04 04:40:53','2024-07-04 04:40:53'),
(224,1119,1009,224,32,'Officia minima minus officiis dolor deleniti repudiandae.','10','10','50','100','active','2024-07-04 04:40:53','2024-07-04 04:40:53'),
(225,1124,1004,225,33,'QUIZ: This is a demo quiz test','10','10','50','100','active','2024-07-04 04:40:53','2024-07-04 04:40:53'),
(226,1129,1004,226,33,'Voluptatem nemo quidem quia.','10','10','50','100','active','2024-07-04 04:40:53','2024-07-04 04:40:53'),
(227,1134,1004,227,33,'Possimus blanditiis quia praesentium.','10','10','50','100','active','2024-07-04 04:40:53','2024-07-04 04:40:53'),
(228,1139,1004,228,33,'Hic mollitia qui est vel.','10','10','50','100','active','2024-07-04 04:40:53','2024-07-04 04:40:53'),
(229,1144,1004,229,33,'Laborum assumenda laborum sit impedit explicabo.','10','10','50','100','active','2024-07-04 04:40:53','2024-07-04 04:40:53'),
(230,1149,1004,230,33,'Cupiditate similique enim qui doloremque enim.','10','10','50','100','active','2024-07-04 04:40:53','2024-07-04 04:40:53'),
(231,1154,1004,231,33,'Sed saepe et tempora iste.','10','10','50','100','active','2024-07-04 04:40:53','2024-07-04 04:40:53'),
(232,1159,1006,232,34,'QUIZ: This is a demo quiz test','10','10','50','100','active','2024-07-04 04:40:53','2024-07-04 04:40:53'),
(233,1164,1006,233,34,'Quas aut dolore est ut.','10','10','50','100','active','2024-07-04 04:40:53','2024-07-04 04:40:53'),
(234,1169,1006,234,34,'Sint praesentium et consequatur.','10','10','50','100','active','2024-07-04 04:40:53','2024-07-04 04:40:53'),
(235,1174,1006,235,34,'Illo corrupti qui enim eius dolor enim.','10','10','50','100','active','2024-07-04 04:40:53','2024-07-04 04:40:53'),
(236,1179,1006,236,34,'Est dolorem iusto quisquam velit aut vel.','10','10','50','100','active','2024-07-04 04:40:53','2024-07-04 04:40:53'),
(237,1184,1006,237,34,'Dicta molestiae eveniet cum sed voluptatibus.','10','10','50','100','active','2024-07-04 04:40:54','2024-07-04 04:40:54'),
(238,1189,1006,238,34,'Sunt placeat molestiae natus est.','10','10','50','100','active','2024-07-04 04:40:54','2024-07-04 04:40:54'),
(239,1194,1011,239,35,'QUIZ: This is a demo quiz test','10','10','50','100','active','2024-07-04 04:40:54','2024-07-04 04:40:54'),
(240,1199,1011,240,35,'Qui aut nihil omnis.','10','10','50','100','active','2024-07-04 04:40:54','2024-07-04 04:40:54'),
(241,1204,1011,241,35,'Quam ut saepe quibusdam doloremque similique.','10','10','50','100','active','2024-07-04 04:40:54','2024-07-04 04:40:54'),
(242,1209,1011,242,35,'Ut quia non vitae.','10','10','50','100','active','2024-07-04 04:40:54','2024-07-04 04:40:54'),
(243,1214,1011,243,35,'Autem et fugiat nisi.','10','10','50','100','active','2024-07-04 04:40:54','2024-07-04 04:40:54'),
(244,1219,1011,244,35,'Illum est inventore ut aperiam et magni.','10','10','50','100','active','2024-07-04 04:40:54','2024-07-04 04:40:54'),
(245,1224,1011,245,35,'Veritatis numquam cupiditate esse ut at ut.','10','10','50','100','active','2024-07-04 04:40:54','2024-07-04 04:40:54'),
(246,1229,1002,246,36,'QUIZ: This is a demo quiz test','10','10','50','100','active','2024-07-04 04:40:54','2024-07-04 04:40:54'),
(247,1234,1002,247,36,'Quo est placeat et dolor similique.','10','10','50','100','active','2024-07-04 04:40:54','2024-07-04 04:40:54'),
(248,1239,1002,248,36,'Veniam maiores dolorum in vitae sequi quia.','10','10','50','100','active','2024-07-04 04:40:54','2024-07-04 04:40:54'),
(249,1244,1002,249,36,'Fugiat temporibus dolor aut maxime dolor.','10','10','50','100','active','2024-07-04 04:40:54','2024-07-04 04:40:54'),
(250,1249,1002,250,36,'Dolorem nam sunt sed amet distinctio minima.','10','10','50','100','active','2024-07-04 04:40:54','2024-07-04 04:40:54'),
(251,1254,1002,251,36,'Quam perspiciatis et assumenda qui modi aperiam.','10','10','50','100','active','2024-07-04 04:40:54','2024-07-04 04:40:54'),
(252,1259,1002,252,36,'Facilis ratione quis tempore.','10','10','50','100','active','2024-07-04 04:40:54','2024-07-04 04:40:54'),
(253,1264,1011,253,37,'QUIZ: This is a demo quiz test','10','10','50','100','active','2024-07-04 04:40:54','2024-07-04 04:40:54'),
(254,1269,1011,254,37,'Dolorem non id cupiditate accusamus quia.','10','10','50','100','active','2024-07-04 04:40:54','2024-07-04 04:40:54'),
(255,1274,1011,255,37,'Veniam ut laudantium voluptatem.','10','10','50','100','active','2024-07-04 04:40:54','2024-07-04 04:40:54'),
(256,1279,1011,256,37,'Aspernatur velit culpa consectetur eum.','10','10','50','100','active','2024-07-04 04:40:54','2024-07-04 04:40:54'),
(257,1284,1011,257,37,'Hic et quae esse.','10','10','50','100','active','2024-07-04 04:40:54','2024-07-04 04:40:54'),
(258,1289,1011,258,37,'Doloremque quidem expedita sed.','10','10','50','100','active','2024-07-04 04:40:54','2024-07-04 04:40:54'),
(259,1294,1011,259,37,'Repellat ut esse in.','10','10','50','100','active','2024-07-04 04:40:54','2024-07-04 04:40:54'),
(260,1299,1005,260,38,'QUIZ: This is a demo quiz test','10','10','50','100','active','2024-07-04 04:40:55','2024-07-04 04:40:55'),
(261,1304,1005,261,38,'Error nulla eos tempore.','10','10','50','100','active','2024-07-04 04:40:55','2024-07-04 04:40:55'),
(262,1309,1005,262,38,'Et ipsam velit porro velit consequuntur nesciunt.','10','10','50','100','active','2024-07-04 04:40:55','2024-07-04 04:40:55'),
(263,1314,1005,263,38,'Dicta nobis enim minus et quaerat.','10','10','50','100','active','2024-07-04 04:40:55','2024-07-04 04:40:55'),
(264,1319,1005,264,38,'Ea rerum quam aut cum.','10','10','50','100','active','2024-07-04 04:40:55','2024-07-04 04:40:55'),
(265,1324,1005,265,38,'Voluptates eum quaerat et voluptatum repellat.','10','10','50','100','active','2024-07-04 04:40:55','2024-07-04 04:40:55'),
(266,1329,1005,266,38,'Dolores expedita amet deleniti quos eos.','10','10','50','100','active','2024-07-04 04:40:55','2024-07-04 04:40:55'),
(267,1334,1003,267,39,'QUIZ: This is a demo quiz test','10','10','50','100','active','2024-07-04 04:40:55','2024-07-04 04:40:55'),
(268,1339,1003,268,39,'Quia est sit adipisci eos odio hic.','10','10','50','100','active','2024-07-04 04:40:55','2024-07-04 04:40:55'),
(269,1344,1003,269,39,'Perferendis ea odit sequi.','10','10','50','100','active','2024-07-04 04:40:55','2024-07-04 04:40:55'),
(270,1349,1003,270,39,'Aliquid ipsam cum vel.','10','10','50','100','active','2024-07-04 04:40:55','2024-07-04 04:40:55'),
(271,1354,1003,271,39,'Qui ullam hic eos.','10','10','50','100','active','2024-07-04 04:40:55','2024-07-04 04:40:55'),
(272,1359,1003,272,39,'Quisquam quos sit maiores velit magnam laboriosam.','10','10','50','100','active','2024-07-04 04:40:55','2024-07-04 04:40:55'),
(273,1364,1003,273,39,'Enim eveniet corrupti dolorum.','10','10','50','100','active','2024-07-04 04:40:55','2024-07-04 04:40:55'),
(274,1369,1003,274,40,'QUIZ: This is a demo quiz test','10','10','50','100','active','2024-07-04 04:40:55','2024-07-04 04:40:55'),
(275,1374,1003,275,40,'Nihil assumenda assumenda consequatur.','10','10','50','100','active','2024-07-04 04:40:55','2024-07-04 04:40:55'),
(276,1379,1003,276,40,'Quibusdam neque asperiores atque dolor sed.','10','10','50','100','active','2024-07-04 04:40:55','2024-07-04 04:40:55'),
(277,1384,1003,277,40,'Omnis aut aliquid exercitationem doloribus velit.','10','10','50','100','active','2024-07-04 04:40:55','2024-07-04 04:40:55'),
(278,1389,1003,278,40,'Sint exercitationem sequi laborum occaecati id iusto.','10','10','50','100','active','2024-07-04 04:40:55','2024-07-04 04:40:55'),
(279,1394,1003,279,40,'Iure nostrum nisi quidem perspiciatis voluptas.','10','10','50','100','active','2024-07-04 04:40:55','2024-07-04 04:40:55'),
(280,1399,1003,280,40,'Eos nobis provident consequatur expedita fuga.','10','10','50','100','active','2024-07-04 04:40:55','2024-07-04 04:40:55'),
(281,1404,1009,281,41,'QUIZ: This is a demo quiz test','10','10','50','100','active','2024-07-04 04:40:55','2024-07-04 04:40:55'),
(282,1409,1009,282,41,'Natus quis iure et sequi labore quam.','10','10','50','100','active','2024-07-04 04:40:55','2024-07-04 04:40:55'),
(283,1414,1009,283,41,'Minus maiores enim qui eligendi.','10','10','50','100','active','2024-07-04 04:40:55','2024-07-04 04:40:55'),
(284,1419,1009,284,41,'Aut sint soluta alias explicabo quo.','10','10','50','100','active','2024-07-04 04:40:55','2024-07-04 04:40:55'),
(285,1424,1009,285,41,'Eum assumenda minus nihil quia possimus rerum.','10','10','50','100','active','2024-07-04 04:40:56','2024-07-04 04:40:56'),
(286,1429,1009,286,41,'Qui veniam iure maiores facere.','10','10','50','100','active','2024-07-04 04:40:56','2024-07-04 04:40:56'),
(287,1434,1009,287,41,'Exercitationem tempora quo qui eos.','10','10','50','100','active','2024-07-04 04:40:56','2024-07-04 04:40:56'),
(288,1439,1002,288,42,'QUIZ: This is a demo quiz test','10','10','50','100','active','2024-07-04 04:40:56','2024-07-04 04:40:56'),
(289,1444,1002,289,42,'Dolorum dolores consequuntur dignissimos et.','10','10','50','100','active','2024-07-04 04:40:56','2024-07-04 04:40:56'),
(290,1449,1002,290,42,'Eum qui modi voluptas.','10','10','50','100','active','2024-07-04 04:40:56','2024-07-04 04:40:56'),
(291,1454,1002,291,42,'Quisquam sequi totam sit possimus tempora dolore.','10','10','50','100','active','2024-07-04 04:40:56','2024-07-04 04:40:56'),
(292,1459,1002,292,42,'Architecto voluptas non dolorem consequatur officia.','10','10','50','100','active','2024-07-04 04:40:56','2024-07-04 04:40:56'),
(293,1464,1002,293,42,'Placeat iusto consequuntur sit pariatur.','10','10','50','100','active','2024-07-04 04:40:56','2024-07-04 04:40:56'),
(294,1469,1002,294,42,'Inventore magni nemo iste minima cupiditate labore.','10','10','50','100','active','2024-07-04 04:40:56','2024-07-04 04:40:56'),
(295,1474,1004,295,43,'QUIZ: This is a demo quiz test','10','10','50','100','active','2024-07-04 04:40:56','2024-07-04 04:40:56'),
(296,1479,1004,296,43,'Sed vel quidem eius amet sunt.','10','10','50','100','active','2024-07-04 04:40:56','2024-07-04 04:40:56'),
(297,1484,1004,297,43,'Quasi eos occaecati aut.','10','10','50','100','active','2024-07-04 04:40:56','2024-07-04 04:40:56'),
(298,1489,1004,298,43,'Voluptatem quam qui reiciendis fuga ut qui.','10','10','50','100','active','2024-07-04 04:40:56','2024-07-04 04:40:56'),
(299,1494,1004,299,43,'Iste perferendis quasi dignissimos non maxime.','10','10','50','100','active','2024-07-04 04:40:56','2024-07-04 04:40:56'),
(300,1499,1004,300,43,'Inventore blanditiis voluptates illum eaque ad ipsum.','10','10','50','100','active','2024-07-04 04:40:56','2024-07-04 04:40:56'),
(301,1504,1004,301,43,'Qui illo sit nisi ut assumenda.','10','10','50','100','active','2024-07-04 04:40:56','2024-07-04 04:40:56'),
(302,1509,1002,302,44,'QUIZ: This is a demo quiz test','10','10','50','100','active','2024-07-04 04:40:56','2024-07-04 04:40:56'),
(303,1514,1002,303,44,'Voluptatibus quisquam enim vero sapiente.','10','10','50','100','active','2024-07-04 04:40:56','2024-07-04 04:40:56'),
(304,1519,1002,304,44,'Soluta voluptatem suscipit sequi inventore sint.','10','10','50','100','active','2024-07-04 04:40:56','2024-07-04 04:40:56'),
(305,1524,1002,305,44,'Est labore eius sint et.','10','10','50','100','active','2024-07-04 04:40:56','2024-07-04 04:40:56'),
(306,1529,1002,306,44,'Aut illum cupiditate quia quae qui.','10','10','50','100','active','2024-07-04 04:40:56','2024-07-04 04:40:56'),
(307,1534,1002,307,44,'Molestiae nobis quo ex voluptatem.','10','10','50','100','active','2024-07-04 04:40:56','2024-07-04 04:40:56'),
(308,1539,1002,308,44,'Veniam similique amet inventore.','10','10','50','100','active','2024-07-04 04:40:56','2024-07-04 04:40:56'),
(309,1544,1009,309,45,'QUIZ: This is a demo quiz test','10','10','50','100','active','2024-07-04 04:40:56','2024-07-04 04:40:56'),
(310,1549,1009,310,45,'Praesentium dolores iure molestiae non dolorem.','10','10','50','100','active','2024-07-04 04:40:57','2024-07-04 04:40:57'),
(311,1554,1009,311,45,'Dolorum accusantium dicta consequatur voluptatem et.','10','10','50','100','active','2024-07-04 04:40:57','2024-07-04 04:40:57'),
(312,1559,1009,312,45,'Repellat at in voluptatem sunt nemo expedita.','10','10','50','100','active','2024-07-04 04:40:57','2024-07-04 04:40:57'),
(313,1564,1009,313,45,'Eum vel quia quos est.','10','10','50','100','active','2024-07-04 04:40:57','2024-07-04 04:40:57'),
(314,1569,1009,314,45,'Est numquam libero harum.','10','10','50','100','active','2024-07-04 04:40:57','2024-07-04 04:40:57'),
(315,1574,1009,315,45,'Fuga voluptatum nihil dicta porro.','10','10','50','100','active','2024-07-04 04:40:57','2024-07-04 04:40:57'),
(316,1579,1002,316,46,'QUIZ: This is a demo quiz test','10','10','50','100','active','2024-07-04 04:40:57','2024-07-04 04:40:57'),
(317,1584,1002,317,46,'Rem at molestias et molestiae voluptatem.','10','10','50','100','active','2024-07-04 04:40:57','2024-07-04 04:40:57'),
(318,1589,1002,318,46,'Ea laborum aut doloribus dolorem voluptas maiores.','10','10','50','100','active','2024-07-04 04:40:57','2024-07-04 04:40:57'),
(319,1594,1002,319,46,'Cum nihil modi qui tempora rerum dolor.','10','10','50','100','active','2024-07-04 04:40:57','2024-07-04 04:40:57'),
(320,1599,1002,320,46,'Voluptatibus quisquam modi alias et rerum.','10','10','50','100','active','2024-07-04 04:40:57','2024-07-04 04:40:57'),
(321,1604,1002,321,46,'Veniam officia laboriosam dolor.','10','10','50','100','active','2024-07-04 04:40:57','2024-07-04 04:40:57'),
(322,1609,1002,322,46,'Voluptate unde neque delectus qui reprehenderit laborum.','10','10','50','100','active','2024-07-04 04:40:57','2024-07-04 04:40:57'),
(323,1614,1009,323,47,'QUIZ: This is a demo quiz test','10','10','50','100','active','2024-07-04 04:40:57','2024-07-04 04:40:57'),
(324,1619,1009,324,47,'Aut nihil iste quas consequatur.','10','10','50','100','active','2024-07-04 04:40:57','2024-07-04 04:40:57'),
(325,1624,1009,325,47,'Dolor adipisci accusamus quae.','10','10','50','100','active','2024-07-04 04:40:57','2024-07-04 04:40:57'),
(326,1629,1009,326,47,'Quis ut vel necessitatibus dolores.','10','10','50','100','active','2024-07-04 04:40:57','2024-07-04 04:40:57'),
(327,1634,1009,327,47,'Voluptatum voluptatem laborum consequatur sed.','10','10','50','100','active','2024-07-04 04:40:57','2024-07-04 04:40:57'),
(328,1639,1009,328,47,'Expedita repudiandae velit aut vitae aperiam.','10','10','50','100','active','2024-07-04 04:40:57','2024-07-04 04:40:57'),
(329,1644,1009,329,47,'Iste nihil nobis quisquam et mollitia velit.','10','10','50','100','active','2024-07-04 04:40:57','2024-07-04 04:40:57'),
(330,1649,1012,330,48,'QUIZ: This is a demo quiz test','10','10','50','100','active','2024-07-04 04:40:57','2024-07-04 04:40:57'),
(331,1654,1012,331,48,'Non odit odit ut.','10','10','50','100','active','2024-07-04 04:40:57','2024-07-04 04:40:57'),
(332,1659,1012,332,48,'Corrupti possimus officiis esse molestias nihil.','10','10','50','100','active','2024-07-04 04:40:57','2024-07-04 04:40:57'),
(333,1664,1012,333,48,'Vero fugiat quia nemo sed.','10','10','50','100','active','2024-07-04 04:40:57','2024-07-04 04:40:57'),
(334,1669,1012,334,48,'Eius magnam aut sit soluta vel provident.','10','10','50','100','active','2024-07-04 04:40:57','2024-07-04 04:40:57'),
(335,1674,1012,335,48,'Assumenda nihil odio aut commodi.','10','10','50','100','active','2024-07-04 04:40:58','2024-07-04 04:40:58'),
(336,1679,1012,336,48,'Veritatis enim aliquid laborum dignissimos.','10','10','50','100','active','2024-07-04 04:40:58','2024-07-04 04:40:58'),
(337,1684,1006,337,49,'QUIZ: This is a demo quiz test','10','10','50','100','active','2024-07-04 04:40:58','2024-07-04 04:40:58'),
(338,1689,1006,338,49,'Deleniti incidunt iste eius.','10','10','50','100','active','2024-07-04 04:40:58','2024-07-04 04:40:58'),
(339,1694,1006,339,49,'Ducimus amet sint laboriosam.','10','10','50','100','active','2024-07-04 04:40:58','2024-07-04 04:40:58'),
(340,1699,1006,340,49,'Deserunt rerum aliquam nihil.','10','10','50','100','active','2024-07-04 04:40:58','2024-07-04 04:40:58'),
(341,1704,1006,341,49,'Quidem ut fugiat sapiente sed voluptas porro.','10','10','50','100','active','2024-07-04 04:40:58','2024-07-04 04:40:58'),
(342,1709,1006,342,49,'Quia et laboriosam modi quam.','10','10','50','100','active','2024-07-04 04:40:58','2024-07-04 04:40:58'),
(343,1714,1006,343,49,'Sequi quos aliquid consequatur dolor.','10','10','50','100','active','2024-07-04 04:40:58','2024-07-04 04:40:58'),
(344,1719,1009,344,50,'QUIZ: This is a demo quiz test','10','10','50','100','active','2024-07-04 04:40:58','2024-07-04 04:40:58'),
(345,1724,1009,345,50,'Id inventore veritatis est.','10','10','50','100','active','2024-07-04 04:40:58','2024-07-04 04:40:58'),
(346,1729,1009,346,50,'Quaerat tenetur exercitationem nostrum animi.','10','10','50','100','active','2024-07-04 04:40:58','2024-07-04 04:40:58'),
(347,1734,1009,347,50,'Ratione accusamus at eos.','10','10','50','100','active','2024-07-04 04:40:58','2024-07-04 04:40:58'),
(348,1739,1009,348,50,'Tenetur vel aut aut animi magnam.','10','10','50','100','active','2024-07-04 04:40:58','2024-07-04 04:40:58'),
(349,1744,1009,349,50,'Fuga et ipsa molestias.','10','10','50','100','active','2024-07-04 04:40:58','2024-07-04 04:40:58'),
(350,1749,1009,350,50,'Voluptas sunt corrupti facere voluptatem rem.','10','10','50','100','active','2024-07-04 04:40:58','2024-07-04 04:40:58'),
(351,1754,1011,351,51,'QUIZ: This is a demo quiz test','10','10','50','100','active','2024-07-04 04:40:58','2024-07-04 04:40:58'),
(352,1759,1011,352,51,'Exercitationem est dolore error ut.','10','10','50','100','active','2024-07-04 04:40:58','2024-07-04 04:40:58'),
(353,1764,1011,353,51,'Nisi nesciunt atque vitae cupiditate iure eaque.','10','10','50','100','active','2024-07-04 04:40:58','2024-07-04 04:40:58'),
(354,1769,1011,354,51,'Ratione et consectetur deserunt sunt voluptatibus.','10','10','50','100','active','2024-07-04 04:40:58','2024-07-04 04:40:58'),
(355,1774,1011,355,51,'Nihil nisi repellat assumenda.','10','10','50','100','active','2024-07-04 04:40:58','2024-07-04 04:40:58'),
(356,1779,1011,356,51,'Corporis aut enim sapiente praesentium.','10','10','50','100','active','2024-07-04 04:40:58','2024-07-04 04:40:58'),
(357,1784,1011,357,51,'Nisi et officia inventore.','10','10','50','100','active','2024-07-04 04:40:58','2024-07-04 04:40:58'),
(358,1789,1011,358,52,'QUIZ: This is a demo quiz test','10','10','50','100','active','2024-07-04 04:40:58','2024-07-04 04:40:58'),
(359,1794,1011,359,52,'Minus repellat aperiam ullam voluptatem sunt neque.','10','10','50','100','active','2024-07-04 04:40:59','2024-07-04 04:40:59'),
(360,1799,1011,360,52,'Exercitationem vitae nihil dolorum sit corrupti.','10','10','50','100','active','2024-07-04 04:40:59','2024-07-04 04:40:59'),
(361,1804,1011,361,52,'Laborum qui ut quia nisi officiis ea.','10','10','50','100','active','2024-07-04 04:40:59','2024-07-04 04:40:59'),
(362,1809,1011,362,52,'Magnam molestiae amet incidunt tempore.','10','10','50','100','active','2024-07-04 04:40:59','2024-07-04 04:40:59'),
(363,1814,1011,363,52,'Eos fugit voluptatum quasi.','10','10','50','100','active','2024-07-04 04:40:59','2024-07-04 04:40:59'),
(364,1819,1011,364,52,'At et sit aut quaerat.','10','10','50','100','active','2024-07-04 04:40:59','2024-07-04 04:40:59'),
(365,1824,1012,365,53,'QUIZ: This is a demo quiz test','10','10','50','100','active','2024-07-04 04:40:59','2024-07-04 04:40:59'),
(366,1829,1012,366,53,'Deserunt numquam libero eum atque iure odit.','10','10','50','100','active','2024-07-04 04:40:59','2024-07-04 04:40:59'),
(367,1834,1012,367,53,'Sed assumenda doloribus at.','10','10','50','100','active','2024-07-04 04:40:59','2024-07-04 04:40:59'),
(368,1839,1012,368,53,'Voluptatem cum necessitatibus ducimus molestias.','10','10','50','100','active','2024-07-04 04:40:59','2024-07-04 04:40:59'),
(369,1844,1012,369,53,'Tempore aliquid in voluptate ea.','10','10','50','100','active','2024-07-04 04:40:59','2024-07-04 04:40:59'),
(370,1849,1012,370,53,'Sunt minus repellat enim.','10','10','50','100','active','2024-07-04 04:40:59','2024-07-04 04:40:59'),
(371,1854,1012,371,53,'Explicabo animi soluta sapiente voluptas itaque.','10','10','50','100','active','2024-07-04 04:40:59','2024-07-04 04:40:59'),
(372,1859,1006,372,54,'QUIZ: This is a demo quiz test','10','10','50','100','active','2024-07-04 04:40:59','2024-07-04 04:40:59'),
(373,1864,1006,373,54,'Ex error est quia dolores minima reprehenderit.','10','10','50','100','active','2024-07-04 04:40:59','2024-07-04 04:40:59'),
(374,1869,1006,374,54,'Numquam et ratione impedit officiis.','10','10','50','100','active','2024-07-04 04:40:59','2024-07-04 04:40:59'),
(375,1874,1006,375,54,'Modi voluptatum quasi in.','10','10','50','100','active','2024-07-04 04:40:59','2024-07-04 04:40:59'),
(376,1879,1006,376,54,'Nemo dolor et et dolore.','10','10','50','100','active','2024-07-04 04:40:59','2024-07-04 04:40:59'),
(377,1884,1006,377,54,'Laborum quae consequatur sint dolorum dolore sed.','10','10','50','100','active','2024-07-04 04:40:59','2024-07-04 04:40:59'),
(378,1889,1006,378,54,'Quo suscipit nemo quis libero cupiditate.','10','10','50','100','active','2024-07-04 04:40:59','2024-07-04 04:40:59'),
(379,1894,1006,379,55,'QUIZ: This is a demo quiz test','10','10','50','100','active','2024-07-04 04:40:59','2024-07-04 04:40:59'),
(380,1899,1006,380,55,'Eius asperiores nihil eos ipsa tenetur assumenda.','10','10','50','100','active','2024-07-04 04:40:59','2024-07-04 04:40:59'),
(381,1904,1006,381,55,'Qui similique suscipit eos dolor.','10','10','50','100','active','2024-07-04 04:40:59','2024-07-04 04:40:59'),
(382,1909,1006,382,55,'Sequi aut soluta iste.','10','10','50','100','active','2024-07-04 04:40:59','2024-07-04 04:40:59'),
(383,1914,1006,383,55,'Qui non maxime temporibus ad distinctio vel.','10','10','50','100','active','2024-07-04 04:40:59','2024-07-04 04:40:59'),
(384,1919,1006,384,55,'Corporis et error dolores.','10','10','50','100','active','2024-07-04 04:41:00','2024-07-04 04:41:00'),
(385,1924,1006,385,55,'A est accusantium velit illo.','10','10','50','100','active','2024-07-04 04:41:00','2024-07-04 04:41:00'),
(386,1929,1003,386,56,'QUIZ: This is a demo quiz test','10','10','50','100','active','2024-07-04 04:41:00','2024-07-04 04:41:00'),
(387,1934,1003,387,56,'Quidem ut exercitationem aliquam aliquam.','10','10','50','100','active','2024-07-04 04:41:00','2024-07-04 04:41:00'),
(388,1939,1003,388,56,'Unde laborum ipsam assumenda non.','10','10','50','100','active','2024-07-04 04:41:00','2024-07-04 04:41:00'),
(389,1944,1003,389,56,'Voluptatum aut eos ut vitae repudiandae.','10','10','50','100','active','2024-07-04 04:41:00','2024-07-04 04:41:00'),
(390,1949,1003,390,56,'Molestias et aperiam et ut reiciendis.','10','10','50','100','active','2024-07-04 04:41:00','2024-07-04 04:41:00'),
(391,1954,1003,391,56,'Quia omnis dicta consectetur non ea.','10','10','50','100','active','2024-07-04 04:41:00','2024-07-04 04:41:00'),
(392,1959,1003,392,56,'Reiciendis quaerat et iure alias.','10','10','50','100','active','2024-07-04 04:41:00','2024-07-04 04:41:00'),
(393,1964,1003,393,57,'QUIZ: This is a demo quiz test','10','10','50','100','active','2024-07-04 04:41:00','2024-07-04 04:41:00'),
(394,1969,1003,394,57,'Aperiam qui earum ut.','10','10','50','100','active','2024-07-04 04:41:00','2024-07-04 04:41:00'),
(395,1974,1003,395,57,'Amet ut voluptas rerum.','10','10','50','100','active','2024-07-04 04:41:00','2024-07-04 04:41:00'),
(396,1979,1003,396,57,'Culpa totam odit molestias.','10','10','50','100','active','2024-07-04 04:41:00','2024-07-04 04:41:00'),
(397,1984,1003,397,57,'Fuga veritatis voluptatem qui quo mollitia.','10','10','50','100','active','2024-07-04 04:41:00','2024-07-04 04:41:00'),
(398,1989,1003,398,57,'Ut minus ipsam accusantium.','10','10','50','100','active','2024-07-04 04:41:00','2024-07-04 04:41:00'),
(399,1994,1003,399,57,'Dolor qui harum et reprehenderit.','10','10','50','100','active','2024-07-04 04:41:00','2024-07-04 04:41:00'),
(400,1999,1004,400,58,'QUIZ: This is a demo quiz test','10','10','50','100','active','2024-07-04 04:41:00','2024-07-04 04:41:00'),
(401,2004,1004,401,58,'Provident illum ducimus voluptatem.','10','10','50','100','active','2024-07-04 04:41:00','2024-07-04 04:41:00'),
(402,2009,1004,402,58,'Cum provident facilis in dolor.','10','10','50','100','active','2024-07-04 04:41:00','2024-07-04 04:41:00'),
(403,2014,1004,403,58,'Eveniet voluptatum quae autem non explicabo ea.','10','10','50','100','active','2024-07-04 04:41:00','2024-07-04 04:41:00'),
(404,2019,1004,404,58,'Eos aut qui voluptas magni dolores et.','10','10','50','100','active','2024-07-04 04:41:00','2024-07-04 04:41:00'),
(405,2024,1004,405,58,'Numquam adipisci iusto velit alias accusantium eligendi.','10','10','50','100','active','2024-07-04 04:41:00','2024-07-04 04:41:00'),
(406,2029,1004,406,58,'Culpa facere quam explicabo et.','10','10','50','100','active','2024-07-04 04:41:00','2024-07-04 04:41:00'),
(407,2034,1009,407,59,'QUIZ: This is a demo quiz test','10','10','50','100','active','2024-07-04 04:41:01','2024-07-04 04:41:01'),
(408,2039,1009,408,59,'Ut recusandae libero quam et et quo.','10','10','50','100','active','2024-07-04 04:41:01','2024-07-04 04:41:01'),
(409,2044,1009,409,59,'Nemo quia consequatur officia vel.','10','10','50','100','active','2024-07-04 04:41:01','2024-07-04 04:41:01'),
(410,2049,1009,410,59,'Nostrum aut illum omnis voluptatibus.','10','10','50','100','active','2024-07-04 04:41:01','2024-07-04 04:41:01'),
(411,2054,1009,411,59,'Minima repudiandae maxime voluptas odio sapiente libero.','10','10','50','100','active','2024-07-04 04:41:01','2024-07-04 04:41:01'),
(412,2059,1009,412,59,'Ducimus debitis ipsam reprehenderit ratione optio ratione.','10','10','50','100','active','2024-07-04 04:41:01','2024-07-04 04:41:01'),
(413,2064,1009,413,59,'In illo consequuntur est voluptates doloremque.','10','10','50','100','active','2024-07-04 04:41:01','2024-07-04 04:41:01'),
(414,2069,1006,414,60,'QUIZ: This is a demo quiz test','10','10','50','100','active','2024-07-04 04:41:01','2024-07-04 04:41:01'),
(415,2074,1006,415,60,'Deleniti mollitia hic voluptatem.','10','10','50','100','active','2024-07-04 04:41:01','2024-07-04 04:41:01'),
(416,2079,1006,416,60,'Nobis commodi eum minima hic et.','10','10','50','100','active','2024-07-04 04:41:01','2024-07-04 04:41:01'),
(417,2084,1006,417,60,'Omnis quod suscipit voluptates repudiandae quae.','10','10','50','100','active','2024-07-04 04:41:01','2024-07-04 04:41:01'),
(418,2089,1006,418,60,'Cumque aut deleniti delectus corporis.','10','10','50','100','active','2024-07-04 04:41:01','2024-07-04 04:41:01'),
(419,2094,1006,419,60,'Maxime consequuntur necessitatibus aut aliquam aut commodi.','10','10','50','100','active','2024-07-04 04:41:01','2024-07-04 04:41:01'),
(420,2099,1006,420,60,'Animi vel ut et.','10','10','50','100','active','2024-07-04 04:41:01','2024-07-04 04:41:01'),
(421,2104,1002,421,61,'QUIZ: This is a demo quiz test','10','10','50','100','active','2024-07-04 04:41:01','2024-07-04 04:41:01'),
(422,2109,1002,422,61,'Dignissimos ab debitis harum dolores repellat molestiae.','10','10','50','100','active','2024-07-04 04:41:01','2024-07-04 04:41:01'),
(423,2114,1002,423,61,'Laudantium voluptatem odio omnis.','10','10','50','100','active','2024-07-04 04:41:01','2024-07-04 04:41:01'),
(424,2119,1002,424,61,'Debitis numquam incidunt et est.','10','10','50','100','active','2024-07-04 04:41:01','2024-07-04 04:41:01'),
(425,2124,1002,425,61,'Quia libero non voluptate earum.','10','10','50','100','active','2024-07-04 04:41:01','2024-07-04 04:41:01'),
(426,2129,1002,426,61,'Officiis quo vel nisi itaque.','10','10','50','100','active','2024-07-04 04:41:01','2024-07-04 04:41:01'),
(427,2134,1002,427,61,'Vitae quaerat voluptatem et delectus eos quia.','10','10','50','100','active','2024-07-04 04:41:01','2024-07-04 04:41:01'),
(428,2139,1005,428,62,'QUIZ: This is a demo quiz test','10','10','50','100','active','2024-07-04 04:41:01','2024-07-04 04:41:01'),
(429,2144,1005,429,62,'Unde ipsa excepturi rerum sint velit.','10','10','50','100','active','2024-07-04 04:41:01','2024-07-04 04:41:01'),
(430,2149,1005,430,62,'Rem laboriosam dolores quod eos deserunt.','10','10','50','100','active','2024-07-04 04:41:01','2024-07-04 04:41:01'),
(431,2154,1005,431,62,'Nostrum eveniet earum qui provident rem unde.','10','10','50','100','active','2024-07-04 04:41:01','2024-07-04 04:41:01'),
(432,2159,1005,432,62,'Inventore vero cum et nihil.','10','10','50','100','active','2024-07-04 04:41:02','2024-07-04 04:41:02'),
(433,2164,1005,433,62,'Repudiandae quo asperiores est assumenda.','10','10','50','100','active','2024-07-04 04:41:02','2024-07-04 04:41:02'),
(434,2169,1005,434,62,'Iusto molestiae consectetur voluptatem.','10','10','50','100','active','2024-07-04 04:41:02','2024-07-04 04:41:02'),
(435,2174,1004,435,63,'QUIZ: This is a demo quiz test','10','10','50','100','active','2024-07-04 04:41:02','2024-07-04 04:41:02'),
(436,2179,1004,436,63,'Aut in fuga hic labore sit perspiciatis.','10','10','50','100','active','2024-07-04 04:41:02','2024-07-04 04:41:02'),
(437,2184,1004,437,63,'Et velit inventore animi dolores natus.','10','10','50','100','active','2024-07-04 04:41:02','2024-07-04 04:41:02'),
(438,2189,1004,438,63,'Est dolore mollitia ex natus.','10','10','50','100','active','2024-07-04 04:41:02','2024-07-04 04:41:02'),
(439,2194,1004,439,63,'Est quasi asperiores laudantium.','10','10','50','100','active','2024-07-04 04:41:02','2024-07-04 04:41:02'),
(440,2199,1004,440,63,'Dolor ut sint laudantium accusantium.','10','10','50','100','active','2024-07-04 04:41:02','2024-07-04 04:41:02'),
(441,2204,1004,441,63,'Ut hic omnis aliquam.','10','10','50','100','active','2024-07-04 04:41:02','2024-07-04 04:41:02'),
(442,2209,1003,442,64,'QUIZ: This is a demo quiz test','10','10','50','100','active','2024-07-04 04:41:02','2024-07-04 04:41:02'),
(443,2214,1003,443,64,'Maiores sapiente architecto quidem inventore.','10','10','50','100','active','2024-07-04 04:41:02','2024-07-04 04:41:02'),
(444,2219,1003,444,64,'Reiciendis ex quasi iure.','10','10','50','100','active','2024-07-04 04:41:02','2024-07-04 04:41:02'),
(445,2224,1003,445,64,'Quasi earum saepe et in nulla voluptatum similique.','10','10','50','100','active','2024-07-04 04:41:02','2024-07-04 04:41:02'),
(446,2229,1003,446,64,'Aspernatur vero cupiditate sint impedit.','10','10','50','100','active','2024-07-04 04:41:02','2024-07-04 04:41:02'),
(447,2234,1003,447,64,'In ab porro non ipsam vel.','10','10','50','100','active','2024-07-04 04:41:02','2024-07-04 04:41:02'),
(448,2239,1003,448,64,'Aut aut a et cum nostrum ut.','10','10','50','100','active','2024-07-04 04:41:02','2024-07-04 04:41:02'),
(449,2244,1003,449,65,'QUIZ: This is a demo quiz test','10','10','50','100','active','2024-07-04 04:41:02','2024-07-04 04:41:02'),
(450,2249,1003,450,65,'Sunt nihil voluptates earum.','10','10','50','100','active','2024-07-04 04:41:02','2024-07-04 04:41:02'),
(451,2254,1003,451,65,'Ut quasi laborum voluptas eum.','10','10','50','100','active','2024-07-04 04:41:02','2024-07-04 04:41:02'),
(452,2259,1003,452,65,'Eos rem voluptatem a.','10','10','50','100','active','2024-07-04 04:41:02','2024-07-04 04:41:02'),
(453,2264,1003,453,65,'Qui quisquam id deleniti explicabo molestiae.','10','10','50','100','active','2024-07-04 04:41:02','2024-07-04 04:41:02'),
(454,2269,1003,454,65,'Tempore quo quisquam corrupti vero officia.','10','10','50','100','active','2024-07-04 04:41:02','2024-07-04 04:41:02'),
(455,2274,1003,455,65,'Quo numquam doloremque debitis id occaecati ut.','10','10','50','100','active','2024-07-04 04:41:02','2024-07-04 04:41:02'),
(456,2279,1011,456,66,'QUIZ: This is a demo quiz test','10','10','50','100','active','2024-07-04 04:41:03','2024-07-04 04:41:03'),
(457,2284,1011,457,66,'Perspiciatis officiis a quidem.','10','10','50','100','active','2024-07-04 04:41:03','2024-07-04 04:41:03'),
(458,2289,1011,458,66,'In provident sit ut.','10','10','50','100','active','2024-07-04 04:41:03','2024-07-04 04:41:03'),
(459,2294,1011,459,66,'Et vitae omnis qui aut.','10','10','50','100','active','2024-07-04 04:41:03','2024-07-04 04:41:03'),
(460,2299,1011,460,66,'Quasi veritatis magnam ab adipisci provident.','10','10','50','100','active','2024-07-04 04:41:03','2024-07-04 04:41:03'),
(461,2304,1011,461,66,'Ipsa earum cum praesentium.','10','10','50','100','active','2024-07-04 04:41:03','2024-07-04 04:41:03'),
(462,2309,1011,462,66,'Placeat eum provident ipsam.','10','10','50','100','active','2024-07-04 04:41:03','2024-07-04 04:41:03'),
(463,2314,1005,463,67,'QUIZ: This is a demo quiz test','10','10','50','100','active','2024-07-04 04:41:03','2024-07-04 04:41:03'),
(464,2319,1005,464,67,'Nihil mollitia sint blanditiis eos.','10','10','50','100','active','2024-07-04 04:41:03','2024-07-04 04:41:03'),
(465,2324,1005,465,67,'Fuga dolorem suscipit neque.','10','10','50','100','active','2024-07-04 04:41:03','2024-07-04 04:41:03'),
(466,2329,1005,466,67,'Veritatis nesciunt id repellendus.','10','10','50','100','active','2024-07-04 04:41:03','2024-07-04 04:41:03'),
(467,2334,1005,467,67,'Quos quia omnis est quo.','10','10','50','100','active','2024-07-04 04:41:03','2024-07-04 04:41:03'),
(468,2339,1005,468,67,'Sunt amet at ipsam assumenda vel.','10','10','50','100','active','2024-07-04 04:41:03','2024-07-04 04:41:03'),
(469,2344,1005,469,67,'Voluptas a quia labore necessitatibus sit.','10','10','50','100','active','2024-07-04 04:41:03','2024-07-04 04:41:03'),
(470,2349,1003,470,68,'QUIZ: This is a demo quiz test','10','10','50','100','active','2024-07-04 04:41:03','2024-07-04 04:41:03'),
(471,2354,1003,471,68,'Sed eligendi soluta fugit sed nihil quo.','10','10','50','100','active','2024-07-04 04:41:03','2024-07-04 04:41:03'),
(472,2359,1003,472,68,'Dolorem quia quo mollitia.','10','10','50','100','active','2024-07-04 04:41:03','2024-07-04 04:41:03'),
(473,2364,1003,473,68,'Quasi ipsum neque eum ut molestiae sit.','10','10','50','100','active','2024-07-04 04:41:03','2024-07-04 04:41:03'),
(474,2369,1003,474,68,'Incidunt dolorum est voluptatem quis ipsum.','10','10','50','100','active','2024-07-04 04:41:03','2024-07-04 04:41:03'),
(475,2374,1003,475,68,'Quo ut autem earum officiis fuga.','10','10','50','100','active','2024-07-04 04:41:03','2024-07-04 04:41:03'),
(476,2379,1003,476,68,'In voluptatem deleniti officiis.','10','10','50','100','active','2024-07-04 04:41:03','2024-07-04 04:41:03'),
(477,2384,1001,477,69,'QUIZ: This is a demo quiz test','10','10','50','100','active','2024-07-04 04:41:03','2024-07-04 04:41:03'),
(478,2389,1001,478,69,'Repellendus perspiciatis dolor deserunt commodi minima.','10','10','50','100','active','2024-07-04 04:41:03','2024-07-04 04:41:03'),
(479,2394,1001,479,69,'Dolorem provident dolorem omnis.','10','10','50','100','active','2024-07-04 04:41:03','2024-07-04 04:41:03'),
(480,2399,1001,480,69,'Recusandae similique magnam voluptates rerum.','10','10','50','100','active','2024-07-04 04:41:04','2024-07-04 04:41:04'),
(481,2404,1001,481,69,'Laudantium dicta delectus rerum.','10','10','50','100','active','2024-07-04 04:41:04','2024-07-04 04:41:04'),
(482,2409,1001,482,69,'Deserunt consequuntur id tempora magnam temporibus quo perferendis.','10','10','50','100','active','2024-07-04 04:41:04','2024-07-04 04:41:04'),
(483,2414,1001,483,69,'Aut dolor et qui eius aut eius.','10','10','50','100','active','2024-07-04 04:41:04','2024-07-04 04:41:04'),
(484,2419,1002,484,70,'QUIZ: This is a demo quiz test','10','10','50','100','active','2024-07-04 04:41:04','2024-07-04 04:41:04'),
(485,2424,1002,485,70,'Non aut nobis totam enim dolores et dolore.','10','10','50','100','active','2024-07-04 04:41:04','2024-07-04 04:41:04'),
(486,2429,1002,486,70,'Quia et commodi veritatis.','10','10','50','100','active','2024-07-04 04:41:04','2024-07-04 04:41:04'),
(487,2434,1002,487,70,'Consectetur ducimus quod ad.','10','10','50','100','active','2024-07-04 04:41:04','2024-07-04 04:41:04'),
(488,2439,1002,488,70,'Quia eius et explicabo.','10','10','50','100','active','2024-07-04 04:41:04','2024-07-04 04:41:04'),
(489,2444,1002,489,70,'Dolorem sint qui tempore delectus iusto sed qui.','10','10','50','100','active','2024-07-04 04:41:04','2024-07-04 04:41:04'),
(490,2449,1002,490,70,'Pariatur sed corrupti necessitatibus.','10','10','50','100','active','2024-07-04 04:41:04','2024-07-04 04:41:04');

/*Table structure for table `role_has_permissions` */


CREATE TABLE `role_has_permissions` (
  `permission_id` bigint(20) unsigned NOT NULL,
  `role_id` bigint(20) unsigned NOT NULL,
  PRIMARY KEY (`permission_id`,`role_id`),
  KEY `role_has_permissions_role_id_foreign` (`role_id`),
  CONSTRAINT `role_has_permissions_permission_id_foreign` FOREIGN KEY (`permission_id`) REFERENCES `permissions` (`id`) ON DELETE CASCADE,
  CONSTRAINT `role_has_permissions_role_id_foreign` FOREIGN KEY (`role_id`) REFERENCES `roles` (`id`) ON DELETE CASCADE
) ENGINE=InnoDB DEFAULT CHARSET=utf8mb4;

/*Data for the table `role_has_permissions` */

insert  into `role_has_permissions`(`permission_id`,`role_id`) values 
(1,1),
(2,1),
(3,1),
(4,1),
(5,1),
(6,1),
(7,1),
(8,1),
(9,1),
(10,1),
(11,1),
(12,1),
(13,1),
(14,1),
(15,1),
(16,1),
(17,1),
(18,1),
(19,1),
(20,1),
(21,1),
(22,1),
(23,1),
(24,1),
(25,1),
(26,1),
(27,1),
(28,1),
(29,1),
(30,1),
(31,1),
(32,1),
(33,1),
(34,1),
(35,1),
(36,1),
(37,1),
(38,1),
(39,1),
(40,1),
(41,1),
(42,1),
(43,1),
(44,1),
(45,1),
(46,1),
(47,1),
(48,1),
(49,1),
(50,1),
(51,1),
(52,1),
(53,1),
(54,1),
(55,1),
(56,1),
(57,1),
(58,1),
(59,1),
(60,1),
(61,1),
(62,1),
(63,1),
(64,1),
(65,1),
(66,1),
(67,1),
(68,1),
(69,1),
(70,1),
(71,1),
(72,1),
(73,1),
(74,1),
(75,1),
(76,1),
(77,1),
(78,1),
(79,1),
(80,1),
(81,1),
(82,1),
(83,1),
(84,1),
(85,1),
(86,1),
(87,1),
(88,1),
(89,1),
(90,1),
(91,1),
(92,1),
(93,1),
(94,1),
(95,1),
(96,1),
(97,1),
(98,1),
(99,1),
(100,1),
(101,1),
(102,1),
(103,1),
(104,1),
(105,1),
(106,1),
(107,1),
(108,1),
(109,1),
(110,1),
(111,1),
(112,1),
(113,1);

/*Table structure for table `roles` */


CREATE TABLE `roles` (
  `id` bigint(20) unsigned NOT NULL AUTO_INCREMENT,
  `name` varchar(255) NOT NULL,
  `guard_name` varchar(255) NOT NULL,
  `created_at` timestamp NULL DEFAULT NULL,
  `updated_at` timestamp NULL DEFAULT NULL,
  PRIMARY KEY (`id`),
  UNIQUE KEY `roles_name_guard_name_unique` (`name`,`guard_name`)
) ENGINE=InnoDB AUTO_INCREMENT=2 DEFAULT CHARSET=utf8mb4;

/*Data for the table `roles` */

insert  into `roles`(`id`,`name`,`guard_name`,`created_at`,`updated_at`) values 
(1,'Super Admin','admin','2024-06-03 09:02:30','2024-06-03 09:02:30');

/*Table structure for table `section_settings` */


CREATE TABLE `section_settings` (
  `id` bigint(20) unsigned NOT NULL AUTO_INCREMENT,
  `hero_section` tinyint(1) NOT NULL DEFAULT '0',
  `top_category_section` tinyint(1) NOT NULL DEFAULT '0',
  `brands_section` tinyint(1) NOT NULL DEFAULT '0',
  `about_section` tinyint(1) NOT NULL DEFAULT '0',
  `featured_course_section` tinyint(1) NOT NULL DEFAULT '0',
  `news_letter_section` tinyint(1) NOT NULL DEFAULT '0',
  `featured_instructor_section` tinyint(1) NOT NULL DEFAULT '0',
  `counter_section` tinyint(1) NOT NULL DEFAULT '0',
  `faq_section` tinyint(1) NOT NULL DEFAULT '0',
  `our_features_section` tinyint(1) NOT NULL DEFAULT '0',
  `testimonial_section` tinyint(1) NOT NULL DEFAULT '0',
  `banner_section` tinyint(1) NOT NULL DEFAULT '0',
  `latest_blog_section` tinyint(1) NOT NULL DEFAULT '0',
  `blog_page` tinyint(1) NOT NULL DEFAULT '0',
  `about_page` tinyint(1) NOT NULL DEFAULT '0',
  `contact_page` tinyint(1) NOT NULL DEFAULT '0',
  `created_at` timestamp NULL DEFAULT NULL,
  `updated_at` timestamp NULL DEFAULT NULL,
  PRIMARY KEY (`id`)
) ENGINE=InnoDB AUTO_INCREMENT=2 DEFAULT CHARSET=utf8mb4;

/*Data for the table `section_settings` */

insert  into `section_settings`(`id`,`hero_section`,`top_category_section`,`brands_section`,`about_section`,`featured_course_section`,`news_letter_section`,`featured_instructor_section`,`counter_section`,`faq_section`,`our_features_section`,`testimonial_section`,`banner_section`,`latest_blog_section`,`blog_page`,`about_page`,`contact_page`,`created_at`,`updated_at`) values 
(1,1,0,1,0,1,0,0,0,1,1,0,0,1,0,0,0,'2024-06-03 10:49:28','2025-03-05 14:15:26');

/*Table structure for table `section_translations` */


CREATE TABLE `section_translations` (
  `id` bigint(20) unsigned NOT NULL AUTO_INCREMENT,
  `section_id` bigint(20) unsigned NOT NULL,
  `lang_code` varchar(255) NOT NULL,
  `content` json NOT NULL,
  `created_at` timestamp NULL DEFAULT NULL,
  `updated_at` timestamp NULL DEFAULT NULL,
  PRIMARY KEY (`id`),
  KEY `section_translations_section_id_foreign` (`section_id`),
  CONSTRAINT `section_translations_section_id_foreign` FOREIGN KEY (`section_id`) REFERENCES `sections` (`id`) ON DELETE CASCADE
) ENGINE=InnoDB AUTO_INCREMENT=211 DEFAULT CHARSET=utf8mb4;

/*Data for the table `section_translations` */

insert  into `section_translations`(`id`,`section_id`,`lang_code`,`content`,`created_at`,`updated_at`) values 
(1,1,'en','{\"title\": \"Never Stop [Learning]\\\\Life {Never Stop} Teaching\", \"sub_title\": \"Every teaching and learning journey is unique Following\\\\We\'ll help guide your way.\", \"total_student\": \"80k\", \"total_instructor\": \"30k\", \"video_button_text\": \"Watch Our\\\\Class Demo\", \"action_button_text\": \"Check Our Courses\"}','2024-10-16 04:42:24','2024-10-16 04:42:24'),
(4,2,'en','{\"title\": \"Thousand Of Top [Courses]\\\\Now in One Place\", \"button_text\": \"More Info\", \"description\": \"<p class=\\\"\\\\&quot;desc\\\\&quot;\\\">Discover a vast collection of top-rated courses, covering a wide range of subjects and taught by expert instructors. Whether you\'re looking to advance your career</p>\\r\\n<ul>\\r\\n<li class=\\\"\\\\&quot;content\\\\&quot;\\\">The Most World Class Instructors</li>\\r\\n<li class=\\\"\\\\&quot;content\\\\&quot;\\\">Access Your Class anywhere</li>\\r\\n<li class=\\\"\\\\&quot;content\\\\&quot;\\\">Flexible Course Price</li>\\r\\n</ul>\", \"short_title\": \"Get More About Us\"}','2024-10-16 04:42:24','2024-10-16 04:48:06'),
(7,5,'en','{\"title\": \"Start Learning From World’s Pro Instructors\", \"description\": \"Groove’s intuitive shared inbox makes it easy for team members to organize, prioritize and.In this episode.\", \"short_title\": \"FAQs\"}','2024-10-16 04:42:24','2024-10-16 04:42:24'),
(10,6,'en','{\"title_one\": \"Learn with Experts\", \"title_two\": \"Learn Anything\", \"title_four\": \"E-mail Marketing\", \"title_three\": \"Get Online Certificate\", \"sub_title_one\": \"Elevate your learning. Trusted guidance, real results\", \"sub_title_two\": \"Master Any Skill. Unleash Your Potential and join the best\", \"sub_title_four\": \"Grow Your Business. Reach New Customers\", \"sub_title_three\": \"Master in Demand Skills. Soon Get Certified Today\"}','2024-10-16 04:42:24','2024-10-16 04:42:24'),
(13,8,'en','{\"title\": \"{Learning is [What You]\\\\Make of it. Make it Yours at SkillGro.}\", \"total_student\": \"36k\", \"total_instructor\": \"15k\", \"video_button_text\": \"Watch Our\\\\Class Demo\", \"action_button_text\": \"Check Our Courses\"}','2024-10-16 04:42:24','2024-10-16 04:42:24'),
(16,9,'en','{\"title\": \"Join Our Free Workshops\", \"button_text\": \"More Info\", \"description\": \"<p class=\\\"\\\\&quot;desc\\\\&quot;\\\">Discover a vast collection of top-rated courses, covering a wide range of subjects and taught by expert instructors. Whether you\'re looking to advance your career</p>\\r\\n<ul>\\r\\n<li class=\\\"\\\\&quot;content\\\\&quot;\\\">The Most World Class Instructors</li>\\r\\n<li class=\\\"\\\\&quot;content\\\\&quot;\\\">Access Your Class anywhere</li>\\r\\n<li class=\\\"\\\\&quot;content\\\\&quot;\\\">Flexible Course Price</li>\\r\\n</ul>\", \"short_title\": \"Free Workshop\"}','2024-10-16 04:42:24','2024-10-16 04:51:06'),
(19,11,'en','{\"title\": \"Thousands of [Courses]\\\\ authored by industry experts\"}','2024-10-16 04:42:24','2024-10-16 04:42:24'),
(22,12,'en','{\"title\": \"Start Learning From World’s Pro Instructors\", \"description\": \"Groove’s intuitive shared inbox makes it easy for team members to organize, prioritize and.In this episode.\", \"short_title\": \"FAQs\"}','2024-10-16 04:42:24','2024-10-16 04:42:24'),
(25,13,'en','{\"title_one\": \"Learn with Experts\", \"title_two\": \"Learn Anything\", \"title_four\": \"E-mail Marketing\", \"title_three\": \"Get Online Certificate\", \"sub_title_one\": \"Elevate your learning. Trusted guidance, real results\", \"sub_title_two\": \"Master Any Skill. Unleash Your Potential and join the best\", \"sub_title_four\": \"Grow Your Business. Reach New Customers\", \"sub_title_three\": \"Master in Demand Skills. Soon Get Certified Today\"}','2024-10-16 04:42:24','2024-10-16 04:42:24'),
(28,15,'en','{\"title\": \"Empowering Mind\\\\ Inspiring [Futures]\", \"sub_title\": \"Every teaching and learning journey is unique Following\\\\We\'ll help guide your way.\", \"short_title\": \"FOR A BETTER FUTURE\", \"total_student\": \"36k\", \"action_button_text\": \"Find your Course\"}','2024-10-16 04:42:24','2024-10-16 04:42:24'),
(31,16,'en','{\"title\": \"We Are One of The Largest, Most\\\\Diverse Universities in The USA\", \"button_text\": \"More Info\", \"description\": \"<p class=\\\"\\\\&quot;desc\\\\&quot;\\\">Discover a vast collection of top-rated courses, covering a wide range of subjects and taught by expert instructors. Whether you\'re looking to advance your career</p>\\r\\n<ul>\\r\\n<li class=\\\"\\\\&quot;content\\\\&quot;\\\">The Most World Class Instructors</li>\\r\\n<li class=\\\"\\\\&quot;content\\\\&quot;\\\">Access Your Class anywhere</li>\\r\\n<li class=\\\"\\\\&quot;content\\\\&quot;\\\">Flexible Course Price</li>\\r\\n</ul>\", \"short_title\": \"About Campus history\"}','2024-10-16 04:42:24','2024-10-16 04:52:04'),
(34,18,'en','{\"title\": \"Explore Majors & \\\\ [Programs]\", \"button_text\": \"Take A Tour\", \"description\": \"Choose from 16 undergraduate and graduate majors Board and the Mississippi Universities Board with goal of promoting collaboration.\"}','2024-10-16 04:42:24','2024-10-16 04:42:24'),
(37,19,'en','{\"title\": \"Start Learning From World’s Pro Instructors\", \"description\": \"Groove’s intuitive shared inbox makes it easy for team members to organize, prioritize and.In this episode.\", \"short_title\": \"FAQs\"}','2024-10-16 04:42:24','2024-10-16 04:42:24'),
(40,20,'en','{\"title_one\": \"Learn with Experts\", \"title_two\": \"Learn Anything\", \"title_four\": \"E-mail Marketing\", \"title_three\": \"Get Online Certificate\", \"sub_title_one\": \"Elevate your learning. Trusted guidance, real results\", \"sub_title_two\": \"Master Any Skill. Unleash Your Potential and join the best\", \"sub_title_four\": \"Grow Your Business. Reach New Customers\", \"sub_title_three\": \"Master in Demand Skills. Soon Get Certified Today\"}','2024-10-16 04:42:24','2024-10-16 04:42:24'),
(43,22,'en','{\"title_one\": \"{Temukan [Modul Belajar ]\\\\  & Kembangkan Pengetahuan Anda}\", \"title_two\": \"{Cari [Modul Belajar ]\\\\  & Tingkatkan Skill Anda}\", \"title_three\": \"{Cari [Modul Belajar ]\\\\  & Upgrade Pemahaman Anda}\", \"sub_title_one\": \"Belajar Online Pemahaman Aksi Konvergensi 2025\", \"sub_title_two\": \"Asah Skill Menggunakan Emonev Aksi Konvergensi 2025\", \"short_title_one\": \"Materi Pembelajaran Aksi Konvergensi\", \"short_title_two\": \"test\", \"sub_title_three\": \"Pahami Alur Proses Akshi Konvergensi 2025\", \"short_title_three\": \"Materi Pembelajaran Aksi Konvergensi\"}','2024-10-16 04:42:24','2025-03-12 10:11:16'),
(46,23,'en','{\"title\": \"Professional Courses taught\\\\ by industry leaders\", \"button_text\": \"More Info\", \"description\": \"<p class=\\\"\\\\&quot;desc\\\\&quot;\\\">Discover a vast collection of top-rated courses, covering a wide range of subjects and taught by expert instructors. Whether you\'re looking to advance your career</p>\\r\\n<ul>\\r\\n<li class=\\\"\\\\&quot;content\\\\&quot;\\\">The Most World Class Instructors</li>\\r\\n<li class=\\\"\\\\&quot;content\\\\&quot;\\\">Access Your Class anywhere</li>\\r\\n<li class=\\\"\\\\&quot;content\\\\&quot;\\\">Flexible Course Price</li>\\r\\n</ul>\", \"short_title\": \"Why Choose Us\"}','2024-10-16 04:42:24','2024-10-16 04:54:09'),
(49,25,'en','{\"title_one\": \"Belajar Bersama\", \"title_two\": \"Pelajari Fundamental\", \"title_four\": \"Tingkatkan Kapasitas Anda\", \"title_three\": \"Sertifikat Online\", \"sub_title_one\": \"Pemahaman Aksi Konvergensi\", \"sub_title_two\": \"Pelajari semua skill konvergensi\", \"sub_title_four\": \"Meningkatkan Kapasitas Pemahaman Anda\", \"sub_title_three\": \"Dapatkan Sertifikat Online\"}','2024-10-16 04:42:24','2025-03-05 13:34:07'),
(52,27,'en','{\"title\": \"Start Learning From World’s Pro Instructors\", \"description\": \"Groove’s intuitive shared inbox makes it easy for team members to organize, prioritize and.In this episode.\", \"short_title\": \"FAQs\"}','2024-10-16 04:42:24','2024-10-16 04:42:24'),
(55,28,'en','{\"title\": \"{[Jecov Rossy]}\", \"sub_title\": \"I’m here to help you find the confidence you need to feel amazing in your body!when an unknown printer took a galley of type and scrambled\\n                                it ecimen has survived not onlyled it to make.\", \"short_title\": \"Personal Yoga Coach\", \"total_student\": \"36k\", \"action_button_text\": \"Find Your Courses\"}','2024-10-16 04:42:24','2024-10-16 04:42:24'),
(58,29,'en','{\"sec_title\": \"Connecting Your Mind, Body \\\\ and Spirit through\", \"title_one\": \"Support & Motivation\", \"title_two\": \"Strong Body Life\", \"title_four\": \"E-mail Marketing\", \"title_three\": \"Increased Flexibility\", \"sub_title_one\": \"We are able to offer every yoga training experienced & best yoga trainer.\", \"sub_title_two\": \"We are able to offer every yoga training experienced & best yoga trainer.\", \"sub_title_four\": \"Grow Your Business. Reach New Customers\", \"sec_description\": \"We believe yoga can power transformation on and off the mat We are more than just yogis - we\'re mom\'s, \\\\ home makers, yoga studio owners, epic yoga retreat hosts\", \"sub_title_three\": \"We are able to offer every yoga training experienced & best yoga trainer.\"}','2024-10-16 04:42:24','2024-10-16 04:42:24'),
(61,30,'en','{\"title\": \"Trained {Your Body}\\\\ {Mind} Through Our {Yoga}\", \"button_text\": \"Check Schedule\", \"description\": \"<p class=\\\"\\\\&quot;desc\\\\&quot;\\\">When an unknown printer took a galley of type and scrambled it to make cimen has survived not only five centurieswnknown.when an unknown printer took a galley of type.</p>\\r\\n<ul>\\r\\n<li class=\\\"\\\\&quot;content\\\\&quot;\\\">The Most World Class Instructors</li>\\r\\n<li class=\\\"\\\\&quot;content\\\\&quot;\\\">Access Your Class anywhere</li>\\r\\n<li class=\\\"\\\\&quot;content\\\\&quot;\\\">Flexible Course Price</li>\\r\\n</ul>\", \"short_title\": \"Why Choose Us\"}','2024-10-16 04:42:24','2024-10-16 04:55:25'),
(64,33,'en','{\"title\": \"Start Learning From World’s Pro Instructors\", \"description\": \"Groove’s intuitive shared inbox makes it easy for team members to organize, prioritize and.In this episode.\", \"short_title\": \"FAQs\"}','2024-10-16 04:42:24','2024-10-16 04:42:24'),
(67,34,'en','{\"title\": \"Take Your [Cooking] Skill\\\\To The Next Level\", \"sub_title\": \"Free & Premium online courses from the world’s Join 17 million learners today.\", \"total_courses\": \"12K+\", \"total_student\": \"36K+\"}','2024-10-16 04:42:24','2024-10-16 04:42:24'),
(70,35,'en','{\"title_one\": \"Learn with Experts\", \"title_two\": \"Learn Anything\", \"title_four\": \"E-mail Marketing\", \"title_three\": \"Get Online Certificate\", \"sub_title_one\": \"Elevate your learning.\", \"sub_title_two\": \"Master Any Skill.\", \"sub_title_four\": \"Grow Your Business.\", \"sub_title_three\": \"Master in Demand Skills.\"}','2024-10-16 04:42:24','2024-10-16 04:42:24'),
(73,36,'en','{\"title\": \"Thousand Of Top [Courses]\\\\Now in One Place\", \"button_text\": \"Discover All Class\", \"description\": \"<p class=\\\"\\\\&quot;desc\\\\&quot;\\\">Groove&rsquo;s intuitive shared inbox makes it easy for team members to organize, prioritize and.In this episode of the Smashing Pod we&rsquo;re talking about Web Platform Baseline.</p>\\r\\n<ul>\\r\\n<li class=\\\"\\\\&quot;content\\\\&quot;\\\">The Most World Class Instructors</li>\\r\\n<li class=\\\"\\\\&quot;content\\\\&quot;\\\">Access Your Class anywhere</li>\\r\\n<li class=\\\"\\\\&quot;content\\\\&quot;\\\">Flexible Course Price</li>\\r\\n</ul>\", \"short_title\": \"Get More About Us\"}','2024-10-16 04:42:24','2024-10-16 04:43:58'),
(76,38,'en','{\"title\": \"Start Learning From World’s Pro Instructors\", \"description\": \"Groove’s intuitive shared inbox makes it easy for team members to organize, prioritize and.In this episode.\", \"short_title\": \"FAQs\"}','2024-10-16 04:42:24','2024-10-16 04:42:24'),
(79,40,'en','{\"title\": \"Together We’ll \\\\ Explore {New Things}\", \"sub_title\": \"Every teaching and learning journey is unique Following\\\\We\'ll help guide your way.\", \"short_title\": \"Kindergarten Care School\", \"action_button_text\": \"Find your Course\"}','2024-11-13 06:20:02','2024-11-13 06:20:02'),
(82,41,'en','{\"title_one\": \"Easy Class\", \"title_two\": \"Safety & Security\", \"title_four\": \"Clean Curriculum\", \"title_three\": \"Skilled Teacher\", \"sub_title_one\": \"Elevate your learning. Trusted guidance, real results\", \"sub_title_two\": \"Master Any Skill. Unleash Your Potential and join the best\", \"sub_title_four\": \"Dear psum dolor amettey adipis aecing eiusmod incididutt reore\", \"sub_title_three\": \"Master in Demand Skills. Soon Get Certified Today\"}','2024-11-13 06:20:02','2024-11-13 06:20:02'),
(85,42,'en','{\"title\": \"Our passion is childhood, \\\\and we’re in kindergarten\", \"button_text\": \"More Info\", \"description\": \"<p class=\\\"\\\\&quot;desc\\\\&quot;\\\">Discover a vast collection of top-rated courses, covering a wide range of subjects and taught by expert instructors. Whether you\'re looking to advance your career</p>\\r\\n<ul>\\r\\n<li class=\\\"\\\\&quot;content\\\\&quot;\\\">The Most World Class Instructors</li>\\r\\n<li class=\\\"\\\\&quot;content\\\\&quot;\\\">Access Your Class anywhere</li>\\r\\n<li class=\\\"\\\\&quot;content\\\\&quot;\\\">Flexible Course Price</li>\\r\\n</ul>\", \"short_title\": \"Get More About Us\"}','2024-11-13 06:20:02','2024-11-13 06:20:02'),
(88,43,'en','{\"title\": \"Why Our Schools are the Right Fit for Your Child?\", \"description\": \"Groove’s intuitive shared inbox makes it easy for team members to organize, prioritize and.In this episod.\", \"short_title\": \"FAQs\"}','2024-11-13 06:20:02','2024-11-13 06:20:02'),
(91,46,'en','{\"title\": \"Confidently {speak} \\\\a new language\", \"sub_title\": \"<p class=\\\"\\\\&quot;desc\\\\&quot;\\\">More than 240 thousand new users SignUp Here!</p>\\r\\n<ul>\\r\\n<li class=\\\"\\\\&quot;content\\\\&quot;\\\">Live classes online 24/7</li>\\r\\n<li class=\\\"\\\\&quot;content\\\\&quot;\\\">Learn in small groups or 1-on-1</li>\\r\\n<li class=\\\"\\\\&quot;content\\\\&quot;\\\">Free 7-day trial</li>\\r\\n</ul>\", \"total_courses\": \"45+\", \"total_student\": \"80k\", \"average_reviews\": \"4.9\", \"video_button_text\": \"Watch Our Class Demo\", \"action_button_text\": \"Find your Course\"}','2024-11-13 06:20:02','2024-11-13 06:20:02'),
(94,47,'en','{\"title\": \"Transform Your Language with Our Courses\", \"button_text\": \"More Info\", \"description\": \"<p class=\\\"\\\\&quot;desc\\\\&quot;\\\">Discover a vast collection of top-rated courses, covering a wide range of subjects and taught by expert instructors. Whether you\'re looking to advance your career</p>\\r\\n<ul>\\r\\n<li class=\\\"\\\\&quot;content\\\\&quot;\\\">The Most World Class Instructors</li>\\r\\n<li class=\\\"\\\\&quot;content\\\\&quot;\\\">Access Your Class anywhere</li>\\r\\n<li class=\\\"\\\\&quot;content\\\\&quot;\\\">Flexible Course Price</li>\\r\\n</ul>\", \"short_title\": \"Why Choose Us\"}','2024-11-13 06:20:02','2024-11-13 06:20:02'),
(97,48,'en','{\"title\": \"Why Our Schools are the Right Fit for Your Child?\", \"description\": \"Groove’s intuitive shared inbox makes it easy for team members to organize, prioritize and.In this episod.\", \"short_title\": \"FAQs\", \"total_languages\": \"45+\"}','2024-11-13 06:20:02','2024-11-13 06:20:02'),
(100,49,'en','{\"title\": \"Thousands of [Courses]\\\\ authored by industry experts\"}','2024-11-13 06:20:02','2024-11-13 06:20:02'),
(103,50,'en','{\"title_one\": \"Learn with Experts\", \"title_two\": \"Learn Anything\", \"title_four\": \"E-mail Marketing\", \"title_three\": \"Get Online Certificate\", \"sub_title_one\": \"Elevate your learning. Trusted guidance, real results\", \"sub_title_two\": \"Master Any Skill. Unleash Your Potential and join the best\", \"sub_title_four\": \"Grow Your Business. Reach New Customers\", \"sub_title_three\": \"Master in Demand Skills. Soon Get Certified Today\"}','2024-11-13 06:20:02','2024-11-13 06:20:02'),
(176,1,'id','{\"title\": \"Never Stop [Learning]\\\\Life {Never Stop} Teaching\", \"sub_title\": \"Every teaching and learning journey is unique Following\\\\We\'ll help guide your way.\", \"total_student\": \"80k\", \"total_instructor\": \"30k\", \"video_button_text\": \"Watch Our\\\\Class Demo\", \"action_button_text\": \"Check Our Courses\"}','2025-03-11 09:25:33','2025-03-11 09:25:33'),
(177,2,'id','{\"title\": \"Thousand Of Top [Courses]\\\\Now in One Place\", \"button_text\": \"More Info\", \"description\": \"<p class=\\\"\\\\&quot;desc\\\\&quot;\\\">Discover a vast collection of top-rated courses, covering a wide range of subjects and taught by expert instructors. Whether you\'re looking to advance your career</p>\\r\\n<ul>\\r\\n<li class=\\\"\\\\&quot;content\\\\&quot;\\\">The Most World Class Instructors</li>\\r\\n<li class=\\\"\\\\&quot;content\\\\&quot;\\\">Access Your Class anywhere</li>\\r\\n<li class=\\\"\\\\&quot;content\\\\&quot;\\\">Flexible Course Price</li>\\r\\n</ul>\", \"short_title\": \"Get More About Us\"}','2025-03-11 09:25:33','2025-03-11 09:25:33'),
(178,5,'id','{\"title\": \"Start Learning From World’s Pro Instructors\", \"description\": \"Groove’s intuitive shared inbox makes it easy for team members to organize, prioritize and.In this episode.\", \"short_title\": \"FAQs\"}','2025-03-11 09:25:33','2025-03-11 09:25:33'),
(179,6,'id','{\"title_one\": \"Learn with Experts\", \"title_two\": \"Learn Anything\", \"title_four\": \"E-mail Marketing\", \"title_three\": \"Get Online Certificate\", \"sub_title_one\": \"Elevate your learning. Trusted guidance, real results\", \"sub_title_two\": \"Master Any Skill. Unleash Your Potential and join the best\", \"sub_title_four\": \"Grow Your Business. Reach New Customers\", \"sub_title_three\": \"Master in Demand Skills. Soon Get Certified Today\"}','2025-03-11 09:25:33','2025-03-11 09:25:33'),
(180,8,'id','{\"title\": \"{Learning is [What You]\\\\Make of it. Make it Yours at SkillGro.}\", \"total_student\": \"36k\", \"total_instructor\": \"15k\", \"video_button_text\": \"Watch Our\\\\Class Demo\", \"action_button_text\": \"Check Our Courses\"}','2025-03-11 09:25:33','2025-03-11 09:25:33'),
(181,9,'id','{\"title\": \"Join Our Free Workshops\", \"button_text\": \"More Info\", \"description\": \"<p class=\\\"\\\\&quot;desc\\\\&quot;\\\">Discover a vast collection of top-rated courses, covering a wide range of subjects and taught by expert instructors. Whether you\'re looking to advance your career</p>\\r\\n<ul>\\r\\n<li class=\\\"\\\\&quot;content\\\\&quot;\\\">The Most World Class Instructors</li>\\r\\n<li class=\\\"\\\\&quot;content\\\\&quot;\\\">Access Your Class anywhere</li>\\r\\n<li class=\\\"\\\\&quot;content\\\\&quot;\\\">Flexible Course Price</li>\\r\\n</ul>\", \"short_title\": \"Free Workshop\"}','2025-03-11 09:25:33','2025-03-11 09:25:33'),
(182,11,'id','{\"title\": \"Thousands of [Courses]\\\\ authored by industry experts\"}','2025-03-11 09:25:33','2025-03-11 09:25:33'),
(183,12,'id','{\"title\": \"Start Learning From World’s Pro Instructors\", \"description\": \"Groove’s intuitive shared inbox makes it easy for team members to organize, prioritize and.In this episode.\", \"short_title\": \"FAQs\"}','2025-03-11 09:25:33','2025-03-11 09:25:33'),
(184,13,'id','{\"title_one\": \"Learn with Experts\", \"title_two\": \"Learn Anything\", \"title_four\": \"E-mail Marketing\", \"title_three\": \"Get Online Certificate\", \"sub_title_one\": \"Elevate your learning. Trusted guidance, real results\", \"sub_title_two\": \"Master Any Skill. Unleash Your Potential and join the best\", \"sub_title_four\": \"Grow Your Business. Reach New Customers\", \"sub_title_three\": \"Master in Demand Skills. Soon Get Certified Today\"}','2025-03-11 09:25:33','2025-03-11 09:25:33'),
(185,15,'id','{\"title\": \"Empowering Mind\\\\ Inspiring [Futures]\", \"sub_title\": \"Every teaching and learning journey is unique Following\\\\We\'ll help guide your way.\", \"short_title\": \"FOR A BETTER FUTURE\", \"total_student\": \"36k\", \"action_button_text\": \"Find your Course\"}','2025-03-11 09:25:33','2025-03-11 09:25:33'),
(186,16,'id','{\"title\": \"We Are One of The Largest, Most\\\\Diverse Universities in The USA\", \"button_text\": \"More Info\", \"description\": \"<p class=\\\"\\\\&quot;desc\\\\&quot;\\\">Discover a vast collection of top-rated courses, covering a wide range of subjects and taught by expert instructors. Whether you\'re looking to advance your career</p>\\r\\n<ul>\\r\\n<li class=\\\"\\\\&quot;content\\\\&quot;\\\">The Most World Class Instructors</li>\\r\\n<li class=\\\"\\\\&quot;content\\\\&quot;\\\">Access Your Class anywhere</li>\\r\\n<li class=\\\"\\\\&quot;content\\\\&quot;\\\">Flexible Course Price</li>\\r\\n</ul>\", \"short_title\": \"About Campus history\"}','2025-03-11 09:25:33','2025-03-11 09:25:33'),
(187,18,'id','{\"title\": \"Explore Majors & \\\\ [Programs]\", \"button_text\": \"Take A Tour\", \"description\": \"Choose from 16 undergraduate and graduate majors Board and the Mississippi Universities Board with goal of promoting collaboration.\"}','2025-03-11 09:25:33','2025-03-11 09:25:33'),
(188,19,'id','{\"title\": \"Start Learning From World’s Pro Instructors\", \"description\": \"Groove’s intuitive shared inbox makes it easy for team members to organize, prioritize and.In this episode.\", \"short_title\": \"FAQs\"}','2025-03-11 09:25:33','2025-03-11 09:25:33'),
(189,20,'id','{\"title_one\": \"Learn with Experts\", \"title_two\": \"Learn Anything\", \"title_four\": \"E-mail Marketing\", \"title_three\": \"Get Online Certificate\", \"sub_title_one\": \"Elevate your learning. Trusted guidance, real results\", \"sub_title_two\": \"Master Any Skill. Unleash Your Potential and join the best\", \"sub_title_four\": \"Grow Your Business. Reach New Customers\", \"sub_title_three\": \"Master in Demand Skills. Soon Get Certified Today\"}','2025-03-11 09:25:33','2025-03-11 09:25:33'),
(190,22,'id','{\"title_one\": \"{Cari [Materi ]\\\\  & Kembangkan Pengetahuan Anda}\", \"title_two\": \"{Cari [Materi ]\\\\  & Tingkatkan Skill Anda}\", \"title_three\": \"{Cari [Materi ]\\\\  & Upgrade Pemahaman Anda}\", \"sub_title_one\": \"Belajar Online Pemahaman Aksi Konvergensi 2025\", \"sub_title_two\": \"Asah Skill Menggunakan Emonev Aksi Konvergensi 2025\", \"short_title_one\": \"Materi Pembelajaran Aksi Konvergensi\", \"short_title_two\": \"Materi Pembelajaran Aksi Konvergensi\", \"sub_title_three\": \"Pahami Alur Proses Akshi Konvergensi 2025\", \"short_title_three\": \"Materi Pembelajaran Aksi Konvergensi\"}','2025-03-11 09:25:33','2025-03-11 09:25:33'),
(191,23,'id','{\"title\": \"Professional Courses taught\\\\ by industry leaders\", \"button_text\": \"More Info\", \"description\": \"<p class=\\\"\\\\&quot;desc\\\\&quot;\\\">Discover a vast collection of top-rated courses, covering a wide range of subjects and taught by expert instructors. Whether you\'re looking to advance your career</p>\\r\\n<ul>\\r\\n<li class=\\\"\\\\&quot;content\\\\&quot;\\\">The Most World Class Instructors</li>\\r\\n<li class=\\\"\\\\&quot;content\\\\&quot;\\\">Access Your Class anywhere</li>\\r\\n<li class=\\\"\\\\&quot;content\\\\&quot;\\\">Flexible Course Price</li>\\r\\n</ul>\", \"short_title\": \"Why Choose Us\"}','2025-03-11 09:25:33','2025-03-11 09:25:33'),
(192,25,'id','{\"title_one\": \"Belajar Bersama\", \"title_two\": \"Pelajari Fundamental\", \"title_four\": \"Tingkatkan Kapasitas Anda\", \"title_three\": \"Sertifikat Online\", \"sub_title_one\": \"Pemahaman Aksi Konvergensi\", \"sub_title_two\": \"Pelajari semua skill konvergensi\", \"sub_title_four\": \"Meningkatkan Kapasitas Pemahaman Anda\", \"sub_title_three\": \"Dapatkan Sertifikat Online\"}','2025-03-11 09:25:33','2025-03-11 09:25:33'),
(193,27,'id','{\"title\": \"Start Learning From World’s Pro Instructors\", \"description\": \"Groove’s intuitive shared inbox makes it easy for team members to organize, prioritize and.In this episode.\", \"short_title\": \"FAQs\"}','2025-03-11 09:25:33','2025-03-11 09:25:33'),
(194,28,'id','{\"title\": \"{[Jecov Rossy]}\", \"sub_title\": \"I’m here to help you find the confidence you need to feel amazing in your body!when an unknown printer took a galley of type and scrambled\\n                                it ecimen has survived not onlyled it to make.\", \"short_title\": \"Personal Yoga Coach\", \"total_student\": \"36k\", \"action_button_text\": \"Find Your Courses\"}','2025-03-11 09:25:33','2025-03-11 09:25:33'),
(195,29,'id','{\"sec_title\": \"Connecting Your Mind, Body \\\\ and Spirit through\", \"title_one\": \"Support & Motivation\", \"title_two\": \"Strong Body Life\", \"title_four\": \"E-mail Marketing\", \"title_three\": \"Increased Flexibility\", \"sub_title_one\": \"We are able to offer every yoga training experienced & best yoga trainer.\", \"sub_title_two\": \"We are able to offer every yoga training experienced & best yoga trainer.\", \"sub_title_four\": \"Grow Your Business. Reach New Customers\", \"sec_description\": \"We believe yoga can power transformation on and off the mat We are more than just yogis - we\'re mom\'s, \\\\ home makers, yoga studio owners, epic yoga retreat hosts\", \"sub_title_three\": \"We are able to offer every yoga training experienced & best yoga trainer.\"}','2025-03-11 09:25:33','2025-03-11 09:25:33'),
(196,30,'id','{\"title\": \"Trained {Your Body}\\\\ {Mind} Through Our {Yoga}\", \"button_text\": \"Check Schedule\", \"description\": \"<p class=\\\"\\\\&quot;desc\\\\&quot;\\\">When an unknown printer took a galley of type and scrambled it to make cimen has survived not only five centurieswnknown.when an unknown printer took a galley of type.</p>\\r\\n<ul>\\r\\n<li class=\\\"\\\\&quot;content\\\\&quot;\\\">The Most World Class Instructors</li>\\r\\n<li class=\\\"\\\\&quot;content\\\\&quot;\\\">Access Your Class anywhere</li>\\r\\n<li class=\\\"\\\\&quot;content\\\\&quot;\\\">Flexible Course Price</li>\\r\\n</ul>\", \"short_title\": \"Why Choose Us\"}','2025-03-11 09:25:33','2025-03-11 09:25:33'),
(197,33,'id','{\"title\": \"Start Learning From World’s Pro Instructors\", \"description\": \"Groove’s intuitive shared inbox makes it easy for team members to organize, prioritize and.In this episode.\", \"short_title\": \"FAQs\"}','2025-03-11 09:25:33','2025-03-11 09:25:33'),
(198,34,'id','{\"title\": \"Take Your [Cooking] Skill\\\\To The Next Level\", \"sub_title\": \"Free & Premium online courses from the world’s Join 17 million learners today.\", \"total_courses\": \"12K+\", \"total_student\": \"36K+\"}','2025-03-11 09:25:33','2025-03-11 09:25:33'),
(199,35,'id','{\"title_one\": \"Learn with Experts\", \"title_two\": \"Learn Anything\", \"title_four\": \"E-mail Marketing\", \"title_three\": \"Get Online Certificate\", \"sub_title_one\": \"Elevate your learning.\", \"sub_title_two\": \"Master Any Skill.\", \"sub_title_four\": \"Grow Your Business.\", \"sub_title_three\": \"Master in Demand Skills.\"}','2025-03-11 09:25:33','2025-03-11 09:25:33'),
(200,36,'id','{\"title\": \"Thousand Of Top [Courses]\\\\Now in One Place\", \"button_text\": \"Discover All Class\", \"description\": \"<p class=\\\"\\\\&quot;desc\\\\&quot;\\\">Groove&rsquo;s intuitive shared inbox makes it easy for team members to organize, prioritize and.In this episode of the Smashing Pod we&rsquo;re talking about Web Platform Baseline.</p>\\r\\n<ul>\\r\\n<li class=\\\"\\\\&quot;content\\\\&quot;\\\">The Most World Class Instructors</li>\\r\\n<li class=\\\"\\\\&quot;content\\\\&quot;\\\">Access Your Class anywhere</li>\\r\\n<li class=\\\"\\\\&quot;content\\\\&quot;\\\">Flexible Course Price</li>\\r\\n</ul>\", \"short_title\": \"Get More About Us\"}','2025-03-11 09:25:33','2025-03-11 09:25:33'),
(201,38,'id','{\"title\": \"Start Learning From World’s Pro Instructors\", \"description\": \"Groove’s intuitive shared inbox makes it easy for team members to organize, prioritize and.In this episode.\", \"short_title\": \"FAQs\"}','2025-03-11 09:25:33','2025-03-11 09:25:33'),
(202,40,'id','{\"title\": \"Together We’ll \\\\ Explore {New Things}\", \"sub_title\": \"Every teaching and learning journey is unique Following\\\\We\'ll help guide your way.\", \"short_title\": \"Kindergarten Care School\", \"action_button_text\": \"Find your Course\"}','2025-03-11 09:25:33','2025-03-11 09:25:33'),
(203,41,'id','{\"title_one\": \"Easy Class\", \"title_two\": \"Safety & Security\", \"title_four\": \"Clean Curriculum\", \"title_three\": \"Skilled Teacher\", \"sub_title_one\": \"Elevate your learning. Trusted guidance, real results\", \"sub_title_two\": \"Master Any Skill. Unleash Your Potential and join the best\", \"sub_title_four\": \"Dear psum dolor amettey adipis aecing eiusmod incididutt reore\", \"sub_title_three\": \"Master in Demand Skills. Soon Get Certified Today\"}','2025-03-11 09:25:33','2025-03-11 09:25:33'),
(204,42,'id','{\"title\": \"Our passion is childhood, \\\\and we’re in kindergarten\", \"button_text\": \"More Info\", \"description\": \"<p class=\\\"\\\\&quot;desc\\\\&quot;\\\">Discover a vast collection of top-rated courses, covering a wide range of subjects and taught by expert instructors. Whether you\'re looking to advance your career</p>\\r\\n<ul>\\r\\n<li class=\\\"\\\\&quot;content\\\\&quot;\\\">The Most World Class Instructors</li>\\r\\n<li class=\\\"\\\\&quot;content\\\\&quot;\\\">Access Your Class anywhere</li>\\r\\n<li class=\\\"\\\\&quot;content\\\\&quot;\\\">Flexible Course Price</li>\\r\\n</ul>\", \"short_title\": \"Get More About Us\"}','2025-03-11 09:25:33','2025-03-11 09:25:33'),
(205,43,'id','{\"title\": \"Why Our Schools are the Right Fit for Your Child?\", \"description\": \"Groove’s intuitive shared inbox makes it easy for team members to organize, prioritize and.In this episod.\", \"short_title\": \"FAQs\"}','2025-03-11 09:25:33','2025-03-11 09:25:33'),
(206,46,'id','{\"title\": \"Confidently {speak} \\\\a new language\", \"sub_title\": \"<p class=\\\"\\\\&quot;desc\\\\&quot;\\\">More than 240 thousand new users SignUp Here!</p>\\r\\n<ul>\\r\\n<li class=\\\"\\\\&quot;content\\\\&quot;\\\">Live classes online 24/7</li>\\r\\n<li class=\\\"\\\\&quot;content\\\\&quot;\\\">Learn in small groups or 1-on-1</li>\\r\\n<li class=\\\"\\\\&quot;content\\\\&quot;\\\">Free 7-day trial</li>\\r\\n</ul>\", \"total_courses\": \"45+\", \"total_student\": \"80k\", \"average_reviews\": \"4.9\", \"video_button_text\": \"Watch Our Class Demo\", \"action_button_text\": \"Find your Course\"}','2025-03-11 09:25:33','2025-03-11 09:25:33'),
(207,47,'id','{\"title\": \"Transform Your Language with Our Courses\", \"button_text\": \"More Info\", \"description\": \"<p class=\\\"\\\\&quot;desc\\\\&quot;\\\">Discover a vast collection of top-rated courses, covering a wide range of subjects and taught by expert instructors. Whether you\'re looking to advance your career</p>\\r\\n<ul>\\r\\n<li class=\\\"\\\\&quot;content\\\\&quot;\\\">The Most World Class Instructors</li>\\r\\n<li class=\\\"\\\\&quot;content\\\\&quot;\\\">Access Your Class anywhere</li>\\r\\n<li class=\\\"\\\\&quot;content\\\\&quot;\\\">Flexible Course Price</li>\\r\\n</ul>\", \"short_title\": \"Why Choose Us\"}','2025-03-11 09:25:33','2025-03-11 09:25:33'),
(208,48,'id','{\"title\": \"Why Our Schools are the Right Fit for Your Child?\", \"description\": \"Groove’s intuitive shared inbox makes it easy for team members to organize, prioritize and.In this episod.\", \"short_title\": \"FAQs\", \"total_languages\": \"45+\"}','2025-03-11 09:25:33','2025-03-11 09:25:33'),
(209,49,'id','{\"title\": \"Thousands of [Courses]\\\\ authored by industry experts\"}','2025-03-11 09:25:33','2025-03-11 09:25:33'),
(210,50,'id','{\"title_one\": \"Learn with Experts\", \"title_two\": \"Learn Anything\", \"title_four\": \"E-mail Marketing\", \"title_three\": \"Get Online Certificate\", \"sub_title_one\": \"Elevate your learning. Trusted guidance, real results\", \"sub_title_two\": \"Master Any Skill. Unleash Your Potential and join the best\", \"sub_title_four\": \"Grow Your Business. Reach New Customers\", \"sub_title_three\": \"Master in Demand Skills. Soon Get Certified Today\"}','2025-03-11 09:25:33','2025-03-11 09:25:33');

/*Table structure for table `sections` */


CREATE TABLE `sections` (
  `id` bigint(20) unsigned NOT NULL AUTO_INCREMENT,
  `home_id` bigint(20) unsigned NOT NULL,
  `name` varchar(255) NOT NULL,
  `global_content` json DEFAULT NULL,
  `status` tinyint(1) NOT NULL DEFAULT '1',
  `created_at` timestamp NULL DEFAULT NULL,
  `updated_at` timestamp NULL DEFAULT NULL,
  PRIMARY KEY (`id`),
  KEY `sections_home_id_foreign` (`home_id`),
  CONSTRAINT `sections_home_id_foreign` FOREIGN KEY (`home_id`) REFERENCES `homes` (`id`) ON DELETE CASCADE
) ENGINE=InnoDB AUTO_INCREMENT=53 DEFAULT CHARSET=utf8mb4;

/*Data for the table `sections` */

insert  into `sections`(`id`,`home_id`,`name`,`global_content`,`status`,`created_at`,`updated_at`) values 
(1,1,'hero_section','{\"banner_image\": \"uploads/custom-images/wsus-img-2024-06-26-06-06-24-6800.png\", \"hero_background\": \"uploads/custom-images/wsus-img-2024-06-23-04-25-27-8319.png\", \"video_button_url\": \"https://www.youtube.com/watch?v=pMzGDBP6Bic\", \"action_button_url\": \"/courses\", \"banner_background\": \"uploads/custom-images/wsus-img-2024-06-03-09-44-49-7136.png\", \"enroll_students_image\": \"uploads/custom-images/wsus-img-2024-06-03-09-44-49-4396.png\"}',1,'2024-10-16 04:42:24','2024-10-16 04:42:24'),
(2,1,'about_section','{\"image\": \"uploads/custom-images/wsus-img-2024-06-03-07-17-53-5562.png\", \"video_url\": \"https://www.youtube.com/watch?v=VkBnNxneA_A\", \"button_url\": \"/about-us\"}',1,'2024-10-16 04:42:24','2024-10-16 04:42:24'),
(3,1,'newsletter_section','{\"image\": \"uploads/custom-images/wsus-img-2024-06-04-11-18-08-2099.png\"}',1,'2024-10-16 04:42:24','2024-10-16 04:42:24'),
(4,1,'counter_section','{\"total_awards_count\": 50, \"total_courses_count\": 800, \"total_student_count\": 3000, \"total_instructor_count\": 100}',1,'2024-10-16 04:42:24','2024-10-16 04:42:24'),
(5,1,'faq_section','{\"image\": \"uploads/custom-images/wsus-img-2024-06-04-11-35-48-7341.png\"}',1,'2024-10-16 04:42:24','2024-10-16 04:42:24'),
(6,1,'our_features_section','{\"image_one\": \"uploads/custom-images/wsus-img-2024-06-11-05-27-50-9263.png\", \"image_two\": \"uploads/custom-images/wsus-img-2024-06-11-05-49-32-6821.png\", \"image_four\": \"uploads/custom-images/wsus-img-2024-06-11-05-27-50-7828.png\", \"image_three\": \"uploads/custom-images/wsus-img-2024-06-23-05-11-29-2802.png\"}',1,'2024-10-16 04:42:24','2024-10-16 04:42:24'),
(7,1,'banner_section','{\"student_image\": \"uploads/custom-images/wsus-img-2024-06-04-11-44-52-8789.png\", \"instructor_image\": \"uploads/custom-images/wsus-img-2024-06-04-11-44-52-4232.png\"}',1,'2024-10-16 04:42:24','2024-10-16 04:42:24'),
(8,2,'hero_section','{\"banner_image\": \"uploads/custom-images/theme_online_banner_img.png\", \"hero_background\": \"uploads/custom-images/theme_online_hero_bg.png\", \"video_button_url\": \"https://www.youtube.com/watch?v=pMzGDBP6Bic\", \"action_button_url\": \"/courses\", \"banner_background\": \"uploads/custom-images/theme_online_banner_bg.svg\", \"enroll_students_image\": \"uploads/custom-images/theme_online_enroll_students_image.png\"}',1,'2024-10-16 04:42:24','2024-10-16 04:42:24'),
(9,2,'about_section','{\"image\": \"uploads/custom-images/theme_online_about_img.png\", \"video_url\": \"https://www.youtube.com/watch?v=VkBnNxneA_A\", \"button_url\": \"/about-us\"}',1,'2024-10-16 04:42:24','2024-10-16 04:42:24'),
(10,2,'newsletter_section','{\"image\": \"uploads/custom-images/theme_online_newsletter.png\"}',1,'2024-10-16 04:42:24','2024-10-16 04:42:24'),
(11,2,'counter_section','{\"total_courses_count\": 800, \"total_student_count\": 3000, \"total_instructor_count\": 100}',1,'2024-10-16 04:42:24','2024-10-16 04:42:24'),
(12,2,'faq_section','{\"image\": \"uploads/custom-images/theme_online_faq.png\"}',1,'2024-10-16 04:42:24','2024-10-16 04:42:24'),
(13,2,'our_features_section','{\"image_one\": \"uploads/custom-images/theme_online_features_icon_1.png\", \"image_two\": \"uploads/custom-images/theme_online_features_icon_2.png\", \"image_four\": \"uploads/custom-images/theme_online_features_icon_4.png\", \"image_three\": \"uploads/custom-images/theme_online_features_icon_3.png\"}',1,'2024-10-16 04:42:24','2024-10-16 04:42:24'),
(14,2,'banner_section','{\"student_image\": \"uploads/custom-images/theme_online_student_image.png\", \"instructor_image\": \"uploads/custom-images/theme_online_instructor_image.png\"}',1,'2024-10-16 04:42:24','2024-10-16 04:42:24'),
(15,3,'hero_section','{\"banner_image\": \"uploads/custom-images/theme_university_banner_img.png\", \"hero_background\": \"uploads/custom-images/theme_university_hero_bg.jpg\", \"action_button_url\": \"/courses\", \"banner_background\": \"uploads/custom-images/theme_university_banner_bg.svg\", \"enroll_students_image\": \"uploads/custom-images/theme_university_enroll_students_image.png\"}',1,'2024-10-16 04:42:24','2024-10-16 04:42:24'),
(16,3,'about_section','{\"image\": \"uploads/custom-images/theme_university_about_img.jpg\", \"video_url\": \"https://www.youtube.com/watch?v=VkBnNxneA_A\", \"button_url\": \"/about-us\", \"year_experience\": \"15\"}',1,'2024-10-16 04:42:24','2024-10-16 04:42:24'),
(17,3,'newsletter_section','{\"image\": \"uploads/custom-images/theme_university_newsletter.png\"}',1,'2024-10-16 04:42:24','2024-10-16 04:42:24'),
(18,3,'counter_section','{\"button_url\": \"/courses\", \"total_courses_count\": 800, \"total_student_count\": 3000, \"total_instructor_count\": 100}',1,'2024-10-16 04:42:24','2024-10-16 04:42:24'),
(19,3,'faq_section','{\"image\": \"uploads/custom-images/theme_university_faq.png\"}',1,'2024-10-16 04:42:24','2024-10-16 04:42:24'),
(20,3,'our_features_section','{\"image_one\": \"uploads/custom-images/theme_university_features_icon_1.svg\", \"image_two\": \"uploads/custom-images/theme_university_features_icon_2.svg\", \"image_four\": \"uploads/custom-images/theme_university_features_icon_4.svg\", \"image_three\": \"uploads/custom-images/theme_university_features_icon_3.svg\"}',1,'2024-10-16 04:42:24','2024-10-16 04:42:24'),
(21,3,'banner_section','{\"bg_image\": \"uploads/custom-images/wsus-img-2024-06-04-11-44-52-8799.jpg\"}',1,'2024-10-16 04:42:24','2024-10-16 04:42:24'),
(22,4,'slider_section','{\"image_one\": \"uploads/custom-images/wsus-img-2025-03-05-11-59-23-4401.jpg\", \"image_two\": \"uploads/custom-images/wsus-img-2025-03-05-11-59-23-3404.jpg\", \"image_three\": \"uploads/custom-images/wsus-img-2025-03-05-11-59-23-4211.jpg\"}',1,'2024-10-16 04:42:24','2025-03-05 11:59:23'),
(23,4,'about_section','{\"image\": \"uploads/custom-images/theme_business_about_img.jpg\", \"image_two\": \"uploads/custom-images/wsus-img-2024-06-03-07-17-53-5555.jpg\", \"video_url\": \"https://www.youtube.com/watch?v=VkBnNxneA_A\", \"button_url\": \"/about-us\", \"image_three\": \"uploads/custom-images/wsus-img-2024-06-03-07-17-53-6666.jpg\"}',1,'2024-10-16 04:42:24','2024-10-16 04:42:24'),
(24,4,'newsletter_section','{\"image\": \"uploads/custom-images/theme_business_newsletter.png\"}',1,'2024-10-16 04:42:24','2024-10-16 04:42:24'),
(25,4,'our_features_section','{\"image_one\": \"uploads/custom-images/theme_business_features_icon_1.png\", \"image_two\": \"uploads/custom-images/theme_business_features_icon_2.png\", \"image_four\": \"uploads/custom-images/theme_business_features_icon_4.png\", \"image_three\": \"uploads/custom-images/theme_business_features_icon_3.png\"}',1,'2024-10-16 04:42:24','2024-10-16 04:42:24'),
(26,4,'banner_section','{\"student_image\": \"uploads/custom-images/theme_business_student_image.png\"}',1,'2024-10-16 04:42:24','2024-10-16 04:42:24'),
(27,4,'faq_section','{\"image\": \"uploads/custom-images/theme_business_faq.png\"}',1,'2024-10-16 04:42:24','2024-10-16 04:42:24'),
(28,5,'hero_section','{\"banner_image\": \"uploads/custom-images/h4_hero_img.png\", \"booking_number\": \"+1 (123) 909090\", \"hero_background\": \"uploads/custom-images/h4_hero_bg.jpg\", \"action_button_url\": \"/courses\", \"banner_background\": \"uploads/custom-images/h4_hero_img_shape02.svg\", \"banner_background_two\": \"uploads/custom-images/h4_hero_img_shape01.svg\", \"enroll_students_image\": \"uploads/custom-images/theme_yoga_enroll_students_image.png\"}',1,'2024-10-16 04:42:24','2024-10-16 04:42:24'),
(29,5,'our_features_section','{\"image_one\": \"uploads/custom-images/h4_features_icon01.svg\", \"image_two\": \"uploads/custom-images/h4_features_icon02.svg\", \"image_four\": \"uploads/custom-images/h4_features_icon04.png\", \"image_three\": \"uploads/custom-images/h4_features_icon03.svg\"}',1,'2024-10-16 04:42:24','2024-10-16 04:42:24'),
(30,5,'about_section','{\"image\": \"uploads/custom-images/h4_choose_img.jpg\", \"image_two\": \"uploads/custom-images/h4_choose_img02.jpg\", \"video_url\": \"https://www.youtube.com/watch?v=VkBnNxneA_A\", \"button_url\": \"/about-us\"}',1,'2024-10-16 04:42:24','2024-10-16 04:42:24'),
(31,5,'banner_section','{\"bg_image\": \"uploads/custom-images/h4_video_bg.jpg\", \"video_url\": \"https://www.youtube.com/watch?v=pMzGDBP6Bic\", \"student_image\": \"uploads/custom-images/h4_cta_img.png\"}',1,'2024-10-16 04:42:24','2024-10-16 04:42:24'),
(32,5,'newsletter_section','{\"image\": \"uploads/custom-images/theme_yoga_newslettter.png\"}',1,'2024-10-16 04:42:24','2024-10-16 04:42:24'),
(33,5,'faq_section','{\"image\": \"uploads/custom-images/theme_yoga_faq.png\"}',1,'2024-10-16 04:42:24','2024-10-16 04:42:24'),
(34,6,'hero_section','{\"banner_image\": \"uploads/custom-images/h8_hero_img.png\", \"hero_background\": \"uploads/custom-images/h8_hero_bg.jpg\", \"banner_background\": \"uploads/custom-images/h8_hero_img_shape.svg\", \"banner_background_two\": \"uploads/custom-images/h8_hero_img_shape02.svg\", \"enroll_students_image\": \"uploads/custom-images/theme_kitchen_enroll_students_image.png\"}',1,'2024-10-16 04:42:24','2024-10-16 04:42:24'),
(35,6,'our_features_section','{\"image_one\": \"uploads/custom-images/theme_kitchen_features_icon_1.png\", \"image_two\": \"uploads/custom-images/theme_kitchen_features_icon_2.png\", \"image_four\": \"uploads/custom-images/theme_kitchen_features_icon_4.png\", \"image_three\": \"uploads/custom-images/theme_kitchen_features_icon_3.png\"}',1,'2024-10-16 04:42:24','2024-10-16 04:42:24'),
(36,6,'about_section','{\"image\": \"uploads/custom-images/h8_about_img01.jpg\", \"image_two\": \"uploads/custom-images/h8_about_img02.jpg\", \"video_url\": \"https://www.youtube.com/watch?v=VkBnNxneA_A\", \"button_url\": \"/about-us\", \"image_three\": \"uploads/custom-images/skillgro-diploma.png\", \"course_success\": \"86\"}',1,'2024-10-16 04:42:24','2024-10-16 04:42:24'),
(37,6,'banner_section','{\"student_image\": \"uploads/custom-images/h8_cta_img.png\"}',1,'2024-10-16 04:42:24','2024-10-16 04:42:24'),
(38,6,'faq_section','{\"image\": \"uploads/custom-images/theme_kitchen_faq.png\"}',1,'2024-10-16 04:42:24','2024-10-16 04:42:24'),
(39,6,'newsletter_section','{\"image\": \"uploads/custom-images/theme_kitchen_newslettter.png\"}',1,'2024-10-16 04:42:24','2024-10-16 04:42:24'),
(40,7,'hero_section','{\"banner_image\": \"uploads/custom-images/h5_hero_img.png\", \"hero_background\": \"uploads/custom-images/h5_hero_bg.jpg\", \"action_button_url\": \"/courses\"}',1,'2024-11-13 06:20:02','2024-11-13 06:20:02'),
(41,7,'our_features_section','{\"image_one\": \"uploads/custom-images/theme_kindergarten_features_icon_1.png\", \"image_two\": \"uploads/custom-images/theme_kindergarten_features_icon_2.png\", \"image_four\": \"uploads/custom-images/theme_kindergarten_features_icon_4.png\", \"image_three\": \"uploads/custom-images/theme_kindergarten_features_icon_3.png\", \"button_url_one\": \"/about-us\", \"button_url_two\": \"/about-us\", \"button_url_four\": \"/about-us\", \"button_url_three\": \"/about-us\"}',1,'2024-11-13 06:20:02','2024-11-13 06:20:02'),
(42,7,'about_section','{\"image\": \"uploads/custom-images/h5_about_img01.jpg\", \"image_two\": \"uploads/custom-images/h5_about_img02.jpg\", \"video_url\": \"https://www.youtube.com/watch?v=VkBnNxneA_A\", \"button_url\": \"/about-us\", \"phone_number\": \"+985 0059 500\"}',1,'2024-11-13 06:20:02','2024-11-13 06:20:02'),
(43,7,'faq_section','{\"image\": \"uploads/custom-images/h5_faq_img.jpg\"}',1,'2024-11-13 06:20:02','2024-11-13 06:20:02'),
(44,7,'newsletter_section','{\"image\": \"uploads/custom-images/theme_kindergarten_newsletter.png\"}',1,'2024-11-13 06:20:02','2024-11-13 06:20:02'),
(45,7,'banner_section','{\"student_image\": \"uploads/custom-images/theme_kindergarten_student_image.png\"}',1,'2024-11-13 06:20:02','2024-11-13 06:20:02'),
(46,8,'hero_section','{\"banner_image\": \"uploads/custom-images/h6_hero_img.jpg\", \"hero_background\": \"uploads/custom-images/h6_hero_bg.jpg\", \"video_button_url\": \"https://www.youtube.com/watch?v=pMzGDBP6Bic\", \"action_button_url\": \"/courses\", \"enroll_students_image\": \"uploads/custom-images/theme_language_enroll_students_image.png\"}',1,'2024-11-13 06:20:02','2024-11-13 06:20:02'),
(47,8,'about_section','{\"image\": \"uploads/custom-images/h6_choose_img.jpg\", \"video_url\": \"https://www.youtube.com/watch?v=VkBnNxneA_A\", \"button_url\": \"/about-us\"}',1,'2024-11-13 06:20:02','2024-11-13 06:20:02'),
(48,8,'faq_section','{\"image\": \"uploads/custom-images/h6_faq_img01.jpg\", \"image_two\": \"uploads/custom-images/h6_faq_img02.jpg\"}',1,'2024-11-13 06:20:02','2024-11-13 06:20:02'),
(49,8,'counter_section','{\"image\": \"uploads/custom-images/theme_language_fact_img.png\", \"total_student_count\": 3000, \"total_instructor_count\": 100}',1,'2024-11-13 06:20:02','2024-11-13 06:20:02'),
(50,8,'our_features_section','{\"image_one\": \"uploads/custom-images/theme_language_features_icon_1.png\", \"image_two\": \"uploads/custom-images/theme_language_features_icon_2.png\", \"image_four\": \"uploads/custom-images/theme_language_features_icon_4.png\", \"image_three\": \"uploads/custom-images/theme_language_features_icon_3.png\"}',1,'2024-11-13 06:20:02','2024-11-13 06:20:02'),
(51,8,'banner_section','{\"student_image\": \"uploads/custom-images/theme_language_student_image.png\"}',1,'2024-11-13 06:20:02','2024-11-13 06:20:02'),
(52,8,'newsletter_section','{\"image\": \"uploads/custom-images/theme_language_newsletter.png\"}',1,'2024-11-13 06:20:02','2024-11-13 06:20:02');

/*Table structure for table `seo_settings` */


CREATE TABLE `seo_settings` (
  `id` bigint(20) unsigned NOT NULL AUTO_INCREMENT,
  `page_name` varchar(255) NOT NULL,
  `seo_title` text NOT NULL,
  `seo_description` text NOT NULL,
  `created_at` timestamp NULL DEFAULT NULL,
  `updated_at` timestamp NULL DEFAULT NULL,
  PRIMARY KEY (`id`)
) ENGINE=InnoDB AUTO_INCREMENT=6 DEFAULT CHARSET=utf8mb4;

/*Data for the table `seo_settings` */

insert  into `seo_settings`(`id`,`page_name`,`seo_title`,`seo_description`,`created_at`,`updated_at`) values 
(1,'home_page','Home || Skillgro','Home || Skillgro','2024-06-03 09:02:30','2024-06-09 04:12:50'),
(2,'about_page','About || Skillgro','About || Skillgro','2024-06-03 09:02:30','2024-06-09 04:13:09'),
(3,'course_page','Course || Skillgro','Course || Skillgro','2024-06-03 09:02:30','2024-06-09 04:13:20'),
(4,'blog_page','Blog || Skillgro','Blog || Skillgro','2024-06-03 09:02:30','2024-06-09 04:13:30'),
(5,'contact_page','Contact || Skillgro','Contact || Skillgro','2024-06-03 09:02:30','2024-06-09 04:13:40');

/*Table structure for table `social_links` */


CREATE TABLE `social_links` (
  `id` bigint(20) unsigned NOT NULL AUTO_INCREMENT,
  `link` varchar(255) DEFAULT NULL,
  `icon` varchar(255) DEFAULT NULL,
  `status` tinyint(1) NOT NULL DEFAULT '1',
  `created_at` timestamp NULL DEFAULT NULL,
  `updated_at` timestamp NULL DEFAULT NULL,
  PRIMARY KEY (`id`)
) ENGINE=InnoDB AUTO_INCREMENT=5 DEFAULT CHARSET=utf8mb4;

/*Data for the table `social_links` */

insert  into `social_links`(`id`,`link`,`icon`,`status`,`created_at`,`updated_at`) values 
(1,'https://www.facebook.com/','uploads/custom-images/wsus-img-2024-06-06-07-11-34-2262.png',1,'2024-06-06 08:11:34','2024-06-06 08:11:34'),
(2,'https://www.linkedin.com/','uploads/custom-images/wsus-img-2024-06-06-07-12-11-1915.png',1,'2024-06-06 08:12:11','2024-06-06 08:12:11'),
(3,'https://web.whatsapp.com/','uploads/custom-images/wsus-img-2024-06-23-01-11-17-2195.png',1,'2024-06-06 08:12:40','2024-06-23 14:11:17'),
(4,'https://www.youtube.com/','uploads/custom-images/wsus-img-2024-06-06-07-15-41-1121.png',1,'2024-06-06 08:12:58','2024-06-06 08:15:41');

/*Table structure for table `states` */


CREATE TABLE `states` (
  `id` bigint(20) unsigned NOT NULL AUTO_INCREMENT,
  `name` varchar(255) NOT NULL,
  `country_id` bigint(20) unsigned NOT NULL,
  `status` tinyint(1) NOT NULL DEFAULT '1',
  `created_at` timestamp NULL DEFAULT NULL,
  `updated_at` timestamp NULL DEFAULT NULL,
  PRIMARY KEY (`id`),
  KEY `states_country_id_foreign` (`country_id`),
  CONSTRAINT `states_country_id_foreign` FOREIGN KEY (`country_id`) REFERENCES `countries` (`id`) ON DELETE CASCADE
) ENGINE=InnoDB AUTO_INCREMENT=3 DEFAULT CHARSET=utf8mb4;

/*Data for the table `states` */

insert  into `states`(`id`,`name`,`country_id`,`status`,`created_at`,`updated_at`) values 
(1,'Alabama',1,1,'2024-06-22 16:38:51','2024-06-22 16:38:51'),
(2,'Alaska',1,1,'2024-06-22 16:39:03','2024-06-22 16:39:03');

/*Table structure for table `testimonial_translations` */


CREATE TABLE `testimonial_translations` (
  `id` bigint(20) unsigned NOT NULL AUTO_INCREMENT,
  `testimonial_id` bigint(20) unsigned NOT NULL,
  `lang_code` varchar(255) NOT NULL,
  `name` varchar(255) NOT NULL,
  `designation` varchar(255) NOT NULL,
  `comment` text NOT NULL,
  `created_at` timestamp NULL DEFAULT NULL,
  `updated_at` timestamp NULL DEFAULT NULL,
  PRIMARY KEY (`id`),
  KEY `testimonial_translations_lang_code_index` (`lang_code`)
) ENGINE=InnoDB AUTO_INCREMENT=25 DEFAULT CHARSET=utf8mb4;

/*Data for the table `testimonial_translations` */

insert  into `testimonial_translations`(`id`,`testimonial_id`,`lang_code`,`name`,`designation`,`comment`,`created_at`,`updated_at`) values 
(1,1,'en','Sarah K','Marketing Manager','I was hesitant about online learning at first, but this platform has completely changed my mind. The courses are well-organized and informative,','2024-06-04 13:18:56','2024-06-04 13:20:19'),
(4,2,'en','David L','Accountant','I took the \'Excel for Beginners\' course and was amazed at how much I learned in such a short time. The instructor explained everything clearly','2024-06-04 13:22:18','2024-06-04 13:22:18'),
(7,3,'en','Emily S','Social Media Specialist','I had the pleasure of taking a course on social media marketing taught by Instructor Their expertise in the field was evident  and their passion','2024-06-04 13:24:22','2024-06-04 13:25:50'),
(10,4,'en','Alex J','Marketing Specialist','This platform has completely transformed my learning experience. The courses are well-structured, the content is top-notch, and the instructors are truly experts in their fields.','2024-06-04 13:24:22','2024-06-04 13:25:50'),
(21,1,'id','Sarah K','Marketing Manager','I was hesitant about online learning at first, but this platform has completely changed my mind. The courses are well-organized and informative,','2025-03-11 09:25:32','2025-03-11 09:25:32'),
(22,2,'id','David L','Accountant','I took the \'Excel for Beginners\' course and was amazed at how much I learned in such a short time. The instructor explained everything clearly','2025-03-11 09:25:32','2025-03-11 09:25:32'),
(23,3,'id','Emily S','Social Media Specialist','I had the pleasure of taking a course on social media marketing taught by Instructor Their expertise in the field was evident  and their passion','2025-03-11 09:25:32','2025-03-11 09:25:32'),
(24,4,'id','Alex J','Marketing Specialist','This platform has completely transformed my learning experience. The courses are well-structured, the content is top-notch, and the instructors are truly experts in their fields.','2025-03-11 09:25:32','2025-03-11 09:25:32');

/*Table structure for table `testimonials` */


CREATE TABLE `testimonials` (
  `id` bigint(20) unsigned NOT NULL AUTO_INCREMENT,
  `image` varchar(255) DEFAULT NULL,
  `rating` varchar(255) DEFAULT '0',
  `status` tinyint(1) NOT NULL DEFAULT '1',
  `created_at` timestamp NULL DEFAULT NULL,
  `updated_at` timestamp NULL DEFAULT NULL,
  PRIMARY KEY (`id`)
) ENGINE=InnoDB AUTO_INCREMENT=5 DEFAULT CHARSET=utf8mb4;

/*Data for the table `testimonials` */

insert  into `testimonials`(`id`,`image`,`rating`,`status`,`created_at`,`updated_at`) values 
(1,'uploads/custom-images/wsus-img-2024-06-04-12-19-56-7270.png','5',1,'2024-06-04 13:18:56','2024-06-04 13:19:56'),
(2,'uploads/custom-images/wsus-img-2024-06-04-12-22-18-3978.png','4',1,'2024-06-04 13:22:18','2024-06-04 13:22:18'),
(3,'uploads/custom-images/wsus-img-2024-06-04-12-24-22-2171.png','5',1,'2024-06-04 13:24:22','2024-06-04 13:24:22'),
(4,'uploads/custom-images/wsus-img-2024-06-04-12-24-22-2172.png','5',1,'2024-06-04 13:24:22','2024-06-04 13:24:22');

/*Table structure for table `user_education` */


CREATE TABLE `user_education` (
  `id` bigint(20) unsigned NOT NULL AUTO_INCREMENT,
  `user_id` bigint(20) unsigned NOT NULL,
  `organization` varchar(255) DEFAULT NULL,
  `degree` varchar(255) DEFAULT NULL,
  `start_date` date DEFAULT NULL,
  `end_date` date DEFAULT NULL,
  `current` tinyint(4) DEFAULT NULL,
  `created_at` timestamp NULL DEFAULT NULL,
  `updated_at` timestamp NULL DEFAULT NULL,
  PRIMARY KEY (`id`)
) ENGINE=InnoDB AUTO_INCREMENT=37 DEFAULT CHARSET=utf8mb4;

/*Data for the table `user_education` */

insert  into `user_education`(`id`,`user_id`,`organization`,`degree`,`start_date`,`end_date`,`current`,`created_at`,`updated_at`) values 
(1,1001,'Complied Master from Stanford University','Masters','2024-06-06','2024-06-06',1,'2024-06-06 08:18:53','2024-06-06 08:18:53'),
(2,1001,'Complied Bachelor from Oxford University','Bachelor','2024-06-06','2024-06-06',NULL,'2024-06-06 08:18:53','2024-06-06 08:18:53'),
(3,1001,'Complied Phd from Nevada University','Phd','2024-06-06','2024-06-06',NULL,'2024-06-06 08:18:53','2024-06-06 08:18:53'),
(4,1001,'Complied Master from UA University','Master','2024-06-06','2024-06-06',NULL,'2024-06-06 08:18:53','2024-06-06 08:18:53'),
(5,1002,'Complied Master from Stanford University','Masters','2024-06-06','2024-06-06',1,'2024-06-06 08:18:53','2024-06-06 08:18:53'),
(6,1002,'Complied Bachelor from Oxford University','Bachelor','2024-06-06','2024-06-06',NULL,'2024-06-06 08:18:53','2024-06-06 08:18:53'),
(7,1002,'Complied Phd from Nevada University','Phd','2024-06-06','2024-06-06',NULL,'2024-06-06 08:18:53','2024-06-06 08:18:53'),
(8,1002,'Complied Master from UA University','Master','2024-06-06','2024-06-06',NULL,'2024-06-06 08:18:53','2024-06-06 08:18:53'),
(9,1003,'Complied Master from Stanford University','Masters','2024-06-06','2024-06-06',1,'2024-06-06 08:18:53','2024-06-06 08:18:53'),
(10,1003,'Complied Bachelor from Oxford University','Bachelor','2024-06-06','2024-06-06',NULL,'2024-06-06 08:18:53','2024-06-06 08:18:53'),
(11,1003,'Complied Phd from Nevada University','Phd','2024-06-06','2024-06-06',NULL,'2024-06-06 08:18:53','2024-06-06 08:18:53'),
(12,1003,'Complied Master from UA University','Master','2024-06-06','2024-06-06',NULL,'2024-06-06 08:18:53','2024-06-06 08:18:53'),
(13,1004,'Complied Master from Stanford University','Masters','2024-06-06','2024-06-06',1,'2024-06-06 08:18:53','2024-06-06 08:18:53'),
(14,1004,'Complied Bachelor from Oxford University','Bachelor','2024-06-06','2024-06-06',NULL,'2024-06-06 08:18:53','2024-06-06 08:18:53'),
(15,1004,'Complied Phd from Nevada University','Phd','2024-06-06','2024-06-06',NULL,'2024-06-06 08:18:53','2024-06-06 08:18:53'),
(16,1004,'Complied Master from UA University','Master','2024-06-06','2024-06-06',NULL,'2024-06-06 08:18:53','2024-06-06 08:18:53'),
(17,1005,'Complied Master from Stanford University','Masters','2024-06-06','2024-06-06',1,'2024-06-06 08:18:53','2024-06-06 08:18:53'),
(18,1005,'Complied Bachelor from Oxford University','Bachelor','2024-06-06','2024-06-06',NULL,'2024-06-06 08:18:53','2024-06-06 08:18:53'),
(19,1005,'Complied Phd from Nevada University','Phd','2024-06-06','2024-06-06',NULL,'2024-06-06 08:18:53','2024-06-06 08:18:53'),
(20,1005,'Complied Master from UA University','Master','2024-06-06','2024-06-06',NULL,'2024-06-06 08:18:53','2024-06-06 08:18:53'),
(21,1006,'Complied Master from Stanford University','Masters','2024-06-06','2024-06-06',1,'2024-06-06 08:18:53','2024-06-06 08:18:53'),
(22,1006,'Complied Bachelor from Oxford University','Bachelor','2024-06-06','2024-06-06',NULL,'2024-06-06 08:18:53','2024-06-06 08:18:53'),
(23,1006,'Complied Phd from Nevada University','Phd','2024-06-06','2024-06-06',NULL,'2024-06-06 08:18:53','2024-06-06 08:18:53'),
(24,1006,'Complied Master from UA University','Master','2024-06-06','2024-06-06',NULL,'2024-06-06 08:18:53','2024-06-06 08:18:53'),
(25,1009,'Complied Master from Stanford University','Masters','2024-06-06','2024-06-06',1,'2024-06-06 08:18:53','2024-06-06 08:18:53'),
(26,1009,'Complied Bachelor from Oxford University','Bachelor','2024-06-06','2024-06-06',NULL,'2024-06-06 08:18:53','2024-06-06 08:18:53'),
(27,1009,'Complied Phd from Nevada University','Phd','2024-06-06','2024-06-06',NULL,'2024-06-06 08:18:53','2024-06-06 08:18:53'),
(28,1009,'Complied Master from UA University','Master','2024-06-06','2024-06-06',NULL,'2024-06-06 08:18:53','2024-06-06 08:18:53'),
(29,1011,'Complied Master from Stanford University','Masters','2024-06-06','2024-06-06',1,'2024-06-06 08:18:53','2024-06-06 08:18:53'),
(30,1011,'Complied Bachelor from Oxford University','Bachelor','2024-06-06','2024-06-06',NULL,'2024-06-06 08:18:53','2024-06-06 08:18:53'),
(31,1011,'Complied Phd from Nevada University','Phd','2024-06-06','2024-06-06',NULL,'2024-06-06 08:18:53','2024-06-06 08:18:53'),
(32,1011,'Complied Master from UA University','Master','2024-06-06','2024-06-06',NULL,'2024-06-06 08:18:53','2024-06-06 08:18:53'),
(33,1012,'Complied Master from Stanford University','Masters','2024-06-06','2024-06-06',1,'2024-06-06 08:18:53','2024-06-06 08:18:53'),
(34,1012,'Complied Bachelor from Oxford University','Bachelor','2024-06-06','2024-06-06',NULL,'2024-06-06 08:18:53','2024-06-06 08:18:53'),
(35,1012,'Complied Phd from Nevada University','Phd','2024-06-06','2024-06-06',NULL,'2024-06-06 08:18:53','2024-06-06 08:18:53'),
(36,1012,'Complied Master from UA University','Master','2024-06-06','2024-06-06',NULL,'2024-06-06 08:18:53','2024-06-06 08:18:53');

/*Table structure for table `user_experiences` */


CREATE TABLE `user_experiences` (
  `id` bigint(20) unsigned NOT NULL AUTO_INCREMENT,
  `user_id` bigint(20) unsigned NOT NULL,
  `company` varchar(255) DEFAULT NULL,
  `position` varchar(255) DEFAULT NULL,
  `start_date` date DEFAULT NULL,
  `end_date` date DEFAULT NULL,
  `current` tinyint(3) unsigned zerofill DEFAULT NULL,
  `created_at` timestamp NULL DEFAULT NULL,
  `updated_at` timestamp NULL DEFAULT NULL,
  PRIMARY KEY (`id`)
) ENGINE=InnoDB AUTO_INCREMENT=37 DEFAULT CHARSET=utf8mb4;

/*Data for the table `user_experiences` */

insert  into `user_experiences`(`id`,`user_id`,`company`,`position`,`start_date`,`end_date`,`current`,`created_at`,`updated_at`) values 
(1,1001,'Google','Developer','2023-06-06','2024-06-06',001,'2024-06-06 08:18:53','2024-06-06 08:18:53'),
(2,1001,'Amazon','Developer','2022-06-06','2023-06-06',NULL,'2024-06-06 08:18:53','2024-06-06 08:18:53'),
(3,1001,'Microsoft','Developer','2021-06-06','2022-06-06',NULL,'2024-06-06 08:18:53','2024-06-06 08:18:53'),
(4,1001,'Apple','Developer','2020-06-06','2021-06-06',NULL,'2024-06-06 08:18:53','2024-06-06 08:18:53'),
(5,1002,'Google','Developer','2023-06-06','2024-06-06',001,'2024-06-06 08:18:53','2024-06-06 08:18:53'),
(6,1002,'Amazon','Developer','2022-06-06','2023-06-06',NULL,'2024-06-06 08:18:53','2024-06-06 08:18:53'),
(7,1002,'Microsoft','Developer','2021-06-06','2022-06-06',NULL,'2024-06-06 08:18:53','2024-06-06 08:18:53'),
(8,1002,'Apple','Developer','2020-06-06','2021-06-06',NULL,'2024-06-06 08:18:53','2024-06-06 08:18:53'),
(9,1003,'Google','Developer','2023-06-06','2024-06-06',001,'2024-06-06 08:18:53','2024-06-06 08:18:53'),
(10,1003,'Amazon','Developer','2022-06-06','2023-06-06',NULL,'2024-06-06 08:18:53','2024-06-06 08:18:53'),
(11,1003,'Microsoft','Developer','2021-06-06','2022-06-06',NULL,'2024-06-06 08:18:53','2024-06-06 08:18:53'),
(12,1003,'Apple','Developer','2020-06-06','2021-06-06',NULL,'2024-06-06 08:18:53','2024-06-06 08:18:53'),
(13,1004,'Google','Developer','2023-06-06','2024-06-06',001,'2024-06-06 08:18:53','2024-06-06 08:18:53'),
(14,1004,'Amazon','Developer','2022-06-06','2023-06-06',NULL,'2024-06-06 08:18:53','2024-06-06 08:18:53'),
(15,1004,'Microsoft','Developer','2021-06-06','2022-06-06',NULL,'2024-06-06 08:18:53','2024-06-06 08:18:53'),
(16,1004,'Apple','Developer','2020-06-06','2021-06-06',NULL,'2024-06-06 08:18:53','2024-06-06 08:18:53'),
(17,1005,'Google','Developer','2023-06-06','2024-06-06',001,'2024-06-06 08:18:53','2024-06-06 08:18:53'),
(18,1005,'Amazon','Developer','2022-06-06','2023-06-06',NULL,'2024-06-06 08:18:53','2024-06-06 08:18:53'),
(19,1005,'Microsoft','Developer','2021-06-06','2022-06-06',NULL,'2024-06-06 08:18:53','2024-06-06 08:18:53'),
(20,1005,'Apple','Developer','2020-06-06','2021-06-06',NULL,'2024-06-06 08:18:53','2024-06-06 08:18:53'),
(21,1006,'Google','Developer','2023-06-06','2024-06-06',001,'2024-06-06 08:18:53','2024-06-06 08:18:53'),
(22,1006,'Amazon','Developer','2022-06-06','2023-06-06',NULL,'2024-06-06 08:18:53','2024-06-06 08:18:53'),
(23,1006,'Microsoft','Developer','2021-06-06','2022-06-06',NULL,'2024-06-06 08:18:53','2024-06-06 08:18:53'),
(24,1006,'Apple','Developer','2020-06-06','2021-06-06',NULL,'2024-06-06 08:18:53','2024-06-06 08:18:53'),
(25,1009,'Google','Developer','2023-06-06','2024-06-06',001,'2024-06-06 08:18:53','2024-06-06 08:18:53'),
(26,1009,'Amazon','Developer','2022-06-06','2023-06-06',NULL,'2024-06-06 08:18:53','2024-06-06 08:18:53'),
(27,1009,'Microsoft','Developer','2021-06-06','2022-06-06',NULL,'2024-06-06 08:18:53','2024-06-06 08:18:53'),
(28,1009,'Apple','Developer','2020-06-06','2021-06-06',NULL,'2024-06-06 08:18:53','2024-06-06 08:18:53'),
(29,1011,'Google','Developer','2023-06-06','2024-06-06',001,'2024-06-06 08:18:53','2024-06-06 08:18:53'),
(30,1011,'Amazon','Developer','2022-06-06','2023-06-06',NULL,'2024-06-06 08:18:53','2024-06-06 08:18:53'),
(31,1011,'Microsoft','Developer','2021-06-06','2022-06-06',NULL,'2024-06-06 08:18:53','2024-06-06 08:18:53'),
(32,1011,'Apple','Developer','2020-06-06','2021-06-06',NULL,'2024-06-06 08:18:53','2024-06-06 08:18:53'),
(33,1012,'Google','Developer','2023-06-06','2024-06-06',001,'2024-06-06 08:18:53','2024-06-06 08:18:53'),
(34,1012,'Amazon','Developer','2022-06-06','2023-06-06',NULL,'2024-06-06 08:18:53','2024-06-06 08:18:53'),
(35,1012,'Microsoft','Developer','2021-06-06','2022-06-06',NULL,'2024-06-06 08:18:53','2024-06-06 08:18:53'),
(36,1012,'Apple','Developer','2020-06-06','2021-06-06',NULL,'2024-06-06 08:18:53','2024-06-06 08:18:53');

/*Table structure for table `user_skill_topics` */


CREATE TABLE `user_skill_topics` (
  `id` bigint(20) unsigned NOT NULL AUTO_INCREMENT,
  `category_id` bigint(20) unsigned NOT NULL,
  `created_at` timestamp NULL DEFAULT NULL,
  `updated_at` timestamp NULL DEFAULT NULL,
  PRIMARY KEY (`id`)
) ENGINE=InnoDB DEFAULT CHARSET=utf8mb4;

/*Table structure for table `withdraw_methods` */


CREATE TABLE `withdraw_methods` (
  `id` bigint(20) unsigned NOT NULL AUTO_INCREMENT,
  `name` varchar(255) NOT NULL,
  `min_amount` decimal(8,2) NOT NULL DEFAULT '0.00',
  `max_amount` decimal(8,2) NOT NULL DEFAULT '0.00',
  `description` text,
  `status` enum('active','inactive') NOT NULL DEFAULT 'active',
  `created_at` timestamp NULL DEFAULT NULL,
  `updated_at` timestamp NULL DEFAULT NULL,
  PRIMARY KEY (`id`)
) ENGINE=InnoDB AUTO_INCREMENT=5 DEFAULT CHARSET=utf8mb4;

/*Data for the table `withdraw_methods` */

insert  into `withdraw_methods`(`id`,`name`,`min_amount`,`max_amount`,`description`,`status`,`created_at`,`updated_at`) values 
(1,'PayPal',50.00,1000.00,'<p>Please provide the necessary information for payment</p>\r\n<ol>\r\n<li>Your payment email</li>\r\n<li>Your Holder name</li>\r\n</ol>','active','2024-06-04 04:47:07','2024-06-04 04:47:07'),
(2,'Stripe',50.00,1000.00,'<p>Please provide the necessary information for payment</p>\r\n<ol>\r\n<li>Your payment email</li>\r\n<li>Your Holder name</li>\r\n</ol>','active','2024-06-04 04:47:35','2024-06-04 04:47:35'),
(3,'Razorpay',50.00,1000.00,'<p>Please provide the necessary information for payment</p>\r\n<ol>\r\n<li>Your payment email</li>\r\n<li>Your Holder name</li>\r\n</ol>','active','2024-06-04 04:48:00','2024-06-04 04:48:00'),
(4,'Bank',50.00,1000.00,'<p>Please provide the necessary information for payment</p>\r\n<ol>\r\n<li>Your Account number</li>\r\n<li>Your branch name</li>\r\n<li>Your routing number</li>\r\n</ol>','active','2024-06-04 04:49:01','2024-06-04 04:49:01');

/*Table structure for table `withdraw_requests` */


CREATE TABLE `withdraw_requests` (
  `id` bigint(20) unsigned NOT NULL AUTO_INCREMENT,
  `user_id` int(11) NOT NULL,
  `method` varchar(255) NOT NULL,
  `current_amount` decimal(8,2) NOT NULL DEFAULT '0.00',
  `withdraw_amount` decimal(8,2) NOT NULL DEFAULT '0.00',
  `account_info` text NOT NULL,
  `status` enum('pending','approved','rejected') NOT NULL DEFAULT 'pending',
  `approved_date` varchar(255) DEFAULT NULL,
  `created_at` timestamp NULL DEFAULT NULL,
  `updated_at` timestamp NULL DEFAULT NULL,
  PRIMARY KEY (`id`)
) ENGINE=InnoDB AUTO_INCREMENT=2 DEFAULT CHARSET=utf8mb4;

/*Data for the table `withdraw_requests` */

insert  into `withdraw_requests`(`id`,`user_id`,`method`,`current_amount`,`withdraw_amount`,`account_info`,`status`,`approved_date`,`created_at`,`updated_at`) values 
(1,1001,'PayPal',220.70,50.00,'My email and holder name is\r\n\r\n1. instructor@gmail.com\r\n2. instructor','approved','2025-03-06','2024-06-10 11:12:55','2025-03-06 08:06:47');

/*Data for the table `zoom_credentials` */

